000
CXUS54 KLZK 201330
CF6FLP
PRELIMINARY LOCAL CLIMATOLOGICAL DATA (WS FORM: F-6)

                                          STATION:   Flippin
                                          MONTH:     SEPTEMBER
                                          YEAR:      2014
                                          LATITUDE:   36 17 N
                                          LONGITUDE:  92 28 W

  TEMPERATURE IN F:       :PCPN:    SNOW:  WIND      :SUNSHINE: SKY     :PK WND
================================================================================
1   2   3   4   5  6A  6B    7    8   9   10  11  12  13   14  15   16   17  18
                                     12Z  AVG MX 2MIN
DY MAX MIN AVG DEP HDD CDD  WTR  SNW DPTH SPD SPD DIR MIN PSBL S-S WX    SPD DR
================================================================================

 1  88  68  78   M   0  13 0.02  0.0    0  4.4  8 160   M    M   4        17 160
 2  77  64  71   M   0   6 0.37  0.0    0  4.1 16 220   M    M   2        23 230
 3  91  64  78   M   0  13 0.00  0.0    0  2.8 10 160   M    M   1         M  M
 4  95  72  84   M   0  19 0.00  0.0    0  3.2  9 220   M    M   1         M  M
 5  95  70  83   M   0  18 0.00  0.0    0  2.6  9 350   M    M   1         M  M
 6  77  63  70   M   0   5 0.00  0.0    0  5.8 10 310   M    M   4         M  M
 7  82  57  70   M   0   5 0.00  0.0    0  2.9  7  90   M    M   1         M  M
 8  84  59  72   M   0   7 0.00  0.0    0  2.2  6 150   M    M   3         M  M
 9  91  66  79   M   0  14 0.00  0.0    0  4.2 10 200   M    M   1        20 190
10  95  73  84   M   0  19 0.47  0.0    0  7.6 15 220   M    M   3 3      24 180
11  73  61  67   M   0   2 0.33  0.0    0  5.6 12  30   M    M  10         M  M
12  63  54  59   M   6   0 0.00  0.0    0  6.9 10  20   M    M  10         M  M
13  66  52  59   M   6   0 0.00  0.0    0  4.8  9  30   M    M   5         M  M
14  75  48  62   M   3   0 0.00  0.0    0  1.7  6 120   M    M   0         M  M
15  79  61  70   M   0   5 0.00  0.0    0  2.4  6 240   M    M   1         M  M
16  68  64  66   M   0   1 0.00  0.0    0  2.7  7  80   M    M   9         M  M
17  70  63  67   M   0   2 0.00  0.0    0  1.8  5  70   M    M   8 3       M  M
18  66  63  65   M   0   0 0.00  0.0    0  3.4  7  70   M    M  10         M  M
19  81  61  71   M   0   6 0.00  0.0    0  1.9  7 130   M    M   3         M  M
================================================================================
SM 1516 1183        15 135  1.19     0.0  71.0          M       77
================================================================================
AV 79.8 62.3                               3.7 FASTST   M    M   4    MAX(MPH)
                                 MISC ---->    16   M                 24    M
================================================================================
NOTES:
# LAST OF SEVERAL OCCURRENCES

COLUMN 17 PEAK WIND IN M.P.H.

PRELIMINARY LOCAL CLIMATOLOGICAL DATA (WS FORM: F-6) , PAGE 2

                                          STATION:  Flippin
                                          MONTH:    SEPTEMBER
                                          YEAR:     2014
                                          LATITUDE:   36 17 N
                                          LONGITUDE:  92 28 W

[TEMPERATURE DATA]      [PRECIPITATION DATA]       SYMBOLS USED IN COLUMN 16

AVERAGE MONTHLY: 71.0   TOTAL FOR MONTH:   1.19    1 = FOG OR MIST
DPTR FM NORMAL:     M   DPTR FM NORMAL:       M    2 = FOG REDUCING VISIBILITY
HIGHEST:    95 ON 10, 5 GRTST 24HR  0.47 ON 10-10      TO 1/4 MILE OR LESS
LOWEST:     48 ON 14                               3 = THUNDER
                        SNOW, ICE PELLETS, HAIL    4 = ICE PELLETS
                        TOTAL MONTH:   0.0 INCH    5 = HAIL
                        GRTST 24HR     0.0         6 = FREEZING RAIN OR DRIZZLE
                        GRTST DEPTH:   0           7 = DUSTSTORM OR SANDSTORM:
                                                       VSBY 1/2 MILE OR LESS
                                                   8 = SMOKE OR HAZE
[NO. OF DAYS WITH]      [WEATHER - DAYS WITH]      9 = BLOWING SNOW
                                                   X = TORNADO
MAX 32 OR BELOW:   0    0.01 INCH OR MORE:   4
MAX 90 OR ABOVE:   5    0.10 INCH OR MORE:   3
MIN 32 OR BELOW:   0    0.50 INCH OR MORE:   0
MIN  0 OR BELOW:   0    1.00 INCH OR MORE:   0

[HDD (BASE 65) ]
TOTAL THIS MO.    15    CLEAR  (SCALE 0-3)  10
DPTR FM NORMAL     M    PTCLDY (SCALE 4-7)   5
TOTAL FM JUL 1    15    CLOUDY (SCALE 8-10)  4
DPTR FM NORMAL     M

[CDD (BASE 65) ]
TOTAL THIS MO.   135
DPTR FM NORMAL     M    [PRESSURE DATA]
TOTAL FM JAN 1  1382    HIGHEST SLP M ON M
DPTR FM NORMAL     M    LOWEST  SLP M ON M

[REMARKS]
