000
CXUS55 KBOU 271104
CF6FNL
PRELIMINARY LOCAL CLIMATOLOGICAL DATA (WS FORM: F-6)

                                          STATION:   FT COLLINS/LOVELAND CO
                                          MONTH:     JULY
                                          YEAR:      2014
                                          LATITUDE:   40 27 N
                                          LONGITUDE: 105  1 W

  TEMPERATURE IN F:       :PCPN:    SNOW:  WIND      :SUNSHINE: SKY     :PK WND
================================================================================
1   2   3   4   5  6A  6B    7    8   9   10  11  12  13   14  15   16   17  18
                                     12Z  AVG MX 2MIN
DY MAX MIN AVG DEP HDD CDD  WTR  SNW DPTH SPD SPD DIR MIN PSBL S-S WX    SPD DR
================================================================================

 1  79  54  67   M   0   2    M    M    M  5.6 12  50   M    M   1        16 170
 2  82  54  68   M   0   3    M    M    M  8.0 14 110   M    M   1        17 120
 3  88  52  70   M   0   5    M    M    M  5.2 10  90   M    M   0         M  M
 4  91  61  76   M   0  11    M    M    M  7.3 18 250   M    M   0        54 190
 5  95  54  75   M   0  10    M    M    M  5.3 14 230   M    M   0        41  20
 6  97  59  78   M   0  13    M    M    M  5.3 16  80   M    M   0 3      21  80
 7  97  57  77   M   0  12    M    M    M  4.9  8  10   M    M   0         M  M
 8  82  63  73   M   0   8    M    M    M  7.7 14 150   M    M   4        18 150
 9  88  57  73   M   0   8    M    M    M  5.4 13 130   M    M   0         M  M
10  95  57  76   M   0  11    M    M    M  7.3 18 360   M    M   1        25 360
11  90  64  77   M   0  12    M    M    M  5.5 16 350   M    M   1 3       M  M
12  81  61  71   M   0   6    M    M    M  5.2 10 340   M    M   1 3       M  M
13  88  59  74   M   0   9    M    M    M  5.0 12  50   M    M   0 3      17  20
14  84  57  71   M   0   6    M    M    M  7.3 15  90   M    M   1 3      21 130
15  77  57  67   M   0   2    M    M    M  7.6 12  20   M    M   1 3       M  M
16  72  55  64   M   1   0    M    M    M  5.3 13  40   M    M   4 3      21  40
17  79  57  68   M   0   3    M    M    M  5.0 12 100   M    M   2         M  M
18  90  55  73   M   0   8    M    M    M  3.3 10 240   M    M   0 3      17 240
19  97  57  77   M   0  12    M    M    M  5.2 12 130   M    M   0 3       M  M
20  99  61  80   M   0  15    M    M    M  4.7 13  90   M    M   0 3      16 120
21  99  61  80   M   0  15    M    M    M  4.8 17 350   M    M   0         M  M
22  93  61  77   M   0  12    M    M    M  6.5 10  10   M    M   0        17  70
23  90  63  77   M   0  12    M    M    M  8.5 20 190   M    M   1        27 190
24  99  61  80   M   0  15    M    M    M  6.2 17 180   M    M   0 3       M  M
25  97  61  79   M   0  14    M    M    M  8.3 13 150   M    M   0 3       M  M
26  84  57  71   M   0   6    M    M    M  5.8 14 180   M    M   0        20 180
================================================================================
SM 2313 1515         1 230    M     M    156.2          M       18
================================================================================
AV 89.0 58.3                               6.0 FASTST   M    M   1    MAX(MPH)
                                 MISC ---->    20   M                 54    M
================================================================================
NOTES:
# LAST OF SEVERAL OCCURRENCES

COLUMN 17 PEAK WIND IN M.P.H.

PRELIMINARY LOCAL CLIMATOLOGICAL DATA (WS FORM: F-6) , PAGE 2

                                          STATION:  FT COLLINS/LOVELAND CO
                                          MONTH:    JULY
                                          YEAR:     2014
                                          LATITUDE:   40 27 N
                                          LONGITUDE: 105  1 W

[TEMPERATURE DATA]      [PRECIPITATION DATA]       SYMBOLS USED IN COLUMN 16

AVERAGE MONTHLY: 73.6   TOTAL FOR MONTH:      M    1 = FOG OR MIST
DPTR FM NORMAL:     M   DPTR FM NORMAL:       M    2 = FOG REDUCING VISIBILITY
HIGHEST:    99 ON 24,21 GRTST 24HR    M  ON   M        TO 1/4 MILE OR LESS
LOWEST:     52 ON  3                               3 = THUNDER
                        SNOW, ICE PELLETS, HAIL    4 = ICE PELLETS
                        TOTAL MONTH:    M          5 = HAIL
                        GRTST 24HR    M  ON   M    6 = FREEZING RAIN OR DRIZZLE
                        GRTST DEPTH:  M  ON   M    7 = DUSTSTORM OR SANDSTORM:
                                                       VSBY 1/2 MILE OR LESS
                                                   8 = SMOKE OR HAZE
[NO. OF DAYS WITH]      [WEATHER - DAYS WITH]      9 = BLOWING SNOW
                                                   X = TORNADO
MAX 32 OR BELOW:   0    0.01 INCH OR MORE:   0
MAX 90 OR ABOVE:  14    0.10 INCH OR MORE:   0
MIN 32 OR BELOW:   0    0.50 INCH OR MORE:   0
MIN  0 OR BELOW:   0    1.00 INCH OR MORE:   0

[HDD (BASE 65) ]
TOTAL THIS MO.     1    CLEAR  (SCALE 0-3)  24
DPTR FM NORMAL     M    PTCLDY (SCALE 4-7)   2
TOTAL FM JUL 1     1    CLOUDY (SCALE 8-10)  0
DPTR FM NORMAL     M

[CDD (BASE 65) ]
TOTAL THIS MO.   230
DPTR FM NORMAL     M    [PRESSURE DATA]
TOTAL FM JAN 1   339    HIGHEST SLP M ON M
DPTR FM NORMAL     M    LOWEST  SLP M ON M

[REMARKS]
