000
CXUS53 KDTX 300800
CF6FNT
PRELIMINARY LOCAL CLIMATOLOGICAL DATA (WS FORM: F-6)

                                          STATION:   FLINT MI
                                          MONTH:     APRIL
                                          YEAR:      2016
                                          LATITUDE:   42 58 N
                                          LONGITUDE:  83 44 W

  TEMPERATURE IN F:       :PCPN:    SNOW:  WIND      :SUNSHINE: SKY     :PK WND
================================================================================
1   2   3   4   5  6A  6B    7    8   9   10  11  12  13   14  15   16   17  18
                                     12Z  AVG MX 2MIN
DY MAX MIN AVG DEP HDD CDD  WTR  SNW DPTH SPD SPD DIR MIN PSBL S-S WX    SPD DR
================================================================================

 1  51  38  45   4  20   0    T  0.0    0 13.4 25 270   M    M   7        30 270
 2  40  25  33  -8  32   0 0.15  1.0    T 11.3 26 340   M    M   8 128    33 330
 3  46  20  33  -9  32   0 0.11  0.1    1 10.2 18 130   M    M   6        24 130
 4  37  24  31 -11  34   0    T    T    0 13.3 22  40   M    M   8 8      28  30
 5  42  21  32 -10  33   0 0.00  0.0    0  5.5 16 180   M    M   1        22 180
 6  50  34  42  -1  23   0 0.28  0.3    0 11.5 23 170   M    M  10 18     32 160
 7  43  33  38  -5  27   0 0.02  0.3    0 12.0 20 310   M    M  10 8      25 310
 8  44  28  36  -8  29   0    T    T    T 11.5 23  30   M    M   5 8      29  40
 9  36  26  31 -13  34   0 0.20  2.0    1 10.4 25  20   M    M   7 8      32  20
10  42  26  34 -10  31   0 0.60  3.1    T 12.8 23 170   M    M   9 1468   30 160
11  59  35  47   2  18   0 0.05  0.0    0 12.7 31 270   M    M   4 18     36 270
12  50  33  42  -3  23   0 0.00  0.0    0  9.3 18 310   M    M   4        27 330
13  55  32  44  -2  21   0 0.00  0.0    0  6.2 13 170   M    M   5        17 120
14  60  31  46   0  19   0 0.00  0.0    0  6.9 15  80   M    M   0        23 130
15  72  32  52   6  13   0 0.00  0.0    0  6.3 16 130   M    M   0        19 130
16  77  41  59  12   6   0 0.00  0.0    0  6.0 16 100   M    M   0        19 120
17  82  40  61  14   4   0 0.00  0.0    0  2.3 12  70   M    M   0        13  80
18  82  43  63  15   2   0 0.00  0.0    0  7.4 21 290   M    M   0        23 280
19  65  45  55   7  10   0 0.00  0.0    0 11.4 17  50   M    M   3        21  80
20  68  38  53   5  12   0 0.00  0.0    0  9.7 18 120   M    M   2        24 140
21  65  52  59  10   6   0 0.14  0.0    0  6.9 16 180   M    M   9 18     23 210
22  59  42  51   2  14   0 0.00  0.0    0 10.1 18  10   M    M   9 128    22 360
23  59  36  48  -1  17   0 0.00  0.0    0  6.6 15  50   M    M   0        20  70
24  66  35  51   1  14   0 0.00  0.0    0  6.6 15 100   M    M   2        19  90
25  76  49  63  13   2   0 0.36  0.0    0  9.1 20 360   M    M   5 13     26 330
26  54  39  47  -3  18   0    T  0.0    0  9.8 17 350   M    M   9 138    23  50
27  62  31  47  -4  18   0 0.00  0.0    0  8.5 18  80   M    M   0        26  80
28  51  41  46  -5  19   0 0.05  0.0    0 11.0 17  70   M    M   8        25  90
29  54  39  47  -4  18   0 0.01  0.0    0  5.7 15  30   M    M   9        19  30
================================================================================
SM 1647 1009       549   0  1.97     6.8 264.4          M      140
================================================================================
AV 56.8 34.8                               9.1 FASTST   M    M   5    MAX(MPH)
                                 MISC ---->  # 31 270               # 36  270
================================================================================
NOTES:
# LAST OF SEVERAL OCCURRENCES

COLUMN 17 PEAK WIND IN M.P.H.

PRELIMINARY LOCAL CLIMATOLOGICAL DATA (WS FORM: F-6) , PAGE 2

                                          STATION:  FLINT MI
                                          MONTH:    APRIL
                                          YEAR:     2016
                                          LATITUDE:   42 58 N
                                          LONGITUDE:  83 44 W

[TEMPERATURE DATA]      [PRECIPITATION DATA]       SYMBOLS USED IN COLUMN 16

AVERAGE MONTHLY: 45.8   TOTAL FOR MONTH:   1.97    1 = FOG OR MIST
DPTR FM NORMAL:  -0.5   DPTR FM NORMAL:   -0.82    2 = FOG REDUCING VISIBILITY
HIGHEST:    82 ON 18,17 GRTST 24HR  0.67 ON 31- 1      TO 1/4 MILE OR LESS
LOWEST:     20 ON  3                               3 = THUNDER
                        SNOW, ICE PELLETS, HAIL    4 = ICE PELLETS
                        TOTAL MONTH:   6.8 INCHES  5 = HAIL
                        GRTST 24HR   3.1 ON   M    6 = FREEZING RAIN OR DRIZZLE
                        GRTST DEPTH:   1 ON  9, 3  7 = DUSTSTORM OR SANDSTORM:
                                                       VSBY 1/2 MILE OR LESS
                                                   8 = SMOKE OR HAZE
[NO. OF DAYS WITH]      [WEATHER - DAYS WITH]      9 = BLOWING SNOW
                                                   X = TORNADO
MAX 32 OR BELOW:   0    0.01 INCH OR MORE:  11
MAX 90 OR ABOVE:   0    0.10 INCH OR MORE:   7
MIN 32 OR BELOW:  11    0.50 INCH OR MORE:   1
MIN  0 OR BELOW:   0    1.00 INCH OR MORE:   0

[HDD (BASE 65) ]
TOTAL THIS MO.   549    CLEAR  (SCALE 0-3)  11
DPTR FM NORMAL     0    PTCLDY (SCALE 4-7)  10
TOTAL FM JUL 1  5133    CLOUDY (SCALE 8-10)  8
DPTR FM NORMAL -1461

[CDD (BASE 65) ]
TOTAL THIS MO.     0
DPTR FM NORMAL     0    [PRESSURE DATA]
TOTAL FM JAN 1     1    HIGHEST SLP M ON M
DPTR FM NORMAL     1    LOWEST  SLP 29.40 ON  7

[REMARKS]
