000
CXUS55 KFSD 270905
CF6FSD
PRELIMINARY LOCAL CLIMATOLOGICAL DATA (WS FORM: F-6)

                                          STATION:   SIOUX FALLS
                                          MONTH:     MAY
                                          YEAR:      2017
                                          LATITUDE:   43 34 N
                                          LONGITUDE:  96 44 W

  TEMPERATURE IN F:       :PCPN:    SNOW:  WIND      :SUNSHINE: SKY     :PK WND
================================================================================
1   2   3   4   5  6A  6B    7    8   9   10  11  12  13   14  15   16   17  18
                                     12Z  AVG MX 2MIN
DY MAX MIN AVG DEP HDD CDD  WTR  SNW DPTH SPD SPD DIR MIN PSBL S-S WX    SPD DR
================================================================================

 1  54  33  44  -9  21   0 0.32  2.2    2 13.4 25  10   M    M   9 1      30 340
 2  64  31  48  -5  17   0 0.00  0.0    0  4.4 10 310   M    M   4        13 200
 3  62  38  50  -4  15   0 0.22  0.0    0  4.8 23 320   M    M   7 3      30 320
 4  70  37  54   0  11   0 0.00  0.0    0  6.2 18 350   M    M   3 1      24 360
 5  78  39  59   5   6   0 0.00  0.0    0  5.9 15 300   M    M   2        22 280
 6  78  40  59   4   6   0 0.00  0.0    0  1.9  9  90   M    M   1        12 100
 7  82  46  64   9   1   0 0.00  0.0    0 11.7 21 160   M    M   1        25 150
 8  83  57  70  14   0   5 0.00  0.0    0 14.2 25 290   M    M   6        35 290
 9  71  48  60   4   5   0    T  0.0    0  8.8 22  30   M    M   6        28  30
10  67  47  57   1   8   0 0.02  0.0    0  5.5 17 350   M    M   8        23 340
11  69  38  54  -2  11   0 0.00  0.0    0  9.6 24 360   M    M   1        32 360
12  79  40  60   3   5   0 0.00  0.0    0  5.0 13 270   M    M   2        19 250
13  80  52  66   9   0   1 0.00  0.0    0 13.2 26 170   M    M   2        34 170
14  85  59  72  15   0   7 0.00  0.0    0  7.6 17 190   M    M   3        22 180
15  80  58  69  11   0   4 0.55  0.0    0  8.1 24  50   M    M   6 13     33  50
16  82  63  73  15   0   8 0.20  0.0    0 10.2 24 200   M    M   6 13     32 190
17  66  53  60   2   5   0 1.08  0.0    0  9.9 32 180   M    M   9 13     43 180
18  55  49  52  -7  13   0 0.00  0.0    0 15.8 26 350   M    M  10        33 340
19  53  44  49 -10  16   0 0.05  0.0    0 15.8 26  60   M    M   8 18     33  60
20  46  41  44 -15  21   0 0.66  0.0    0 13.7 21  60   M    M  10 1      26  70
21  60  36  48 -12  17   0 0.01  0.0    0 15.0 25 320   M    M   7        35 290
22  65  48  57  -3   8   0    T  0.0    0  9.3 25 340   M    M   7        29 330
23  58  47  53  -7  12   0 0.05  0.0    0 13.4 30 350   M    M   9 1      36 350
24  65  43  54  -7  11   0 0.00  0.0    0  7.0 15 120   M    M   6 1      20 120
25  72  50  61   0   4   0    T  0.0    0 12.9 31 170   M    M   4        43 190
26  74  47  61   0   4   0 0.00  0.0    0  7.8 21 310   M    M   4        27 340
================================================================================
SM 1798 1184       217  25  3.16     2.2 251.1          M      141
================================================================================
AV 69.2 45.5                               9.7 FASTST   M    M   5    MAX(MPH)
                                 MISC ---->  # 32 180               # 43  180
================================================================================
NOTES:
# LAST OF SEVERAL OCCURRENCES

COLUMN 17 PEAK WIND IN M.P.H.

PRELIMINARY LOCAL CLIMATOLOGICAL DATA (WS FORM: F-6) , PAGE 2

                                          STATION:  SIOUX FALLS
                                          MONTH:    MAY
                                          YEAR:     2017
                                          LATITUDE:   43 34 N
                                          LONGITUDE:  96 44 W

[TEMPERATURE DATA]      [PRECIPITATION DATA]       SYMBOLS USED IN COLUMN 16

AVERAGE MONTHLY: 57.4   TOTAL FOR MONTH:   3.16    1 = FOG OR MIST
DPTR FM NORMAL:   0.2   DPTR FM NORMAL:    0.35    2 = FOG REDUCING VISIBILITY
HIGHEST:    85 ON 14    GRTST 24HR  1.38 ON 30- 1      TO 1/4 MILE OR LESS
LOWEST:     31 ON  2                               3 = THUNDER
                        SNOW, ICE PELLETS, HAIL    4 = ICE PELLETS
                        TOTAL MONTH:   2.2 INCHES  5 = HAIL
                        GRTST 24HR   2.2 ON  1- 1  6 = FREEZING RAIN OR DRIZZLE
                        GRTST DEPTH:   2 ON  1     7 = DUSTSTORM OR SANDSTORM:
                                                       VSBY 1/2 MILE OR LESS
                                                   8 = SMOKE OR HAZE
[NO. OF DAYS WITH]      [WEATHER - DAYS WITH]      9 = BLOWING SNOW
                                                   X = TORNADO
MAX 32 OR BELOW:   0    0.01 INCH OR MORE:  10
MAX 90 OR ABOVE:   0    0.10 INCH OR MORE:   6
MIN 32 OR BELOW:   1    0.50 INCH OR MORE:   3
MIN  0 OR BELOW:   0    1.00 INCH OR MORE:   1

[HDD (BASE 65) ]
TOTAL THIS MO.   217    CLEAR  (SCALE 0-3)   7
DPTR FM NORMAL    -8    PTCLDY (SCALE 4-7)  13
TOTAL FM JUL 1  6407    CLOUDY (SCALE 8-10)  6
DPTR FM NORMAL -1225

[CDD (BASE 65) ]
TOTAL THIS MO.    25
DPTR FM NORMAL     3    [PRESSURE DATA]
TOTAL FM JAN 1    26    HIGHEST SLP M ON M
DPTR FM NORMAL    -1    LOWEST  SLP 29.38 ON 17

[REMARKS]
