000
CXUS51 KCAR 270600
CF6FVE
PRELIMINARY LOCAL CLIMATOLOGICAL DATA (WS FORM: F-6)

                                          STATION:   FRENCHVILLE ME
                                          MONTH:     JULY
                                          YEAR:      2014
                                          LATITUDE:   47 16 N
                                          LONGITUDE:  68 19 W

  TEMPERATURE IN F:       :PCPN:    SNOW:  WIND      :SUNSHINE: SKY     :PK WND
================================================================================
1   2   3   4   5  6A  6B    7    8   9   10  11  12  13   14  15   16   17  18
                                     12Z  AVG MX 2MIN
DY MAX MIN AVG DEP HDD CDD  WTR  SNW DPTH SPD SPD DIR MIN PSBL S-S WX    SPD DR
================================================================================

 1  86  66  76  13   0  11    T    M    M  7.2 18 220   M    M   2 1      23 220
 2  85  69  77  14   0  12 0.00    M    M  9.7 21 250   M    M   3 1      28 230
 3  84  65  75  11   0  10    T    M    M  8.0 21 260   M    M   5        26 250
 4  67  54  61  -3   4   0 0.78    M    M  5.0 15 330   M    M  10 12     20 310
 5  54  48  51 -13  14   0 0.85    M    M 15.1 32 340   M    M   8 1      46 330
 6  69  48  59  -5   6   0 0.07    M    M 11.0 20 260   M    M   5 1      25 280
 7  68  59  64   0   1   0 0.28    M    M  6.7 16 240   M    M   8 1      22 250
 8  79  61  70   6   0   5 0.05    M    M  9.5 21 240   M    M   5 12     27 240
 9  77  63  70   6   0   5 0.03    M    M 13.5 25 230   M    M   1 1      35 230
10  70  53  62  -2   3   0    T    M    M 10.5 28 270   M    M   4        35 260
11  75  48  62  -2   3   0 0.00    M    M  6.4 14 280   M    M   1        17 280
12  78  53  66   1   0   1 0.00    M    M  5.7 16 240   M    M   2        21 230
13  76  56  66   1   0   1 0.20    M    M  9.9 17 160   M    M   4 1      25 150
14  77  61  69   4   0   4 0.03    M    M 10.7 21 260   M    M   3 12     28 260
15  78  55  67   2   0   2 0.03    M    M  6.8 14 270   M    M   3 1      17 150
16  74  63  69   4   0   4 0.89    M    M  7.0 17 270   M    M   9 12     22 260
17  72  56  64  -1   1   0 0.00    M    M  7.9 18 250   M    M   3        26 310
18  74  53  64  -1   1   0 0.00    M    M 10.1 23 280   M    M   2        29 270
19  78  53  66   1   0   1 0.00    M    M  3.9 10 130   M    M   0        13 160
20  75  58  67   2   0   2 0.00    M    M  5.6 12 160   M    M   1        16 150
21  78  62  70   5   0   5 0.00    M    M  5.0 13 170   M    M   4        15 200
22  83  59  71   6   0   6 0.00    M    M  8.5 17 240   M    M   1        24 210
23  78  56  67   2   0   2 0.06    M    M  9.6 20 240   M    M   6 1      27 240
24  68  49  59  -6   6   0 0.00    M    M  7.1 20 350   M    M   0        26 350
25  75  48  62  -3   3   0 0.00    M    M  7.6 18 260   M    M   2        24 270
26  75  57  66   1   0   1 0.02    M    M  8.7 22 240   M    M   4        26 270
================================================================================
SM 1953 1473        42  72  3.29    M    216.7          M       96
================================================================================
AV 75.1 56.7                               8.3 FASTST   M    M   4    MAX(MPH)
                                 MISC ---->  # 32 340               # 46  330
================================================================================
NOTES:
# LAST OF SEVERAL OCCURRENCES

COLUMN 17 PEAK WIND IN M.P.H.

PRELIMINARY LOCAL CLIMATOLOGICAL DATA (WS FORM: F-6) , PAGE 2

                                          STATION:  FRENCHVILLE ME
                                          MONTH:    JULY
                                          YEAR:     2014
                                          LATITUDE:   47 16 N
                                          LONGITUDE:  68 19 W

[TEMPERATURE DATA]      [PRECIPITATION DATA]       SYMBOLS USED IN COLUMN 16

AVERAGE MONTHLY: 65.9   TOTAL FOR MONTH:   3.29    1 = FOG OR MIST
DPTR FM NORMAL:   1.4   DPTR FM NORMAL:   -0.47    2 = FOG REDUCING VISIBILITY
HIGHEST:    86 ON  1    GRTST 24HR  1.04 ON  4- 5      TO 1/4 MILE OR LESS
LOWEST:     48 ON 25,11                            3 = THUNDER
                        SNOW, ICE PELLETS, HAIL    4 = ICE PELLETS
                        TOTAL MONTH:    M          5 = HAIL
                        GRTST 24HR    M  ON   M    6 = FREEZING RAIN OR DRIZZLE
                        GRTST DEPTH:  M  ON   M    7 = DUSTSTORM OR SANDSTORM:
                                                       VSBY 1/2 MILE OR LESS
                                                   8 = SMOKE OR HAZE
[NO. OF DAYS WITH]      [WEATHER - DAYS WITH]      9 = BLOWING SNOW
                                                   X = TORNADO
MAX 32 OR BELOW:   0    0.01 INCH OR MORE:  12
MAX 90 OR ABOVE:   0    0.10 INCH OR MORE:   5
MIN 32 OR BELOW:   0    0.50 INCH OR MORE:   3
MIN  0 OR BELOW:   0    1.00 INCH OR MORE:   0

[HDD (BASE 65) ]
TOTAL THIS MO.    42    CLEAR  (SCALE 0-3)  12
DPTR FM NORMAL   -17    PTCLDY (SCALE 4-7)  12
TOTAL FM JUL 1    42    CLOUDY (SCALE 8-10)  2
DPTR FM NORMAL   -17

[CDD (BASE 65) ]
TOTAL THIS MO.    72
DPTR FM NORMAL    21    [PRESSURE DATA]
TOTAL FM JAN 1    99    HIGHEST SLP M ON M
DPTR FM NORMAL    20    LOWEST  SLP 29.54 ON  5

[REMARKS]
