000
CXUS53 KIWX 230800
CF6FWA
PRELIMINARY LOCAL CLIMATOLOGICAL DATA (WS FORM: F-6)

                                          STATION:   FORT WAYNE
                                          MONTH:     JANUARY
                                          YEAR:      2018
                                          LATITUDE:   41  0 N
                                          LONGITUDE:  85 12 W

  TEMPERATURE IN F:       :PCPN:    SNOW:  WIND      :SUNSHINE: SKY     :PK WND
================================================================================
1   2   3   4   5  6A  6B    7    8   9   10  11  12  13   14  15   16   17  18
                                     12Z  AVG MX 2MIN
DY MAX MIN AVG DEP HDD CDD  WTR  SNW DPTH SPD SPD DIR MIN PSBL S-S WX    SPD DR
================================================================================

 1   5  -8  -1 -27  66   0    T    T    3 13.1 21 260   M    M   5 1      23 270
 2   4 -13  -4 -30  69   0    T    T    3 10.3 18 220   M    M   3        21 220
 3  18  -3   8 -17  57   0    T  0.6    3 13.3 18 220   M    M   9 18     22 220
 4  17  11  14 -11  51   0 0.02  0.9    4  8.9 20 340   M    M  10 1      23 340
 5  12   1   7 -18  58   0    T  0.2    4  8.6 14 260   M    M   9 18     15 260
 6  11  -2   5 -20  60   0    T  0.1    4  5.1  9 270   M    M   6 18     10 280
 7  35  -1  17  -8  48   0 0.01  0.0    4 12.9 20 180   M    M   9 6      24 190
 8  35  30  33   8  32   0 0.20  1.2    3 16.6 23 230   M    M  10 146    30 230
 9  32  30  31   6  34   0 0.00  0.0    2  7.6 15 270   M    M  10 1      17 240
10  55  29  42  17  23   0 0.05    M    1 11.2 21 190   M    M  10 1      27 190
11  59  53  56  31   9   0 0.05  0.0    0 16.5 28 180   M    M  10 1      35 190
12  54  18  36  11  29   0 0.36  0.7    0 18.8 30  10   M    M   9 146    37  10
13  21   9  15 -10  50   0 0.01  0.1    1  8.3 24 350   M    M   7 18     29 360
14  19   4  12 -13  53   0    T    T    1  6.0 16 150   M    M   4        19 160
15  24   8  16  -9  49   0 0.17  2.6    2 11.6 22 260   M    M   9 1      27 260
16  10  -4   3 -22  62   0    T    T    3 10.5 21 260   M    M   7 1      25 270
17  19  -2   9 -16  56   0    T  0.2    3 10.6 20 230   M    M   5 128    23 250
18  27  13  20  -5  45   0 0.00  0.0    2 17.1 22 240   M    M   1        30 240
19  36  22  29   4  36   0 0.00  0.0    2 16.5 22 210   M    M   4        26 210
20  41  31  36  11  29   0    T  0.0    1 12.4 21 230   M    M   7 1      26 220
21  47  37  42  17  23   0 0.02  0.0    0  5.7 12 180   M    M  10 12     14 180
22  54  40  47  22  18   0 0.19  0.0    0 13.8 38 250   M    M   9 123    46 250
================================================================================
SM  635  303       957   0  1.08     6.6 255.4          M      163
================================================================================
AV 28.9 13.8                              11.6 FASTST   M    M   7    MAX(MPH)
                                 MISC ---->  # 38 250               # 46  250
================================================================================
NOTES:
# LAST OF SEVERAL OCCURRENCES

COLUMN 17 PEAK WIND IN M.P.H.

PRELIMINARY LOCAL CLIMATOLOGICAL DATA (WS FORM: F-6) , PAGE 2

                                          STATION:  FORT WAYNE
                                          MONTH:    JANUARY
                                          YEAR:     2018
                                          LATITUDE:   41  0 N
                                          LONGITUDE:  85 12 W

[TEMPERATURE DATA]      [PRECIPITATION DATA]       SYMBOLS USED IN COLUMN 16

AVERAGE MONTHLY: 21.3   TOTAL FOR MONTH:   1.08    1 = FOG OR MIST
DPTR FM NORMAL:  -3.8   DPTR FM NORMAL:   -0.57    2 = FOG REDUCING VISIBILITY
HIGHEST:    59 ON 11    GRTST 24HR  0.36 ON 12-12      TO 1/4 MILE OR LESS
LOWEST:    -13 ON  2                               3 = THUNDER
                        SNOW, ICE PELLETS, HAIL    4 = ICE PELLETS
                        TOTAL MONTH:   6.6 INCHES  5 = HAIL
                        GRTST 24HR   2.6 ON 15-15  6 = FREEZING RAIN OR DRIZZLE
                        GRTST DEPTH:   4 ON  7, 6  7 = DUSTSTORM OR SANDSTORM:
                                                       VSBY 1/2 MILE OR LESS
                                                   8 = SMOKE OR HAZE
[NO. OF DAYS WITH]      [WEATHER - DAYS WITH]      9 = BLOWING SNOW
                                                   X = TORNADO
MAX 32 OR BELOW:  13    0.01 INCH OR MORE:  10
MAX 90 OR ABOVE:   0    0.10 INCH OR MORE:   4
MIN 32 OR BELOW:  19    0.50 INCH OR MORE:   0
MIN  0 OR BELOW:   7    1.00 INCH OR MORE:   0

[HDD (BASE 65) ]
TOTAL THIS MO.   957    CLEAR  (SCALE 0-3)   2
DPTR FM NORMAL    78    PTCLDY (SCALE 4-7)   8
TOTAL FM JUL 1  3179    CLOUDY (SCALE 8-10) 12
DPTR FM NORMAL   -28

[CDD (BASE 65) ]
TOTAL THIS MO.     0
DPTR FM NORMAL     0    [PRESSURE DATA]
TOTAL FM JAN 1     0    HIGHEST SLP M ON M
DPTR FM NORMAL     0    LOWEST  SLP 29.50 ON 22

[REMARKS]
