000
CXUS54 KOUN 260800
CF6GAG
PRELIMINARY LOCAL CLIMATOLOGICAL DATA (WS FORM: F-6)

                                          STATION:   GAGE
                                          MONTH:     DECEMBER
                                          YEAR:      2014
                                          LATITUDE:   36 17 N
                                          LONGITUDE:  99 46 W

  TEMPERATURE IN F:       :PCPN:    SNOW:  WIND      :SUNSHINE: SKY     :PK WND
================================================================================
1   2   3   4   5  6A  6B    7    8   9   10  11  12  13   14  15   16   17  18
                                     12Z  AVG MX 2MIN
DY MAX MIN AVG DEP HDD CDD  WTR  SNW DPTH SPD SPD DIR MIN PSBL S-S WX    SPD DR
================================================================================

 1  33  11  22 -16  43   0 0.00  0.0    0 10.0 22  20   M    M   0        27  10
 2  49  10  30  -8  35   0 0.00  0.0    0 10.6 22 210   M    M   0        26 200
 3  44  30  37  -1  28   0 0.00  0.0    0  7.9 20  60   M    M   5 18     24  70
 4  47  38  43   6  22   0 0.14  0.0    0  4.7 12 190   M    M  10 1      13 170
 5  58  37  48  11  17   0 0.02  0.0    0  5.5 15 360   M    M   6 12     19 340
 6  52  31  42   5  23   0 0.00  0.0    0  5.3 12 260   M    M   4 18     13  70
 7  56  35  46  10  19   0 0.00  0.0    0  8.9 21 190   M    M   5 1      25 190
 8  65  29  47  11  18   0 0.00  0.0    0  4.6 12 170   M    M   1 12     14 180
 9  58  29  44   8  21   0 0.00  0.0    0  6.1 15 160   M    M   0        21 160
10  55  37  46  10  19   0 0.00  0.0    0  6.4 14 190   M    M   9 128    19 190
11  59  39  49  14  16   0 0.00  0.0    0  5.1 10 200   M    M   8 18     12 140
12  58  49  54  19  11   0 0.00  0.0    0  9.0 17 170   M    M  10 12     21 140
13  63  51  57  22   8   0 0.00  0.0    0 19.8 33 180   M    M   7 18     43 170
14  63  45  54  19  11   0 0.23    M    0 23.7 36 200   M    M   6 13     45 210
15  50  32  41   6  24   0 0.00  0.0    0 21.6 36 330   M    M   4        47 320
16  47  23  35   1  30   0 0.00  0.0    0  6.9 17 340   M    M   0        21 340
17  40  35  38   4  27   0 0.13  0.0    0 11.6 26 170   M    M  10 13     33 170
18  39  36  38   4  27   0    T  0.0    0  3.4  9  40   M    M  10 1      12  40
19  42  35  39   5  26   0 0.00  0.0    0  5.6 10 180   M    M  10 12     13 220
20  52  37  45  11  20   0 0.00  0.0    0 11.4 22 180   M    M   6 1      29 180
21  50  40  45  11  20   0 0.00  0.0    0 13.6 22 170   M    M   8 1      30 170
22  55  31  43   9  22   0 0.00  0.0    0 11.5 30 340   M    M   3 1      40 340
23  41  31  36   2  29   0    T    T    0 18.0 37 320   M    M   6 1      47 330
24  47  25  36   2  29   0    T    T    0 13.8 21 340   M    M   2        27 340
25  57  33  45  11  20   0 0.00  0.0    0 20.3 33 190   M    M   0        41 190
================================================================================
SM 1280  829       565   0  0.52    T    265.3          M      130
================================================================================
AV 51.2 33.2                              10.6 FASTST   M    M   5    MAX(MPH)
                                 MISC ---->  # 37 320               # 47  320
================================================================================
NOTES:
# LAST OF SEVERAL OCCURRENCES

COLUMN 17 PEAK WIND IN M.P.H.

PRELIMINARY LOCAL CLIMATOLOGICAL DATA (WS FORM: F-6) , PAGE 2

                                          STATION:  GAGE
                                          MONTH:    DECEMBER
                                          YEAR:     2014
                                          LATITUDE:   36 17 N
                                          LONGITUDE:  99 46 W

[TEMPERATURE DATA]      [PRECIPITATION DATA]       SYMBOLS USED IN COLUMN 16

AVERAGE MONTHLY: 42.2   TOTAL FOR MONTH:   0.52    1 = FOG OR MIST
DPTR FM NORMAL:   6.8   DPTR FM NORMAL:   -0.22    2 = FOG REDUCING VISIBILITY
HIGHEST:    65 ON  8    GRTST 24HR  0.23 ON 14-14      TO 1/4 MILE OR LESS
LOWEST:     10 ON  2                               3 = THUNDER
                        SNOW, ICE PELLETS, HAIL    4 = ICE PELLETS
                        TOTAL MONTH:    T          5 = HAIL
                        GRTST 24HR    T  ON 24-24  6 = FREEZING RAIN OR DRIZZLE
                        GRTST DEPTH:   0           7 = DUSTSTORM OR SANDSTORM:
                                                       VSBY 1/2 MILE OR LESS
                                                   8 = SMOKE OR HAZE
[NO. OF DAYS WITH]      [WEATHER - DAYS WITH]      9 = BLOWING SNOW
                                                   X = TORNADO
MAX 32 OR BELOW:   0    0.01 INCH OR MORE:   4
MAX 90 OR ABOVE:   0    0.10 INCH OR MORE:   3
MIN 32 OR BELOW:  11    0.50 INCH OR MORE:   0
MIN  0 OR BELOW:   0    1.00 INCH OR MORE:   0

[HDD (BASE 65) ]
TOTAL THIS MO.   565    CLEAR  (SCALE 0-3)   8
DPTR FM NORMAL  -176    PTCLDY (SCALE 4-7)  10
TOTAL FM JUL 1  1405    CLOUDY (SCALE 8-10)  7
DPTR FM NORMAL  -206

[CDD (BASE 65) ]
TOTAL THIS MO.     0
DPTR FM NORMAL     0    [PRESSURE DATA]
TOTAL FM JAN 1  1839    HIGHEST SLP M ON M
DPTR FM NORMAL   207    LOWEST  SLP 29.50 ON 22

[REMARKS]
