000
CXUS51 KPHI 290800
CF6GED
PRELIMINARY LOCAL CLIMATOLOGICAL DATA (WS FORM: F-6)

                                          STATION:   GEORGETOWN DE
                                          MONTH:     MARCH
                                          YEAR:      2015
                                          LATITUDE:   38 41 N
                                          LONGITUDE:  75 22 W

  TEMPERATURE IN F:       :PCPN:    SNOW:  WIND      :SUNSHINE: SKY     :PK WND
================================================================================
1   2   3   4   5  6A  6B    7    8   9   10  11  12  13   14  15   16   17  18
                                     12Z  AVG MX 2MIN
DY MAX MIN AVG DEP HDD CDD  WTR  SNW DPTH SPD SPD DIR MIN PSBL S-S WX    SPD DR
================================================================================

 1  33  13  23 -17  42   0 0.50    M    M  1.9 17 160   M    M   8 16     18 160
 2  44  29  37  -4  28   0 0.00    M    M  5.2 17 320   M    M   5 18     28 290
 3  36  24  30 -11  35   0 0.15    M    M  5.8 16 230   M    M   6 1      24 230
 4  50  36  43   2  22   0 0.32    M    M  6.1 23 220   M    M  10 12     30 220
 5  43  22  33  -8  32   0 0.64    M    M  9.1 17  30   M    M  10 128    25  20
 6  26  10  18 -24  47   0 0.00    M    M  5.6 17  30   M    M   1 1      23  30
 7  42   6  24 -18  41   0 0.00    M    M  7.7 21 210   M    M   0 1      25 210
 8  54  32  43   1  22   0 0.00    M    M  5.6 17 290   M    M   1        24 300
 9  60  33  47   5  18   0 0.00    M    M  2.4 10  60   M    M   0        15  20
10  62  31  47   4  18   0 0.12    M    M  5.0 15 220   M    M   5 1      18 220
11  61  49  55  12  10   0 0.01    M    M  5.3 18 240   M    M   5 18     25 240
12  53  32  43   0  22   0 0.00    M    M  6.7 18  20   M    M   0        27 350
13  48  28  38  -6  27   0 0.01    M    M  6.4 15 100   M    M   2        24 100
14  58  41  50   6  15   0 0.76    M    M  9.2 20 220   M    M  10 1      25 220
15  54  39  47   3  18   0 0.00    M    M 10.0 23 290   M    M   6 1      34 300
16  59  33  46   1  19   0 0.00    M    M  5.4 14 210   M    M   1        18 210
17  70  40  55  10  10   0 0.00    M    M  9.4 24 290   M    M   1        35 290
18  46  28  37  -8  28   0 0.00    M    M  7.9 22 300   M    M   0        34 330
19  46  24  35 -11  30   0 0.00    M    M  3.2 14  20   M    M   0        20  20
20  39  33  36 -10  29   0 0.68    M    M 10.2 20  40   M    M   9 1      26  50
21  56  34  45  -1  20   0    T    M    M  7.1 15 280   M    M   6 1      22 240
22  52  35  44  -2  21   0 0.00    M    M  5.3 18 250   M    M   0        25 230
23  43  30  37 -10  28   0 0.00    M    M  7.7 17  30   M    M   1        23  50
24  44  26  35 -12  30   0 0.00    M    M  5.1 12  50   M    M   6        16  50
25  54  23  39  -8  26   0 0.02    M    M  4.4 15 100   M    M   6 1      19 100
26  71  49  60  12   5   0 0.22    M    M 11.7 29 200   M    M   8 1      39 190
27  58  38  48   0  17   0 0.16    M    M  6.8 18  10   M    M  10 1      25 330
28  40  28  34 -14  31   0    T    M    M  8.9 20 290   M    M   7 8      28 290
================================================================================
SM 1402  846       691   0  3.59    M    185.1          M      124
================================================================================
AV 50.1 30.2                               6.6 FASTST   M    M   4    MAX(MPH)
                                 MISC ---->  # 29 200               # 39  190
================================================================================
NOTES:
# LAST OF SEVERAL OCCURRENCES

COLUMN 17 PEAK WIND IN M.P.H.

PRELIMINARY LOCAL CLIMATOLOGICAL DATA (WS FORM: F-6) , PAGE 2

                                          STATION:  GEORGETOWN DE
                                          MONTH:    MARCH
                                          YEAR:     2015
                                          LATITUDE:   38 41 N
                                          LONGITUDE:  75 22 W

[TEMPERATURE DATA]      [PRECIPITATION DATA]       SYMBOLS USED IN COLUMN 16

AVERAGE MONTHLY: 40.1   TOTAL FOR MONTH:   3.59    1 = FOG OR MIST
DPTR FM NORMAL:  -4.0   DPTR FM NORMAL:    0.01    2 = FOG REDUCING VISIBILITY
HIGHEST:    71 ON 26    GRTST 24HR  0.76 ON 14-14      TO 1/4 MILE OR LESS
LOWEST:      6 ON  7                               3 = THUNDER
                        SNOW, ICE PELLETS, HAIL    4 = ICE PELLETS
                        TOTAL MONTH:    M          5 = HAIL
                        GRTST 24HR    M  ON   M    6 = FREEZING RAIN OR DRIZZLE
                        GRTST DEPTH:  M  ON   M    7 = DUSTSTORM OR SANDSTORM:
                                                       VSBY 1/2 MILE OR LESS
                                                   8 = SMOKE OR HAZE
[NO. OF DAYS WITH]      [WEATHER - DAYS WITH]      9 = BLOWING SNOW
                                                   X = TORNADO
MAX 32 OR BELOW:   1    0.01 INCH OR MORE:  12
MAX 90 OR ABOVE:   0    0.10 INCH OR MORE:   9
MIN 32 OR BELOW:  16    0.50 INCH OR MORE:   4
MIN  0 OR BELOW:   0    1.00 INCH OR MORE:   0

[HDD (BASE 65) ]
TOTAL THIS MO.   691    CLEAR  (SCALE 0-3)  12
DPTR FM NORMAL   107    PTCLDY (SCALE 4-7)  10
TOTAL FM JUL 1  4179    CLOUDY (SCALE 8-10)  6
DPTR FM NORMAL   315

[CDD (BASE 65) ]
TOTAL THIS MO.     0
DPTR FM NORMAL     0    [PRESSURE DATA]
TOTAL FM JAN 1     0    HIGHEST SLP M ON M
DPTR FM NORMAL     0    LOWEST  SLP 29.55 ON 17

[REMARKS]
