000
CXUS56 KOTX 011500
CF6GEG
PRELIMINARY LOCAL CLIMATOLOGICAL DATA (WS FORM: F-6)

                                          STATION:   SPOKANE WA AIRPORT
                                          MONTH:     JUNE
                                          YEAR:      2015
                                          LATITUDE:   47 37 N
                                          LONGITUDE: 117 32 W

  TEMPERATURE IN F:       :PCPN:    SNOW:  WIND      :SUNSHINE: SKY     :PK WND
================================================================================
1   2   3   4   5  6A  6B    7    8   9   10  11  12  13   14  15   16   17  18
                                     12Z  AVG MX 2MIN
DY MAX MIN AVG DEP HDD CDD  WTR  SNW DPTH SPD SPD DIR MIN PSBL S-S WX    SPD DR
================================================================================

 1  80  57  69  10   0   4 0.06  0.0    0  8.7 28 210   M    M   8 3      33 220
 2  68  53  61   2   4   0 0.00  0.0    0 12.6 24 210   M    M   8 8      29 210
 3  66  50  58  -2   7   0 0.00  0.0    0  8.2 16 220   M    M   7 8      21 220
 4  73  49  61   1   4   0 0.00  0.0    0  5.1 13  20   M    M   4        14  10
 5  80  51  66   6   0   1 0.00  0.0    0  5.5 14 360   M    M   1        20  50
 6  87  54  71  11   0   6 0.00  0.0    0  4.4 13  10   M    M   5        16  50
 7  92  61  77  17   0  12 0.00  0.0    0  6.0 17 220   M    M   5        22 240
 8  96  65  81  21   0  16 0.00  0.0    0  8.7 20 240   M    M   1 8      30 250
 9  93  64  79  18   0  14 0.00  0.0    0  8.0 18 290   M    M   5        25 270
10  89  60  75  14   0  10 0.00  0.0    0  9.0 17 210   M    M   2        22 210
11  87  58  73  12   0   8 0.00  0.0    0 15.3 32 250   M    M   2 8      39 250
12  78  52  65   4   0   0 0.00  0.0    0 17.0 31 250   M    M   1 8      37 260
13  73  43  58  -3   7   0 0.00  0.0    0  5.0 15 310   M    M   2        25 340
14  79  47  63   1   2   0 0.00  0.0    0  4.6 14  30   M    M   2        26 340
15  81  58  70   8   0   5 0.00  0.0    0  8.0 18  20   M    M   5        24  40
16  86  54  70   8   0   5 0.00  0.0    0  4.8 10 170   0    0   0         M  M
17  83  62  73  11   0   8 0.00  0.0    0  9.4 20 210   M    M   5        25 220
18  87  62  75  13   0  10 0.00  0.0    0 10.4 25 240   M    M   6        37 230
19  78  57  68   5   0   3 0.00  0.0    0 14.9 24 240   M    M   3        33 230
20  77  51  64   1   1   0 0.00  0.0    0  9.6 18 210   M    M   4        23 210
21  79  53  66   3   0   1 0.00  0.0    0  7.0 17 260   M    M   8        21 270
22  82  55  69   6   0   4 0.00  0.0    0  8.1 17 230   M    M   5        26 220
23  83  55  69   5   0   4 0.00  0.0    0  9.2 18 250   M    M   4        30 230
24  86  60  73   9   0   8 0.00  0.0    0  5.4 20 250   M    M   7        26 240
25  89  61  75  11   0  10 0.00  0.0    0  6.9 15 200   M    M   2        20 200
26  98  66  82  18   0  17 0.00  0.0    0  4.6 13 260   M    M   3        16 260
27 102  68  85  20   0  20 0.00  0.0    0  4.1 13  60   M    M   5        17 350
28 105  73  89  24   0  24 0.00  0.0    0  6.8 22 190   M    M   6        30 190
29  94  74  84  19   0  19 0.01  0.0    0  8.6 22 260   M    M   7 8      26 270
30  94  68  81  15   0  16 0.00  0.0    0  5.4 17 300   M    M   2        23 240
================================================================================
SM 2545 1741        25 225  0.07     0.0 241.3            0    125
================================================================================
AV 84.8 58.0                               8.0 FASTST    0   0   4    MAX(MPH)
                                 MISC ---->  # 32 250               # 39  250
================================================================================
NOTES:
# LAST OF SEVERAL OCCURRENCES

COLUMN 17 PEAK WIND IN M.P.H.

PRELIMINARY LOCAL CLIMATOLOGICAL DATA (WS FORM: F-6) , PAGE 2

                                          STATION:  SPOKANE WA AIRPORT
                                          MONTH:    JUNE
                                          YEAR:     2015
                                          LATITUDE:   47 37 N
                                          LONGITUDE: 117 32 W

[TEMPERATURE DATA]      [PRECIPITATION DATA]       SYMBOLS USED IN COLUMN 16

AVERAGE MONTHLY: 71.4   TOTAL FOR MONTH:   0.07    1 = FOG OR MIST
DPTR FM NORMAL:   9.3   DPTR FM NORMAL:   -1.18    2 = FOG REDUCING VISIBILITY
HIGHEST:   105 ON 28    GRTST 24HR  0.06 ON  1- 1      TO 1/4 MILE OR LESS
LOWEST:     43 ON 13                               3 = THUNDER
                        SNOW, ICE PELLETS, HAIL    4 = ICE PELLETS
                        TOTAL MONTH:   0.0 INCH    5 = HAIL
                        GRTST 24HR     0.0         6 = FREEZING RAIN OR DRIZZLE
                        GRTST DEPTH:   0           7 = DUSTSTORM OR SANDSTORM:
                                                       VSBY 1/2 MILE OR LESS
                                                   8 = SMOKE OR HAZE
[NO. OF DAYS WITH]      [WEATHER - DAYS WITH]      9 = BLOWING SNOW
                                                   X = TORNADO
MAX 32 OR BELOW:   0    0.01 INCH OR MORE:   2
MAX 90 OR ABOVE:   8    0.10 INCH OR MORE:   0
MIN 32 OR BELOW:   0    0.50 INCH OR MORE:   0
MIN  0 OR BELOW:   0    1.00 INCH OR MORE:   0

[HDD (BASE 65) ]
TOTAL THIS MO.    25    CLEAR  (SCALE 0-3)  11
DPTR FM NORMAL  -111    PTCLDY (SCALE 4-7)  17
TOTAL FM JUL 1  5420    CLOUDY (SCALE 8-10)  2
DPTR FM NORMAL -1173

[CDD (BASE 65) ]
TOTAL THIS MO.   225
DPTR FM NORMAL   176    [PRESSURE DATA]
TOTAL FM JAN 1   257    HIGHEST SLP 30.12 ON 25
DPTR FM NORMAL   194    LOWEST  SLP 29.68 ON  9

[REMARKS]
#FINAL-06-15#
