000
CXUS55 KRIW 300903
CF6GEY
PRELIMINARY LOCAL CLIMATOLOGICAL DATA (WS FORM: F-6)

                                          STATION:   GREYBULL WY
                                          MONTH:     MAY
                                          YEAR:      2017
                                          LATITUDE:   44 30 N
                                          LONGITUDE: 108  4 W

  TEMPERATURE IN F:       :PCPN:    SNOW:  WIND      :SUNSHINE: SKY     :PK WND
================================================================================
1   2   3   4   5  6A  6B    7    8   9   10  11  12  13   14  15   16   17  18
                                     12Z  AVG MX 2MIN
DY MAX MIN AVG DEP HDD CDD  WTR  SNW DPTH SPD SPD DIR MIN PSBL S-S WX    SPD DR
================================================================================

 1  60  47  54   2  11   0    T    M    M 16.7 30 330   M    M   8        37 350
 2  58  45  52   0  13   0 0.00    M    M 11.5 23 320   M    M   9        29 310
 3  64  39  52   0  13   0 0.00    M    M  7.5 22 330   M    M   1        26 330
 4  78  36  57   4   8   0 0.00    M    M  4.0  9 120   M    M   0 8      14 290
 5  84  42  63  10   2   0 0.00    M    M  6.4 18 150   M    M   0        23 150
 6  89  45  67  14   0   2    T    M    M  5.7 31 300   M    M   0 3      40 300
 7  82  53  68  14   0   3 0.16  0.0    M  8.3 41 290   M    M   2 3      52 290
 8  61  47  54   0  11   0 0.00  0.0    M 10.5 26 310   M    M   7        35 310
 9  69  47  58   4   7   0 0.02    M    M  5.4 32 340   M    M   6        39 340
10  72  39  56   1   9   0 0.00  0.0    M  4.7 12 290   M    M   0        16 280
11  82  43  63   8   2   0 0.00  0.0    M  5.4 14  90   M    M   0        18 140
12  87  48  68  13   0   3 0.00  0.0    M 10.1 24 150   M    M   0        34 140
13  74  49  62   6   3   0 0.02    M    M 14.4 33 270   M    M   2 3      53 270
14  70  36  53  -3  12   0 0.00  0.0    M  7.0 20 340   M    M   1        23 330
15  73  46  60   4   5   0    T    M    M 12.1 29 330   M    M   2 3      35 330
16  66  45  56  -1   9   0    T    M    M  8.2 22 300   M    M   5        27 300
17  65  42  54  -3  11   0 0.17    M    M  9.4 30 270   M    M   9 13     36 270
18  52  41  47 -10  18   0 0.01    M    M  8.1 18 290   M    M  10        22 320
19  58  39  49  -9  16   0 0.00    M    M  4.4 12  90   M    M   8 1      15 180
20  68  34  51  -7  14   0 0.00    M    M  9.5 33 320   M    M   1        40 320
21  69  42  56  -2   9   0    T    M    M 11.2 39 340   M    M   3        47 340
22  64  43  54  -4  11   0 0.12    M    M 11.0 35 300   M    M   6        43 310
23  74  36  55  -4  10   0 0.00    M    M  4.6 14  90   M    M   0        17 330
24  88  43  66   7   0   1 0.00  0.0    M 13.5 33 320   M    M   0        42 320
25  63  50  57  -3   8   0 0.00  0.0    M 20.3 37 330   M    M   4        46 330
26  63  45  54  -6  11   0 0.01    M    M  6.7 22 230   M    M   7        29 250
27  73  36  55  -5  10   0 0.00  0.0    M  5.9 25 340   M    M   2        33 320
28  78  46  62   2   3   0 0.01    M    M  8.5 39 350   M    M   5        46 350
29  76  44  60  -1   5   0 0.00  0.0    M  7.3 21 340   M    M   1        27 330
================================================================================
SM 2060 1248       231   9  0.52     0.0 258.3          M       99
================================================================================
AV 71.0 43.0                               8.9 FASTST   M    M   3    MAX(MPH)
                                 MISC ---->  # 41 290               # 53  270
================================================================================
NOTES:
# LAST OF SEVERAL OCCURRENCES

COLUMN 17 PEAK WIND IN M.P.H.

PRELIMINARY LOCAL CLIMATOLOGICAL DATA (WS FORM: F-6) , PAGE 2

                                          STATION:  GREYBULL WY
                                          MONTH:    MAY
                                          YEAR:     2017
                                          LATITUDE:   44 30 N
                                          LONGITUDE: 108  4 W

[TEMPERATURE DATA]      [PRECIPITATION DATA]       SYMBOLS USED IN COLUMN 16

AVERAGE MONTHLY: 57.0   TOTAL FOR MONTH:   0.52    1 = FOG OR MIST
DPTR FM NORMAL:   0.8   DPTR FM NORMAL:   -0.97    2 = FOG REDUCING VISIBILITY
HIGHEST:    89 ON  6    GRTST 24HR  0.17 ON 17-17      TO 1/4 MILE OR LESS
LOWEST:     34 ON 20                               3 = THUNDER
                        SNOW, ICE PELLETS, HAIL    4 = ICE PELLETS
                        TOTAL MONTH:   0.0 INCH    5 = HAIL
                        GRTST 24HR     0.0         6 = FREEZING RAIN OR DRIZZLE
                        GRTST DEPTH:  M  ON   M    7 = DUSTSTORM OR SANDSTORM:
                                                       VSBY 1/2 MILE OR LESS
                                                   8 = SMOKE OR HAZE
[NO. OF DAYS WITH]      [WEATHER - DAYS WITH]      9 = BLOWING SNOW
                                                   X = TORNADO
MAX 32 OR BELOW:   0    0.01 INCH OR MORE:   8
MAX 90 OR ABOVE:   0    0.10 INCH OR MORE:   3
MIN 32 OR BELOW:   0    0.50 INCH OR MORE:   0
MIN  0 OR BELOW:   0    1.00 INCH OR MORE:   0

[HDD (BASE 65) ]
TOTAL THIS MO.   231    CLEAR  (SCALE 0-3)  17
DPTR FM NORMAL   -39    PTCLDY (SCALE 4-7)   9
TOTAL FM JUL 1  7433    CLOUDY (SCALE 8-10)  3
DPTR FM NORMAL  -236

[CDD (BASE 65) ]
TOTAL THIS MO.     9
DPTR FM NORMAL    -5    [PRESSURE DATA]
TOTAL FM JAN 1     9    HIGHEST SLP M ON M
DPTR FM NORMAL    -6    LOWEST  SLP 29.18 ON 24

[REMARKS]
