000
CXUS55 KGJT 251000
CF6GJT
PRELIMINARY LOCAL CLIMATOLOGICAL DATA (WS FORM: F-6)

                                          STATION:   GRAND JUNCTION CO
                                          MONTH:     NOVEMBER
                                          YEAR:      2014
                                          LATITUDE:   39  7 N
                                          LONGITUDE: 108 32 W

  TEMPERATURE IN F:       :PCPN:    SNOW:  WIND      :SUNSHINE: SKY     :PK WND
================================================================================
1   2   3   4   5  6A  6B    7    8   9   10  11  12  13   14  15   16   17  18
                                     12Z  AVG MX 2MIN
DY MAX MIN AVG DEP HDD CDD  WTR  SNW DPTH SPD SPD DIR MIN PSBL S-S WX    SPD DR
================================================================================

 1  75  53  64  18   1   0    T  0.0    0 15.0 28 180   M    M   2        36 210
 2  61  40  51   5  14   0 0.23  0.0    0  8.1 29 260   M    M   6 13     37 260
 3  48  33  41  -4  24   0 0.05  0.0    0  6.2 15 330   M    M   7 1      20 260
 4  53  27  40  -5  25   0 0.00  0.0    0  3.9 15 130   M    M   0        17 140
 5  56  26  41  -3  24   0 0.00  0.0    0  5.8 16 130   M    M   0        17 130
 6  59  28  44   0  21   0 0.00  0.0    0  5.2 15 130   M    M   0        17 130
 7  60  28  44   1  21   0 0.00  0.0    0  4.3 13 110   M    M   0        15 120
 8  63  28  46   3  19   0 0.00  0.0    0  5.9 17 150   M    M   0        20 140
 9  59  28  44   2  21   0 0.00  0.0    0  5.2 14 100   M    M   0        17 100
10  58  26  42   0  23   0    T  0.0    0  7.7 29 330   M    M   2        34 310
11  50  21  36  -5  29   0 0.00  0.0    0  4.5 12  90   M    M   0        15 130
12  35  16  26 -15  39   0 0.00  0.0    0  6.6 21  50   M    M   1        23  50
13  32  13  23 -17  42   0 0.00  0.0    0  2.2 10 130   M    M   6        11 130
14  41  22  32  -8  33   0 0.00  0.0    0  2.8  9 120   M    M   7        10 320
15  44  23  34  -5  31   0    T    T    0  8.6 22  50   M    M   6        30  50
16  35  15  25 -14  40   0 0.00  0.0    0  7.5 26  40   M    M   1        36  20
17  38  10  24 -14  41   0 0.00  0.0    0  5.5 16 130   M    M   0        18 130
18  41  11  26 -12  39   0 0.00  0.0    0  5.4 12 330   M    M   0        15 320
19  46  14  30  -7  35   0 0.00  0.0    0  2.5 10 130   M    M   0        11 130
20  44  22  33  -4  32   0 0.00  0.0    0  3.4 10 110   M    M   5        11 110
21  52  18  35  -1  30   0 0.00  0.0    0  4.4 10 130   M    M   0        24 150
22  44  19  32  -4  33   0 0.11  0.0    0  6.0 23 130   M    M   4 1      28 130
23  43  22  33  -2  32   0    T    T    0  9.6 24 360   M    M   5 1      32 350
24  41  18  30  -5  35   0    T  0.0    0  6.2 20 310   M    M   3        25 310
================================================================================
SM 1178  561       684   0  0.39    T    142.5          M       55
================================================================================
AV 49.1 23.4                               5.9 FASTST   M    M   2    MAX(MPH)
                                 MISC ---->  # 29 260               # 37  260
================================================================================
NOTES:
# LAST OF SEVERAL OCCURRENCES

COLUMN 17 PEAK WIND IN M.P.H.

PRELIMINARY LOCAL CLIMATOLOGICAL DATA (WS FORM: F-6) , PAGE 2

                                          STATION:  GRAND JUNCTION CO
                                          MONTH:    NOVEMBER
                                          YEAR:     2014
                                          LATITUDE:   39  7 N
                                          LONGITUDE: 108 32 W

[TEMPERATURE DATA]      [PRECIPITATION DATA]       SYMBOLS USED IN COLUMN 16

AVERAGE MONTHLY: 36.2   TOTAL FOR MONTH:   0.39    1 = FOG OR MIST
DPTR FM NORMAL:  -4.3   DPTR FM NORMAL:   -0.21    2 = FOG REDUCING VISIBILITY
HIGHEST:    75 ON  1    GRTST 24HR  0.28 ON  2- 3      TO 1/4 MILE OR LESS
LOWEST:     10 ON 17                               3 = THUNDER
                        SNOW, ICE PELLETS, HAIL    4 = ICE PELLETS
                        TOTAL MONTH:    T          5 = HAIL
                        GRTST 24HR    T  ON 23-23  6 = FREEZING RAIN OR DRIZZLE
                        GRTST DEPTH:   0           7 = DUSTSTORM OR SANDSTORM:
                                                       VSBY 1/2 MILE OR LESS
                                                   8 = SMOKE OR HAZE
[NO. OF DAYS WITH]      [WEATHER - DAYS WITH]      9 = BLOWING SNOW
                                                   X = TORNADO
MAX 32 OR BELOW:   1    0.01 INCH OR MORE:   3
MAX 90 OR ABOVE:   0    0.10 INCH OR MORE:   2
MIN 32 OR BELOW:  21    0.50 INCH OR MORE:   0
MIN  0 OR BELOW:   0    1.00 INCH OR MORE:   0

[HDD (BASE 65) ]
TOTAL THIS MO.   684    CLEAR  (SCALE 0-3)  15
DPTR FM NORMAL    96    PTCLDY (SCALE 4-7)   9
TOTAL FM JUL 1  1050    CLOUDY (SCALE 8-10)  0
DPTR FM NORMAL    14

[CDD (BASE 65) ]
TOTAL THIS MO.     0
DPTR FM NORMAL     0    [PRESSURE DATA]
TOTAL FM JAN 1  1046    HIGHEST SLP M ON M
DPTR FM NORMAL   -79    LOWEST  SLP 29.41 ON 10

[REMARKS]
