000
CXUS55 KGJT 271000
CF6GJT
PRELIMINARY LOCAL CLIMATOLOGICAL DATA (WS FORM: F-6)

                                          STATION:   GRAND JUNCTION CO
                                          MONTH:     MAY
                                          YEAR:      2016
                                          LATITUDE:   39  7 N
                                          LONGITUDE: 108 32 W

  TEMPERATURE IN F:       :PCPN:    SNOW:  WIND      :SUNSHINE: SKY     :PK WND
================================================================================
1   2   3   4   5  6A  6B    7    8   9   10  11  12  13   14  15   16   17  18
                                     12Z  AVG MX 2MIN
DY MAX MIN AVG DEP HDD CDD  WTR  SNW DPTH SPD SPD DIR MIN PSBL S-S WX    SPD DR
================================================================================

 1  60  37  49  -8  16   0    T  0.0    0  8.4 21 140   M    M   5        24 150
 2  65  42  54  -3  11   0 0.00  0.0    0  7.2 18 300   M    M   4        24 300
 3  73  36  55  -2  10   0 0.00  0.0    0  4.2 13 300   M    M   0        16 300
 4  77  45  61   3   4   0 0.00  0.0    0  7.4 16 300   M    M   0        20 290
 5  84  49  67   9   0   2 0.00  0.0    0 10.6 20 130   M    M   0        23 120
 6  79  50  65   7   0   0 0.02  0.0    0 11.8 31 270   M    M   4 13     44 300
 7  57  43  50  -9  15   0 0.18  0.0    0  8.1 18 260   M    M   7 13     24 250
 8  61  41  51  -8  14   0 0.21  0.0    0  9.2 22 260   M    M   4 1      25 250
 9  68  45  57  -2   8   0 0.20  0.0    0  6.0 21 150   M    M   8 13     29 170
10  66  41  54  -6  11   0 0.09  0.0    0  7.8 23 260   M    M   4 13     29 270
11  64  34  49 -11  16   0 0.00  0.0    0  6.6 18 310   M    M   0        23 310
12  72  38  55  -5  10   0 0.00  0.0    0  6.3 15 130   M    M   0        18 140
13  81  43  62   1   3   0 0.00  0.0    0  7.3 17 310   M    M   0        21 310
14  85  51  68   7   0   3 0.00  0.0    0  8.6 18 270   M    M   0        23 300
15  75  54  65   4   0   0 0.09  0.0    0  9.1 29  60   M    M   5 3      37  60
16  65  46  56  -6   9   0 0.06    T    0  7.0 21 300   M    M   5 35     24 300
17  65  42  54  -8  11   0    T  0.0    0  8.8 18 280   M    M   6 3      23 270
18  71  42  57  -5   8   0 0.00  0.0    0  6.6 28 340   M    M   3        32 330
19  74  45  60  -2   5   0 0.00  0.0    0  8.0 22 150   M    M   2        29 150
20  79  59  69   6   0   4 0.00  0.0    0 14.5 30 190   M    M   1        36 140
21  80  56  68   5   0   3 0.00  0.0    0 12.2 26 180   M    M   0        35 180
22  70  42  56  -8   9   0    T  0.0    0  8.9 24 270   M    M   7        31 270
23  74  40  57  -7   8   0 0.00  0.0    0  6.2 16 300   M    M   1        22 280
24  78  48  63  -1   2   0 0.00  0.0    0 13.5 32 220   M    M   0        43 250
25  74  48  61  -3   4   0 0.00  0.0    0  6.2 16 330   M    M   0        26 270
26  73  44  59  -6   6   0    T  0.0    0  7.4 31 320   M    M   1        36 320
================================================================================
SM 1870 1161       180  12  0.85    T    217.9          M       67
================================================================================
AV 71.9 44.7                               8.4 FASTST   M    M   3    MAX(MPH)
                                 MISC ---->  # 32 220               # 44  300
================================================================================
NOTES:
# LAST OF SEVERAL OCCURRENCES

COLUMN 17 PEAK WIND IN M.P.H.

PRELIMINARY LOCAL CLIMATOLOGICAL DATA (WS FORM: F-6) , PAGE 2

                                          STATION:  GRAND JUNCTION CO
                                          MONTH:    MAY
                                          YEAR:     2016
                                          LATITUDE:   39  7 N
                                          LONGITUDE: 108 32 W

[TEMPERATURE DATA]      [PRECIPITATION DATA]       SYMBOLS USED IN COLUMN 16

AVERAGE MONTHLY: 58.3   TOTAL FOR MONTH:   0.85    1 = FOG OR MIST
DPTR FM NORMAL:  -2.5   DPTR FM NORMAL:    0.09    2 = FOG REDUCING VISIBILITY
HIGHEST:    85 ON 14    GRTST 24HR  0.40 ON  8- 9      TO 1/4 MILE OR LESS
LOWEST:     34 ON 11                               3 = THUNDER
                        SNOW, ICE PELLETS, HAIL    4 = ICE PELLETS
                        TOTAL MONTH:    T          5 = HAIL
                        GRTST 24HR    T  ON 16-16  6 = FREEZING RAIN OR DRIZZLE
                        GRTST DEPTH:   0           7 = DUSTSTORM OR SANDSTORM:
                                                       VSBY 1/2 MILE OR LESS
                                                   8 = SMOKE OR HAZE
[NO. OF DAYS WITH]      [WEATHER - DAYS WITH]      9 = BLOWING SNOW
                                                   X = TORNADO
MAX 32 OR BELOW:   0    0.01 INCH OR MORE:   7
MAX 90 OR ABOVE:   0    0.10 INCH OR MORE:   3
MIN 32 OR BELOW:   0    0.50 INCH OR MORE:   0
MIN  0 OR BELOW:   0    1.00 INCH OR MORE:   0

[HDD (BASE 65) ]
TOTAL THIS MO.   180    CLEAR  (SCALE 0-3)  14
DPTR FM NORMAL    37    PTCLDY (SCALE 4-7)  12
TOTAL FM JUL 1  5702    CLOUDY (SCALE 8-10)  0
DPTR FM NORMAL   125

[CDD (BASE 65) ]
TOTAL THIS MO.    12
DPTR FM NORMAL   -20    [PRESSURE DATA]
TOTAL FM JAN 1    12    HIGHEST SLP M ON M
DPTR FM NORMAL   -23    LOWEST  SLP 29.49 ON  9

[REMARKS]
