000
CXUS54 KFWD 290730
CF6GKY
PRELIMINARY LOCAL CLIMATOLOGICAL DATA (WS FORM: F-6)

                                          STATION:   ARLINGTON
                                          MONTH:     NOVEMBER
                                          YEAR:      2014
                                          LATITUDE:   32 39 N
                                          LONGITUDE:  97  6 W

  TEMPERATURE IN F:       :PCPN:    SNOW:  WIND      :SUNSHINE: SKY     :PK WND
================================================================================
1   2   3   4   5  6A  6B    7    8   9   10  11  12  13   14  15   16   17  18
                                     12Z  AVG MX 2MIN
DY MAX MIN AVG DEP HDD CDD  WTR  SNW DPTH SPD SPD DIR MIN PSBL S-S WX    SPD DR
================================================================================

 1  63  37  50 -12  15   0 0.00  0.0    0  8.9 17 100   M    M   0        23 100
 2  70  46  58  -4   7   0 0.00  0.0    0 12.7 23 140   M    M   1        28 130
 3  77  56  67   6   0   2 0.00  0.0    0 13.7 25 160   M    M   8        34 160
 4  71  55  63   2   2   0 0.85  0.0    0 11.5 30 350   M    M  10 1      38  10
 5  58  53  56  -4   9   0 0.19  0.0    0  6.2 14 310   M    M   5 1      16 350
 6  74  45  60   0   5   0 0.00  0.0    0  7.5 16 350   M    M   0 1      20 340
 7  68  39  54  -6  11   0 0.00  0.0    0  5.0 15 110   M    M   0        19 160
 8  71  45  58  -1   7   0 0.00  0.0    0  9.7 28 360   M    M   0        36 360
 9  75  37  56  -3   9   0 0.00  0.0    0  7.3 17 170   M    M   0        25 150
10  81  52  67   8   0   2 0.00  0.0    0 14.3 28 180   M    M   0        39 180
11  68  40  54  -4  11   0 0.00  0.0    0 17.0 30 320   M    M   4        40 320
12  42  33  38 -20  27   0    T    M    0 16.1 25 340   M    M   4        30 350
13  40  28  34 -24  31   0    T    M    0 13.6 23 340   M    M   6        29 330
14  41  27  34 -23  31   0 0.00  0.0    0  5.1  9 120   M    M   8        11 120
15  47  40  44 -13  21   0 0.00  0.0    0 12.2 21 140   M    M  10 18     28 140
16  43  29  36 -20  29   0    T    M    0 13.1 23 320   M    M  10 18     30 350
17   M   M   M   M   M   M 0.00  0.0    M   M  17 340   M    M   M        23 330
18   M   M   M   M   M   M 0.00  0.0    0  8.5 15 180   M    M   0        20 210
19  68  35  52  -3  13   0 0.00  0.0    0  7.9 16 190   M    M   0        22 220
20  74  38  56   1   9   0 0.00  0.0    0  7.1 17 150   M    M   1        24 150
21  70  61  66  12   0   1 0.08  0.0    0 11.4 18 140   M    M  10 13     23 140
22  64  55  60   6   5   0 0.77  0.0    0 10.9 20 140   M    M   8 1      27 150
23  79  50  65  11   0   0 0.00  0.0    0 12.0 31 300   M    M   1 1      43 310
24  62  38  50  -3  15   0 0.00  0.0    0  6.1 16 300   M    M   0        23 300
25  64  31  48  -5  17   0 0.00  0.0    0  4.3 14 230   M    M   0        21 270
26  67  35  51  -1  14   0 0.00  0.0    0  7.5 17 330   M    M   0        21 340
27  59  36  48  -4  17   0 0.00  0.0    0  5.1 16  10   M    M   0        20  10
28  71  37  54   2  11   0 0.00  0.0    0 11.3 22 180   M    M   0        31 190
================================================================================
SM 1667 1078       316   5  1.89     0.0 266.0          M       86
================================================================================
AV 64.1 41.5                               9.9 FASTST   M    M   3    MAX(MPH)
                                 MISC ---->  # 31 300               # 43  310
================================================================================
NOTES:
# LAST OF SEVERAL OCCURRENCES

COLUMN 17 PEAK WIND IN M.P.H.

PRELIMINARY LOCAL CLIMATOLOGICAL DATA (WS FORM: F-6) , PAGE 2

                                          STATION:  ARLINGTON
                                          MONTH:    NOVEMBER
                                          YEAR:     2014
                                          LATITUDE:   32 39 N
                                          LONGITUDE:  97  6 W

[TEMPERATURE DATA]      [PRECIPITATION DATA]       SYMBOLS USED IN COLUMN 16

AVERAGE MONTHLY: 52.8   TOTAL FOR MONTH:   1.89    1 = FOG OR MIST
DPTR FM NORMAL:  -4.1   DPTR FM NORMAL:   -0.55    2 = FOG REDUCING VISIBILITY
HIGHEST:    81 ON 10    GRTST 24HR  0.96 ON  4- 5      TO 1/4 MILE OR LESS
LOWEST:     27 ON 14                               3 = THUNDER
                        SNOW, ICE PELLETS, HAIL    4 = ICE PELLETS
                        TOTAL MONTH:   0.0 INCH    5 = HAIL
                        GRTST 24HR     0.0         6 = FREEZING RAIN OR DRIZZLE
                        GRTST DEPTH:   0           7 = DUSTSTORM OR SANDSTORM:
                                                       VSBY 1/2 MILE OR LESS
                                                   8 = SMOKE OR HAZE
[NO. OF DAYS WITH]      [WEATHER - DAYS WITH]      9 = BLOWING SNOW
                                                   X = TORNADO
MAX 32 OR BELOW:   0    0.01 INCH OR MORE:   4
MAX 90 OR ABOVE:   0    0.10 INCH OR MORE:   3
MIN 32 OR BELOW:   4    0.50 INCH OR MORE:   2
MIN  0 OR BELOW:   0    1.00 INCH OR MORE:   0

[HDD (BASE 65) ]
TOTAL THIS MO.   316    CLEAR  (SCALE 0-3)  16
DPTR FM NORMAL    65    PTCLDY (SCALE 4-7)   6
TOTAL FM JUL 1   335    CLOUDY (SCALE 8-10)  5
DPTR FM NORMAL    10

[CDD (BASE 65) ]
TOTAL THIS MO.     5
DPTR FM NORMAL   -18    [PRESSURE DATA]
TOTAL FM JAN 1  2733    HIGHEST SLP M ON M
DPTR FM NORMAL   122    LOWEST  SLP 29.35 ON 23

[REMARKS]
