485
CXUS53 KGLD 260800
CF6GLD
PRELIMINARY LOCAL CLIMATOLOGICAL DATA (WS FORM: F-6)

                                          STATION:   GOODLAND KS
                                          MONTH:     SEPTEMBER
                                          YEAR:      2017
                                          LATITUDE:   39 22 N
                                          LONGITUDE: 101 42 W

  TEMPERATURE IN F:       :PCPN:    SNOW:  WIND      :SUNSHINE: SKY     :PK WND
================================================================================
1   2   3   4   5  6A  6B    7    8   9   10  11  12  13   14  15   16   17  18
                                     12Z  AVG MX 2MIN
DY MAX MIN AVG DEP HDD CDD  WTR  SNW DPTH SPD SPD DIR MIN PSBL S-S WX    SPD DR
================================================================================

 1  84  57  71   0   0   6 0.00  0.0    0  7.6 21 170   M    M   1 8      25 150
 2  91  57  74   4   0   9 0.00  0.0    0  8.0 15  30   M    M   0        20  20
 3  96  56  76   6   0  11 0.00  0.0    0  9.9 18 190   M    M   0        23 180
 4  83  55  69  -1   0   4 0.00  0.0    0  9.0 18  40   M    M   3 8      21  50
 5  72  44  58 -11   7   0 0.00  0.0    0  3.6 14 340   M    M   6        18 300
 6  80  41  61  -8   4   0 0.00  0.0    0  4.5 10 120   M    M   0 8      13 320
 7  85  49  67  -1   0   2 0.00  0.0    0  7.8 17 150   M    M   0        26 120
 8  87  52  70   2   0   5 0.00  0.0    0  7.8 16 180   M    M   0        22 180
 9  91  57  74   6   0   9 0.00  0.0    0 15.3 28 170   M    M   0        33 160
10  91  58  75   8   0  10 0.00  0.0    0 14.6 23 170   M    M   0        29 160
11  93  56  75   8   0  10 0.00  0.0    0  8.1 16 160   M    M   0        21 150
12  90  55  73   7   0   8 0.00  0.0    0  8.8 16 170   M    M   0        26 150
13  95  63  79  13   0  14 0.42  0.0    0 12.1 30 360   M    M   1 3      37 350
14  93  56  75   9   0  10 0.00  0.0    0  7.4 16 160   M    M   0        21 150
15  90  57  74   9   0   9 0.00  0.0    0 10.9 21 240   M    M   0        30 220
16  70  50  60  -4   5   0 0.00  0.0    0 11.9 28 340   M    M   1        37 340
17  64  46  55  -9  10   0 0.01  0.0    0 10.0 18 120   M    M   7 1      24 120
18  85  55  70   6   0   5 0.00  0.0    0  5.9 12 170   M    M   3 12     16 360
19  92  49  71   8   0   6 0.00  0.0    0 14.7 31 320   M    M   0 18     41 320
20  78  41  60  -3   5   0 0.00  0.0    0  8.8 18 150   M    M   0        25 320
21  95  50  73  11   0   8 0.00  0.0    0 15.5 30 160   M    M   0        38 190
22  93  62  78  16   0  13 0.00  0.0    0 19.9 39 190   M    M   0        50 190
23  71  52  62   1   3   0 1.41  0.0    0 10.4 24 290   M    M   5 13     32 290
24  54  49  52  -9  13   0 1.73  0.0    0 11.2 23 320   M    M  10 13     29 320
25  53  47  50 -10  15   0 0.26  0.0    0 12.0 23 360   M    M  10 13     29  10
================================================================================
SM 2076 1314        62 139  3.83     0.0 255.7          M       47
================================================================================
AV 83.0 52.6                              10.2 FASTST   M    M   2    MAX(MPH)
                                 MISC ---->  # 39 190               # 50  190
================================================================================
NOTES:
# LAST OF SEVERAL OCCURRENCES

COLUMN 17 PEAK WIND IN M.P.H.

PRELIMINARY LOCAL CLIMATOLOGICAL DATA (WS FORM: F-6) , PAGE 2

                                          STATION:  GOODLAND KS
                                          MONTH:    SEPTEMBER
                                          YEAR:     2017
                                          LATITUDE:   39 22 N
                                          LONGITUDE: 101 42 W

[TEMPERATURE DATA]      [PRECIPITATION DATA]       SYMBOLS USED IN COLUMN 16

AVERAGE MONTHLY: 67.8   TOTAL FOR MONTH:   3.83    1 = FOG OR MIST
DPTR FM NORMAL:   2.0   DPTR FM NORMAL:    2.81    2 = FOG REDUCING VISIBILITY
HIGHEST:    96 ON  3    GRTST 24HR  1.73 ON 24-24      TO 1/4 MILE OR LESS
LOWEST:     41 ON 20, 6                            3 = THUNDER
                        SNOW, ICE PELLETS, HAIL    4 = ICE PELLETS
                        TOTAL MONTH:   0.0 INCH    5 = HAIL
                        GRTST 24HR     0.0         6 = FREEZING RAIN OR DRIZZLE
                        GRTST DEPTH:   0           7 = DUSTSTORM OR SANDSTORM:
                                                       VSBY 1/2 MILE OR LESS
                                                   8 = SMOKE OR HAZE
[NO. OF DAYS WITH]      [WEATHER - DAYS WITH]      9 = BLOWING SNOW
                                                   X = TORNADO
MAX 32 OR BELOW:   0    0.01 INCH OR MORE:   5
MAX 90 OR ABOVE:  12    0.10 INCH OR MORE:   4
MIN 32 OR BELOW:   0    0.50 INCH OR MORE:   2
MIN  0 OR BELOW:   0    1.00 INCH OR MORE:   2

[HDD (BASE 65) ]
TOTAL THIS MO.    62    CLEAR  (SCALE 0-3)  19
DPTR FM NORMAL   -14    PTCLDY (SCALE 4-7)   4
TOTAL FM JUL 1    62    CLOUDY (SCALE 8-10)  2
DPTR FM NORMAL   -26

[CDD (BASE 65) ]
TOTAL THIS MO.   139
DPTR FM NORMAL    43    [PRESSURE DATA]
TOTAL FM JAN 1   958    HIGHEST SLP M ON M
DPTR FM NORMAL    29    LOWEST  SLP 29.38 ON 19

[REMARKS]
