000
CXUS53 KAPX 290631
CF6GLR
PRELIMINARY LOCAL CLIMATOLOGICAL DATA (WS FORM: F-6)

                                          STATION:   GAYLORD
                                          MONTH:     APRIL
                                          YEAR:      2016
                                          LATITUDE:   45  0 N
                                          LONGITUDE:  84 42 W

  TEMPERATURE IN F:       :PCPN:    SNOW:  WIND      :SUNSHINE: SKY     :PK WND
================================================================================
1   2   3   4   5  6A  6B    7    8   9   10  11  12  13   14  15   16   17  18
                                     12Z  AVG MX 2MIN
DY MAX MIN AVG DEP HDD CDD  WTR  SNW DPTH SPD SPD DIR MIN PSBL S-S WX    SPD DR
================================================================================

 1  45  24  35   0  30   0 0.07    M    M  8.6 24 280   M    M   7 126    35 280
 2  29  18  24 -11  41   0 0.05    M    M  6.0 17 320   M    M   8 128    28 320
 3  23  14  19 -17  46   0 0.35    M    M  5.8 14 300   M    M  10 12     20 320
 4  27   8  18 -18  47   0    T    M    M  7.4 16  40   M    M   6 18     21  40
 5  35  -1  17 -20  48   0 0.00    M    M  4.2 14 170   M    M   1        18 170
 6  35  28  32  -5  33   0 0.34    M    M  8.1 17 150   M    M  10 1      23 150
 7  31  22  27 -11  38   0 0.08    M    M  7.6 15  40   M    M   8 1      22  40
 8  34  15  25 -13  40   0 0.00    M    M  4.8 13  40   M    M   3        16 350
 9  27  15  21 -18  44   0 0.00    M    M  5.1 15 260   M    M   3        22 240
10  33  18  26 -13  39   0 0.07    M    M 11.2 23 160   M    M   9 16     31 150
11  37  31  34  -6  31   0    T    M    M 11.8 21 270   M    M  10 12     28 250
12  37  23  30 -10  35   0 0.01    M    M  6.1 15 280   M    M   7 1      24 290
13  48  22  35  -6  30   0 0.00    M    M  3.6  9 190   M    M   5        14 150
14  53  31  42   1  23   0 0.00    M    M  7.5 14 190   M    M   2        18 150
15  64  34  49   7  16   0 0.00    M    M  6.7 14 150   M    M   0        18 150
16  74  38  56  14   9   0 0.00    M    M  4.5 10  40   M    M   0        13 170
17  78  42  60  18   5   0 0.00    M    M  4.5 14 230   M    M   0        19 320
18  76  41  59  16   6   0    T    M    M  6.5 20 250   M    M   2        25 240
19  64  36  50   7  15   0 0.00    M    M  6.1 15  50   M    M   3 1      20  40
20  62  36  49   5  16   0 0.00    M    M  8.5 20 150   M    M   3        25 150
21  59  47  53   9  12   0 0.19    M    M  6.0 14 190   M    M  10 12     20 190
22  50  36  43  -1  22   0    T    M    M  5.5 10  40   M    M   8 12     14  10
23  55  31  43  -2  22   0 0.00    M    M  4.7 12 160   M    M   1        15 180
24  51  36  44  -1  21   0 0.06    M    M  5.9 10  50   M    M   9 1      15 160
25  40  34  37  -9  28   0 0.96    M    M  8.5 16  50   M    M  10 13     25  70
26  49  29  39  -7  26   0    T    M    M  7.3 18  60   M    M   6 1      26  60
27  55  29  42  -4  23   0 0.00    M    M  6.3 13  50   M    M   0        18  50
28  52  34  43  -4  22   0 0.00    M    M  7.1 18 130   M    M   1        25 120
================================================================================
SM 1323  771       768   0  2.18    M    185.9          M      142
================================================================================
AV 47.2 27.5                               6.6 FASTST   M    M   5    MAX(MPH)
                                 MISC ---->  # 24 280               # 35  280
================================================================================
NOTES:
# LAST OF SEVERAL OCCURRENCES

COLUMN 17 PEAK WIND IN M.P.H.

PRELIMINARY LOCAL CLIMATOLOGICAL DATA (WS FORM: F-6) , PAGE 2

                                          STATION:  GAYLORD
                                          MONTH:    APRIL
                                          YEAR:     2016
                                          LATITUDE:   45  0 N
                                          LONGITUDE:  84 42 W

[TEMPERATURE DATA]      [PRECIPITATION DATA]       SYMBOLS USED IN COLUMN 16

AVERAGE MONTHLY: 37.4   TOTAL FOR MONTH:   2.18    1 = FOG OR MIST
DPTR FM NORMAL:  -3.7   DPTR FM NORMAL:   -0.18    2 = FOG REDUCING VISIBILITY
HIGHEST:    78 ON 17    GRTST 24HR  0.99 ON 31- 1      TO 1/4 MILE OR LESS
LOWEST:     -1 ON  5                               3 = THUNDER
                        SNOW, ICE PELLETS, HAIL    4 = ICE PELLETS
                        TOTAL MONTH:    M          5 = HAIL
                        GRTST 24HR    M  ON   M    6 = FREEZING RAIN OR DRIZZLE
                        GRTST DEPTH:  M  ON   M    7 = DUSTSTORM OR SANDSTORM:
                                                       VSBY 1/2 MILE OR LESS
                                                   8 = SMOKE OR HAZE
[NO. OF DAYS WITH]      [WEATHER - DAYS WITH]      9 = BLOWING SNOW
                                                   X = TORNADO
MAX 32 OR BELOW:   5    0.01 INCH OR MORE:  10
MAX 90 OR ABOVE:   0    0.10 INCH OR MORE:   4
MIN 32 OR BELOW:  17    0.50 INCH OR MORE:   1
MIN  0 OR BELOW:   1    1.00 INCH OR MORE:   0

[HDD (BASE 65) ]
TOTAL THIS MO.   768    CLEAR  (SCALE 0-3)  12
DPTR FM NORMAL    98    PTCLDY (SCALE 4-7)   7
TOTAL FM JUL 1  6742    CLOUDY (SCALE 8-10)  9
DPTR FM NORMAL -1148

[CDD (BASE 65) ]
TOTAL THIS MO.     0
DPTR FM NORMAL     0    [PRESSURE DATA]
TOTAL FM JAN 1     0    HIGHEST SLP M ON M
DPTR FM NORMAL     0    LOWEST  SLP 29.44 ON  7

[REMARKS]
