000
CXUS53 KAPX 250631
CF6GLR
PRELIMINARY LOCAL CLIMATOLOGICAL DATA (WS FORM: F-6)

                                          STATION:   GAYLORD
                                          MONTH:     SEPTEMBER
                                          YEAR:      2017
                                          LATITUDE:   45  0 N
                                          LONGITUDE:  84 42 W

  TEMPERATURE IN F:       :PCPN:    SNOW:  WIND      :SUNSHINE: SKY     :PK WND
================================================================================
1   2   3   4   5  6A  6B    7    8   9   10  11  12  13   14  15   16   17  18
                                     12Z  AVG MX 2MIN
DY MAX MIN AVG DEP HDD CDD  WTR  SNW DPTH SPD SPD DIR MIN PSBL S-S WX    SPD DR
================================================================================

 1  66  37  52  -9  13   0 0.00    M    M  3.2 12  50   M    M   0        14  60
 2  69  39  54  -7  11   0 0.00    M    M  5.1 16 180   M    M   1        21 180
 3  74  53  64   3   1   0 0.00    M    M  9.8 20 270   M    M   6        25 250
 4  68  50  59  -1   6   0 0.44    M    M  7.2 23 220   M    M   6 13     33 230
 5  60  47  54  -6  11   0 0.46    M    M  5.6 16 310   M    M   9 138    24 300
 6  59  42  51  -9  14   0 0.65    M    M  2.1 12  50   M    M   8 13     16 310
 7  60  48  54  -6  11   0 0.16    M    M  6.4 16 260   M    M   7 1      22 280
 8  60  40  50  -9  15   0 0.01    M    M  3.9 12  50   M    M   5 12     19  40
 9  64  33  49 -10  16   0 0.00    M    M  2.3  8  60   M    M   1        12  60
10  66  38  52  -7  13   0 0.00    M    M  3.3  9 190   M    M   0        13 180
11  71  42  57  -1   8   0 0.00    M    M  6.0 16 240   M    M   0        21 240
12  79  50  65   7   0   0 0.00    M    M  2.6  7 230   M    M   0         9 260
13  80  49  65   7   0   0 0.00    M    M  2.0  9  30   M    M   1        14  10
14  77  51  64   7   1   0 0.00    M    M  2.3  8 240   M    M   0        11 190
15  80  55  68  11   0   3 0.00    M    M  6.3 16 230   M    M   0 1      20 230
16  82  60  71  14   0   6 0.00    M    M  7.4 16 200   M    M   1        20 200
17  82  57  70  14   0   5 0.01    M    M  7.3 16 200   M    M   3 123    22 280
18  69  47  58   2   7   0 0.00    M    M  3.5 12  60   M    M   1        17  30
19  72  46  59   3   6   0 0.00    M    0  3.6 12 130   M    M   2 1      17  70
20  78  59  69  14   0   4 0.00    M    M  8.4 17 160   M    M   6 12     23 170
21  87  62  75  20   0  10 0.01    M    M  4.8 15 190   M    M   4 123    18 210
22  90  60  75  21   0  10 0.00    M    M  6.9 23 320   M    M   1 12     38 320
23  89  64  77  23   0  12 0.00    M    M  6.4 18 250   M    M   0 1      25 270
24  89  59  74  20   0   9 0.00    M    M  4.2 13 200   M    M   0 18     16 190
================================================================================
SM 1771 1188       133  59  1.74    M    120.6          M       62
================================================================================
AV 73.8 49.5                               5.0 FASTST   M    M   3    MAX(MPH)
                                 MISC ---->  # 23 220               # 38  320
================================================================================
NOTES:
# LAST OF SEVERAL OCCURRENCES

COLUMN 17 PEAK WIND IN M.P.H.

PRELIMINARY LOCAL CLIMATOLOGICAL DATA (WS FORM: F-6) , PAGE 2

                                          STATION:  GAYLORD
                                          MONTH:    SEPTEMBER
                                          YEAR:     2017
                                          LATITUDE:   45  0 N
                                          LONGITUDE:  84 42 W

[TEMPERATURE DATA]      [PRECIPITATION DATA]       SYMBOLS USED IN COLUMN 16

AVERAGE MONTHLY: 61.7   TOTAL FOR MONTH:   1.74    1 = FOG OR MIST
DPTR FM NORMAL:   3.9   DPTR FM NORMAL:   -1.07    2 = FOG REDUCING VISIBILITY
HIGHEST:    90 ON 22    GRTST 24HR  0.65 ON  6- 6      TO 1/4 MILE OR LESS
LOWEST:     33 ON  9                               3 = THUNDER
                        SNOW, ICE PELLETS, HAIL    4 = ICE PELLETS
                        TOTAL MONTH:    M          5 = HAIL
                        GRTST 24HR    M  ON   M    6 = FREEZING RAIN OR DRIZZLE
                        GRTST DEPTH:   0           7 = DUSTSTORM OR SANDSTORM:
                                                       VSBY 1/2 MILE OR LESS
                                                   8 = SMOKE OR HAZE
[NO. OF DAYS WITH]      [WEATHER - DAYS WITH]      9 = BLOWING SNOW
                                                   X = TORNADO
MAX 32 OR BELOW:   0    0.01 INCH OR MORE:   7
MAX 90 OR ABOVE:   1    0.10 INCH OR MORE:   4
MIN 32 OR BELOW:   0    0.50 INCH OR MORE:   1
MIN  0 OR BELOW:   0    1.00 INCH OR MORE:   0

[HDD (BASE 65) ]
TOTAL THIS MO.   133    CLEAR  (SCALE 0-3)  15
DPTR FM NORMAL   -56    PTCLDY (SCALE 4-7)   8
TOTAL FM JUL 1   246    CLOUDY (SCALE 8-10)  1
DPTR FM NORMAL   -91

[CDD (BASE 65) ]
TOTAL THIS MO.    59
DPTR FM NORMAL    45    [PRESSURE DATA]
TOTAL FM JAN 1   293    HIGHEST SLP M ON M
DPTR FM NORMAL    59    LOWEST  SLP 29.57 ON  4

[REMARKS]
