000
CXUS54 KHGX 231415
CF6GLS
PRELIMINARY LOCAL CLIMATOLOGICAL DATA (WS FORM: F-6)

                                          STATION:   GALVESTON
                                          MONTH:     MAY
                                          YEAR:      2017
                                          LATITUDE:   29 16 N
                                          LONGITUDE:  94 52 W

  TEMPERATURE IN F:       :PCPN:    SNOW:  WIND      :SUNSHINE: SKY     :PK WND
================================================================================
1   2   3   4   5  6A  6B    7    8   9   10  11  12  13   14  15   16   17  18
                                     12Z  AVG MX 2MIN
DY MAX MIN AVG DEP HDD CDD  WTR  SNW DPTH SPD SPD DIR MIN PSBL S-S WX    SPD DR
================================================================================

 1  83  63  73  -1   0   8 0.00  0.0    0 10.0 17 190   M    M   0        23 200
 2  84  72  78   4   0  13 0.00  0.0    0 14.0 21 130   M    M   1        25 130
 3  83  70  77   3   0  12 0.24  0.0    0 17.3 35 350   M    M  10 138    41 350
 4  79  63  71  -4   0   6 0.00  0.0    0 19.8 36 340   M    M   0        43 330
 5  83  62  73  -2   0   8 0.00  0.0    0 10.5 18 340   M    M   0        23 330
 6  82  64  73  -2   0   8 0.00  0.0    0  7.1 14 180   M    M   0        19 180
 7  82  70  76   0   0  11 0.00  0.0    0 10.6 17 150   M    M   1        21 150
 8  84  73  79   3   0  14 0.00  0.0    0 14.2 21 130   M    M   5        26 130
 9  84  75  80   4   0  15 0.00  0.0    0 16.3 22 140   M    M   4        26 150
10  84  76  80   4   0  15 0.00  0.0    0 15.7 21 150   M    M   5        25 140
11  84  77  81   5   0  16 0.00  0.0    0 13.8 21 150   M    M   6 18     26 150
12  90  76  83   6   0  18 0.04  0.0    0 13.1 22 360   M    M   4 138    27 280
13  85  71  78   1   0  13 0.00  0.0    0 11.3 22 340   M    M   1        25 330
14  84  72  78   1   0  13 0.00  0.0    0  8.6 14 150   M    M   1        19 120
15  85  70  78   0   0  13 0.00  0.0    0 11.0 20 150   M    M   2        23 140
16  86  76  81   3   0  16 0.00  0.0    0 19.7 29 150   M    M   3        36 150
17  87  79  83   5   0  18 0.00  0.0    0 18.9 32 150   M    M   6 8      39 150
18  87  79  83   5   0  18 0.00  0.0    0 17.7 25 140   M    M   7 18     31 140
19  87  80  84   6   0  19 0.00  0.0    0 18.3 23 130   M    M   9 18     29 130
20  88  80  84   5   0  19 0.00  0.0    0 12.1 21 140   M    M   6 8      26 140
21  86  73  80   1   0  15 0.74  0.0    0 10.2 35 140   M    M   6 13     41 150
22  83  73  78  -1   0  13 2.33  0.0    0 16.0 31 120   M    M   8 123    40 120
================================================================================
SM 1860 1594         0 301  3.35     0.0 306.2          M       85
================================================================================
AV 84.6 72.5                              13.9 FASTST   M    M   4    MAX(MPH)
                                 MISC ---->  # 36 340               # 43  330
================================================================================
NOTES:
# LAST OF SEVERAL OCCURRENCES

COLUMN 17 PEAK WIND IN M.P.H.

PRELIMINARY LOCAL CLIMATOLOGICAL DATA (WS FORM: F-6) , PAGE 2

                                          STATION:  GALVESTON
                                          MONTH:    MAY
                                          YEAR:     2017
                                          LATITUDE:   29 16 N
                                          LONGITUDE:  94 52 W

[TEMPERATURE DATA]      [PRECIPITATION DATA]       SYMBOLS USED IN COLUMN 16

AVERAGE MONTHLY: 78.5   TOTAL FOR MONTH:   3.35    1 = FOG OR MIST
DPTR FM NORMAL:   1.9   DPTR FM NORMAL:    0.86    2 = FOG REDUCING VISIBILITY
HIGHEST:    90 ON 12    GRTST 24HR  2.33 ON 22-22      TO 1/4 MILE OR LESS
LOWEST:     62 ON  5                               3 = THUNDER
                        SNOW, ICE PELLETS, HAIL    4 = ICE PELLETS
                        TOTAL MONTH:   0.0 INCH    5 = HAIL
                        GRTST 24HR     0.0         6 = FREEZING RAIN OR DRIZZLE
                        GRTST DEPTH:   0           7 = DUSTSTORM OR SANDSTORM:
                                                       VSBY 1/2 MILE OR LESS
                                                   8 = SMOKE OR HAZE
[NO. OF DAYS WITH]      [WEATHER - DAYS WITH]      9 = BLOWING SNOW
                                                   X = TORNADO
MAX 32 OR BELOW:   0    0.01 INCH OR MORE:   4
MAX 90 OR ABOVE:   1    0.10 INCH OR MORE:   3
MIN 32 OR BELOW:   0    0.50 INCH OR MORE:   2
MIN  0 OR BELOW:   0    1.00 INCH OR MORE:   1

[HDD (BASE 65) ]
TOTAL THIS MO.     0    CLEAR  (SCALE 0-3)  10
DPTR FM NORMAL     0    PTCLDY (SCALE 4-7)  10
TOTAL FM JUL 1   328    CLOUDY (SCALE 8-10)  2
DPTR FM NORMAL  -681

[CDD (BASE 65) ]
TOTAL THIS MO.   301
DPTR FM NORMAL    44    [PRESSURE DATA]
TOTAL FM JAN 1   985    HIGHEST SLP M ON M
DPTR FM NORMAL   485    LOWEST  SLP 29.67 ON  3

[REMARKS]
