000
CXUS52 KJAX 220800
CF6GNV
PRELIMINARY LOCAL CLIMATOLOGICAL DATA (WS FORM: F-6)

                                          STATION:   GAINESVILLE FL
                                          MONTH:     NOVEMBER
                                          YEAR:      2017
                                          LATITUDE:   29 40 N
                                          LONGITUDE:  82 16 W

  TEMPERATURE IN F:       :PCPN:    SNOW:  WIND      :SUNSHINE: SKY     :PK WND
================================================================================
1   2   3   4   5  6A  6B    7    8   9   10  11  12  13   14  15   16   17  18
                                     12Z  AVG MX 2MIN
DY MAX MIN AVG DEP HDD CDD  WTR  SNW DPTH SPD SPD DIR MIN PSBL S-S WX    SPD DR
================================================================================

 1  78  45  62  -4   3   0 0.00  0.0    0  2.3 12 140   M    M   2        14 120
 2  81  52  67   1   0   2 0.00  0.0    0  2.6 10  90   M    M   2        15  60
 3  83  54  69   3   0   4 0.00  0.0    0  3.4 12 360   M    M   0        17 300
 4  83  53  68   2   0   3 0.00  0.0    0  3.6 13  60   M    M   0        22  30
 5  82  52  67   2   0   2 0.00  0.0    0  4.5 13 360   M    M   6 12     18  10
 6  83  58  71   6   0   6 0.00  0.0    0  2.6  9  60   M    M   1 1      13 220
 7  84  54  69   4   0   4 0.00  0.0    0  2.1  9 270   M    M   2 1      13 300
 8  83  56  70   5   0   5 0.00  0.0    0  2.1  8 350   M    M   3 12     11  10
 9  80  60  70   6   0   5 0.00  0.0    0  3.9 17 320   M    M   4 12     24 310
10  65  54  60  -4   5   0 0.00  0.0    0  8.3 16  50   M    M   8        19  70
11  77  51  64   0   1   0    T  0.0    0  8.2 22  60   M    M   4        27  60
12  81  63  72   8   0   7 0.00  0.0    0  8.6 16  70   M    M   9        23 100
13  78  58  68   5   0   3 0.00  0.0    0  7.4 16  30   M    M   5        22  30
14  70  50  60  -3   5   0 0.00  0.0    0  9.6 18  40   M    M   3        22  40
15  69  45  57  -6   8   0 0.00  0.0    0  7.1 15  30   M    M   3 1      19  10
16  72  41  57  -6   8   0 0.00  0.0    0  4.1 14  20   M    M   0 1      19  10
17  74  41  58  -4   7   0 0.00  0.0    0  3.4 12  60   M    M   1        14 100
18  78  45  62   0   3   0 0.00  0.0    0  4.4 16 180   M    M   1 1      19 190
19  72  46  59  -3   6   0 0.05  0.0    0  7.0 14 330   M    M   4 1      20 330
20  74  35  55  -7  10   0 0.00  0.0    0  5.1 18  60   M    M   2        23  70
21  76  50  63   2   2   0 0.15  0.0    0  4.5 15 180   M    M   5 13     20 190
================================================================================
SM 1623 1063        58  41  0.20     0.0 104.8          M       65
================================================================================
AV 77.3 50.6                               5.0 FASTST   M    M   3    MAX(MPH)
                                 MISC ---->  # 22  60               # 27   60
================================================================================
NOTES:
# LAST OF SEVERAL OCCURRENCES

COLUMN 17 PEAK WIND IN M.P.H.

PRELIMINARY LOCAL CLIMATOLOGICAL DATA (WS FORM: F-6) , PAGE 2

                                          STATION:  GAINESVILLE FL
                                          MONTH:    NOVEMBER
                                          YEAR:     2017
                                          LATITUDE:   29 40 N
                                          LONGITUDE:  82 16 W

[TEMPERATURE DATA]      [PRECIPITATION DATA]       SYMBOLS USED IN COLUMN 16

AVERAGE MONTHLY: 64.0   TOTAL FOR MONTH:   0.20    1 = FOG OR MIST
DPTR FM NORMAL:   0.1   DPTR FM NORMAL:   -1.25    2 = FOG REDUCING VISIBILITY
HIGHEST:    84 ON  7    GRTST 24HR  0.15 ON 21-21      TO 1/4 MILE OR LESS
LOWEST:     35 ON 20                               3 = THUNDER
                        SNOW, ICE PELLETS, HAIL    4 = ICE PELLETS
                        TOTAL MONTH:   0.0 INCH    5 = HAIL
                        GRTST 24HR     0.0         6 = FREEZING RAIN OR DRIZZLE
                        GRTST DEPTH:   0           7 = DUSTSTORM OR SANDSTORM:
                                                       VSBY 1/2 MILE OR LESS
                                                   8 = SMOKE OR HAZE
[NO. OF DAYS WITH]      [WEATHER - DAYS WITH]      9 = BLOWING SNOW
                                                   X = TORNADO
MAX 32 OR BELOW:   0    0.01 INCH OR MORE:   2
MAX 90 OR ABOVE:   0    0.10 INCH OR MORE:   1
MIN 32 OR BELOW:   0    0.50 INCH OR MORE:   0
MIN  0 OR BELOW:   0    1.00 INCH OR MORE:   0

[HDD (BASE 65) ]
TOTAL THIS MO.    58    CLEAR  (SCALE 0-3)  13
DPTR FM NORMAL   -20    PTCLDY (SCALE 4-7)   7
TOTAL FM JUL 1   110    CLOUDY (SCALE 8-10)  1
DPTR FM NORMAL     5

[CDD (BASE 65) ]
TOTAL THIS MO.    41
DPTR FM NORMAL   -14    [PRESSURE DATA]
TOTAL FM JAN 1  2884    HIGHEST SLP M ON M
DPTR FM NORMAL   279    LOWEST  SLP 29.82 ON 19

[REMARKS]
