000
CXUS52 KJAX 250800
CF6GNV
PRELIMINARY LOCAL CLIMATOLOGICAL DATA (WS FORM: F-6)

                                          STATION:   GAINESVILLE FL
                                          MONTH:     SEPTEMBER
                                          YEAR:      2017
                                          LATITUDE:   29 40 N
                                          LONGITUDE:  82 16 W

  TEMPERATURE IN F:       :PCPN:    SNOW:  WIND      :SUNSHINE: SKY     :PK WND
================================================================================
1   2   3   4   5  6A  6B    7    8   9   10  11  12  13   14  15   16   17  18
                                     12Z  AVG MX 2MIN
DY MAX MIN AVG DEP HDD CDD  WTR  SNW DPTH SPD SPD DIR MIN PSBL S-S WX    SPD DR
================================================================================

 1  90  72  81   1   0  16 1.84  0.0    0  5.3 23 270   M    M   1 13     35 260
 2  81  71  76  -4   0  11 0.16  0.0    0  2.4  8 160   M    M   3 1      10 230
 3  89  68  79  -1   0  14 0.00  0.0    0  1.1  8 100   M    M   1        12 150
 4  88  71  80   0   0  15 0.00  0.0    0  3.1 15 140   M    M   2 3      19 150
 5  89  71  80   0   0  15    T  0.0    0  2.6 12 210   M    M   2        15 220
 6  84  72  78  -2   0  13 0.10  0.0    0  4.1 15 300   M    M   4        19 300
 7  88  68  78  -2   0  13 0.00  0.0    0  5.1 14  30   M    M   2        18  30
 8  89  71  80   0   0  15 0.00  0.0    0  9.8 21  40   M    M   4        27  60
 9  87  73  80   1   0  15 0.53  0.0    0 10.3 29 120   M    M   9 13     37 120
10  74  69  72  -7   0   7 6.63  0.0    0 17.8 36  30   M    M   9 1      56  10
11  76  69  73  -6   0   8 5.77  0.0    0 20.6 45  50   M    M   9 1      61  50
12  85  63  74  -5   0   9 0.01  0.0    0  7.0 17 250   M    M   4        25 250
13  89  63  76  -3   0  11 0.00  0.0    0  3.3 12 220   M    M   1        16 180
14  90  68  79   0   0  14 0.00  0.0    0  1.8 13 270   M    M   4        15 280
15  92  74  83   4   0  18 0.01  0.0    0  3.1 17  10   M    M   4 13     22  10
16  87  71  79   1   0  14    T  0.0    0  3.8 12  40   M    M   2 1      14  40
17  90  68  79   1   0  14 0.00  0.0    0  5.3 14  40   M    M   2 1      18  20
18  90  66  78   0   0  13 0.00  0.0    0  4.7 15  20   M    M   1        19  10
19  91  62  77  -1   0  12 0.00  0.0    0  1.6 10  10   M    M   0        14  10
20  91  68  80   2   0  15 0.00  0.0    0  1.8  7  30   M    M   1 1       M  M
21  90  69  80   3   0  15 0.00  0.0    0  2.1  8  50   M    M   1         M  M
22  89  68  79   2   0  14 0.00  0.0    0  5.8 15  50   M    M   2        21  70
23  87  70  79   2   0  14 0.01  0.0    0  7.2 17  50   M    M   2 3      32 330
24  90  70  80   3   0  15 0.00  0.0    0  6.7 12  60   M    M   1        20 100
================================================================================
SM 2096 1655         0 320 15.06     0.0 136.4          M       71
================================================================================
AV 87.3 69.0                               5.7 FASTST   M    M   3    MAX(MPH)
                                 MISC ---->  # 45  50               # 61   50
================================================================================
NOTES:
# LAST OF SEVERAL OCCURRENCES

COLUMN 17 PEAK WIND IN M.P.H.

PRELIMINARY LOCAL CLIMATOLOGICAL DATA (WS FORM: F-6) , PAGE 2

                                          STATION:  GAINESVILLE FL
                                          MONTH:    SEPTEMBER
                                          YEAR:     2017
                                          LATITUDE:   29 40 N
                                          LONGITUDE:  82 16 W

[TEMPERATURE DATA]      [PRECIPITATION DATA]       SYMBOLS USED IN COLUMN 16

AVERAGE MONTHLY: 78.2   TOTAL FOR MONTH:  15.06    1 = FOG OR MIST
DPTR FM NORMAL:  -0.6   DPTR FM NORMAL:   11.42    2 = FOG REDUCING VISIBILITY
HIGHEST:    92 ON 15    GRTST 24HR  6.63 ON 10-10      TO 1/4 MILE OR LESS
LOWEST:     62 ON 19                               3 = THUNDER
                        SNOW, ICE PELLETS, HAIL    4 = ICE PELLETS
                        TOTAL MONTH:   0.0 INCH    5 = HAIL
                        GRTST 24HR     0.0         6 = FREEZING RAIN OR DRIZZLE
                        GRTST DEPTH:   0           7 = DUSTSTORM OR SANDSTORM:
                                                       VSBY 1/2 MILE OR LESS
                                                   8 = SMOKE OR HAZE
[NO. OF DAYS WITH]      [WEATHER - DAYS WITH]      9 = BLOWING SNOW
                                                   X = TORNADO
MAX 32 OR BELOW:   0    0.01 INCH OR MORE:   9
MAX 90 OR ABOVE:   9    0.10 INCH OR MORE:   6
MIN 32 OR BELOW:   0    0.50 INCH OR MORE:   4
MIN  0 OR BELOW:   0    1.00 INCH OR MORE:   3

[HDD (BASE 65) ]
TOTAL THIS MO.     0    CLEAR  (SCALE 0-3)  16
DPTR FM NORMAL     0    PTCLDY (SCALE 4-7)   5
TOTAL FM JUL 1     0    CLOUDY (SCALE 8-10)  3
DPTR FM NORMAL     0

[CDD (BASE 65) ]
TOTAL THIS MO.   320
DPTR FM NORMAL   -10    [PRESSURE DATA]
TOTAL FM JAN 1  2480    HIGHEST SLP M ON M
DPTR FM NORMAL   206    LOWEST  SLP 29.13 ON 11

[REMARKS]
