000
CXUS54 KOUN 220700
CF6GOK
PRELIMINARY LOCAL CLIMATOLOGICAL DATA (WS FORM: F-6)

                                          STATION:   GUTHRIE MUNICIPAL
                                          MONTH:     JULY
                                          YEAR:      2017
                                          LATITUDE:   35 50 N
                                          LONGITUDE:  97 25 W

  TEMPERATURE IN F:       :PCPN:    SNOW:  WIND      :SUNSHINE: SKY     :PK WND
================================================================================
1   2   3   4   5  6A  6B    7    8   9   10  11  12  13   14  15   16   17  18
                                     12Z  AVG MX 2MIN
DY MAX MIN AVG DEP HDD CDD  WTR  SNW DPTH SPD SPD DIR MIN PSBL S-S WX    SPD DR
================================================================================

 1  91  71  81   0   0  16    T  0.0    0  6.5 12 110   M    M   3 13     22 190
 2  90  69  80  -1   0  15 0.08  0.0    0  8.6 26 160   M    M   1 13     32 180
 3  94  67  81   0   0  16 3.17  0.0    0 10.4 24 290   M    M   7 13     32  20
 4  85  65  75  -7   0  10 0.00  0.0    0  4.2 13 210   M    M   2 18     18 210
 5  90  68  79  -3   0  14 0.00  0.0    0  4.7  9  50   M    M   1 1      46  90
 6  94  70  82   0   0  17 0.00  0.0    0  3.2  8 110   M    M   0 1      11  80
 7  98  72  85   3   0  20    T  0.0    0  6.3 21 240   M    M   0 3      26 250
 8  86  70  78  -4   0  13 0.01  0.0    0  6.7 16 160   M    M   2        27 330
 9  94  69  82   0   0  17 0.00  0.0    0  8.0 15 170   M    M   0        18 140
10  95  71  83   1   0  18 0.00  0.0    0 10.1 17 170   M    M   0        24 150
11  99  76  88   5   0  23 0.00  0.0    0 11.0 17 200   M    M   0        23 200
12  98  79  89   6   0  24 0.00  0.0    0 12.1 20 180   M    M   0        24 190
13  98  76  87   4   0  22 0.00  0.0    0  8.3 15 210   M    M   0        20 210
14  98  73  86   3   0  21 0.12  0.0    0  6.8 15 280   M    M   1 3      18 290
15  95  76  86   3   0  21 0.00  0.0    0  6.0 15  90   M    M   1        19  80
16  96  72  84   1   0  19 0.00  0.0    0  4.7 14  80   M    M   0        20  80
17  96  72  84   1   0  19 0.00  0.0    0  6.6 14 130   M    M   1        17 140
18  97  74  86   3   0  21 0.00  0.0    0  8.6 16 180   M    M   0        22 190
19 101  77  89   6   0  24 0.00  0.0    0  9.1 15 150   M    M   1        23 170
20 103  77  90   7   0  25 0.00  0.0    0 10.2 16 210   M    M   1        25 210
21 104  79  92   8   0  27 0.00  0.0    0 10.0 16 200   M    M   1        24 200
================================================================================
SM 2002 1523         0 402  3.38     0.0 162.1          M       22
================================================================================
AV 95.3 72.5                               7.7 FASTST   M    M   1    MAX(MPH)
                                 MISC ---->  # 26 160               # 46   90
================================================================================
NOTES:
# LAST OF SEVERAL OCCURRENCES

COLUMN 17 PEAK WIND IN M.P.H.

PRELIMINARY LOCAL CLIMATOLOGICAL DATA (WS FORM: F-6) , PAGE 2

                                          STATION:  GUTHRIE MUNICIPAL
                                          MONTH:    JULY
                                          YEAR:     2017
                                          LATITUDE:   35 50 N
                                          LONGITUDE:  97 25 W

[TEMPERATURE DATA]      [PRECIPITATION DATA]       SYMBOLS USED IN COLUMN 16

AVERAGE MONTHLY: 83.9   TOTAL FOR MONTH:   3.38    1 = FOG OR MIST
DPTR FM NORMAL:   1.5   DPTR FM NORMAL:    1.57    2 = FOG REDUCING VISIBILITY
HIGHEST:   104 ON 21    GRTST 24HR  3.17 ON  3- 3      TO 1/4 MILE OR LESS
LOWEST:     65 ON  4                               3 = THUNDER
                        SNOW, ICE PELLETS, HAIL    4 = ICE PELLETS
                        TOTAL MONTH:   0.0 INCH    5 = HAIL
                        GRTST 24HR     0.0         6 = FREEZING RAIN OR DRIZZLE
                        GRTST DEPTH:   0           7 = DUSTSTORM OR SANDSTORM:
                                                       VSBY 1/2 MILE OR LESS
                                                   8 = SMOKE OR HAZE
[NO. OF DAYS WITH]      [WEATHER - DAYS WITH]      9 = BLOWING SNOW
                                                   X = TORNADO
MAX 32 OR BELOW:   0    0.01 INCH OR MORE:   4
MAX 90 OR ABOVE:  19    0.10 INCH OR MORE:   2
MIN 32 OR BELOW:   0    0.50 INCH OR MORE:   1
MIN  0 OR BELOW:   0    1.00 INCH OR MORE:   1

[HDD (BASE 65) ]
TOTAL THIS MO.     0    CLEAR  (SCALE 0-3)  20
DPTR FM NORMAL     0    PTCLDY (SCALE 4-7)   1
TOTAL FM JUL 1     0    CLOUDY (SCALE 8-10)  0
DPTR FM NORMAL     0

[CDD (BASE 65) ]
TOTAL THIS MO.   402
DPTR FM NORMAL    37    [PRESSURE DATA]
TOTAL FM JAN 1  1107    HIGHEST SLP M ON M
DPTR FM NORMAL   117    LOWEST  SLP 29.79 ON  3

[REMARKS]
