000
CXUS54 KFWD 180730
CF6GOP
PRELIMINARY LOCAL CLIMATOLOGICAL DATA (WS FORM: F-6)

                                          STATION:   GATESVILLE
                                          MONTH:     NOVEMBER
                                          YEAR:      2017
                                          LATITUDE:   31 25 N
                                          LONGITUDE:  97 48 W

  TEMPERATURE IN F:       :PCPN:    SNOW:  WIND      :SUNSHINE: SKY     :PK WND
================================================================================
1   2   3   4   5  6A  6B    7    8   9   10  11  12  13   14  15   16   17  18
                                     12Z  AVG MX 2MIN
DY MAX MIN AVG DEP HDD CDD  WTR  SNW DPTH SPD SPD DIR MIN PSBL S-S WX    SPD DR
================================================================================

 1  88  50  69   8   0   4 0.00  0.0    0  6.4 15 180   M    M   4 1      22 180
 2  91  64  78  17   0  13 0.00  0.0    0  8.1 16 190   M    M   0 1      20 180
 3  84  63  74  14   0   9 0.00  0.0    0  2.5  8 340   M    M   3 18     14  99
 4  86  61  74  14   0   9 0.00  0.0    0  7.1 13 190   M    M   4 18     20 190
 5  86  70  78  18   0  13 0.00  0.0    0  8.5 13 190   M    M   2 18     21 200
 6  88  64  76  17   0  11 0.00  0.0    0  4.8 12 220   M    M   2 1      15 230
 7  64  52  58  -1   7   0 0.00  0.0    0  6.3 14 350   M    M   8 8      21 350
 8  52  43  48 -11  17   0 0.88  0.0    0  8.5 14 350   M    M   9 13     17 350
 9  52  45  49  -9  16   0 0.00  0.0    0  3.0  7 340   M    M   8 1       M  M
10  61  50  56  -2   9   0 0.00  0.0    0  0.4  5  70   M    M   7 1       M  M
11  70  55  63   5   2   0 0.00  0.0    0  4.3 12 150   M    M   8        16 140
12  72  63  68  11   0   3 0.00  0.0    0  1.9  9 170   M    M   8 1      13  30
13  70  59  65   8   0   0 0.00  0.0    0  0.6  7  80   M    M   6 18      M  M
14  79  63  71  15   0   6 0.00  0.0    0  5.9 14 190   M    M   5        21 200
15  77  66  72  16   0   7 0.00  0.0    0  4.6 10 180   M    M   6        15 160
16  75  63  69  13   0   4 0.00  0.0    0  1.1  8 140   M    M   4 12      M  M
17  82  68  75  20   0  10 0.00  0.0    0 10.9 20 180   M    M   3        25 200
================================================================================
SM 1277  999        51  89  0.88     0.0  84.9          M       87
================================================================================
AV 75.1 58.8                               5.0 FASTST   M    M   5    MAX(MPH)
                                 MISC ---->    20   M                 25    M
================================================================================
NOTES:
# LAST OF SEVERAL OCCURRENCES

COLUMN 17 PEAK WIND IN M.P.H.

PRELIMINARY LOCAL CLIMATOLOGICAL DATA (WS FORM: F-6) , PAGE 2

                                          STATION:  GATESVILLE
                                          MONTH:    NOVEMBER
                                          YEAR:     2017
                                          LATITUDE:   31 25 N
                                          LONGITUDE:  97 48 W

[TEMPERATURE DATA]      [PRECIPITATION DATA]       SYMBOLS USED IN COLUMN 16

AVERAGE MONTHLY: 66.9   TOTAL FOR MONTH:   0.88    1 = FOG OR MIST
DPTR FM NORMAL:   8.7   DPTR FM NORMAL:       M    2 = FOG REDUCING VISIBILITY
HIGHEST:    91 ON  2    GRTST 24HR  0.88 ON  8- 8      TO 1/4 MILE OR LESS
LOWEST:     43 ON  8                               3 = THUNDER
                        SNOW, ICE PELLETS, HAIL    4 = ICE PELLETS
                        TOTAL MONTH:   0.0 INCH    5 = HAIL
                        GRTST 24HR     0.0         6 = FREEZING RAIN OR DRIZZLE
                        GRTST DEPTH:   0           7 = DUSTSTORM OR SANDSTORM:
                                                       VSBY 1/2 MILE OR LESS
                                                   8 = SMOKE OR HAZE
[NO. OF DAYS WITH]      [WEATHER - DAYS WITH]      9 = BLOWING SNOW
                                                   X = TORNADO
MAX 32 OR BELOW:   0    0.01 INCH OR MORE:   1
MAX 90 OR ABOVE:   1    0.10 INCH OR MORE:   1
MIN 32 OR BELOW:   0    0.50 INCH OR MORE:   1
MIN  0 OR BELOW:   0    1.00 INCH OR MORE:   0

[HDD (BASE 65) ]
TOTAL THIS MO.    51    CLEAR  (SCALE 0-3)   4
DPTR FM NORMAL   -83    PTCLDY (SCALE 4-7)  10
TOTAL FM JUL 1   142    CLOUDY (SCALE 8-10)  3
DPTR FM NORMAL   -84

[CDD (BASE 65) ]
TOTAL THIS MO.    89
DPTR FM NORMAL    67    [PRESSURE DATA]
TOTAL FM JAN 1  1068    HIGHEST SLP M ON M
DPTR FM NORMAL -1244    LOWEST  SLP M ON M

[REMARKS]
