667
CXUS55 KMSO 240900
CF6GPI
PRELIMINARY LOCAL CLIMATOLOGICAL DATA (WS FORM: F-6)

                                          STATION:   KALISPELL MT
                                          MONTH:     JANUARY
                                          YEAR:      2017
                                          LATITUDE:   48 17 N
                                          LONGITUDE: 114 16 W

  TEMPERATURE IN F:       :PCPN:    SNOW:  WIND      :SUNSHINE: SKY     :PK WND
================================================================================
1   2   3   4   5  6A  6B    7    8   9   10  11  12  13   14  15   16   17  18
                                     12Z  AVG MX 2MIN
DY MAX MIN AVG DEP HDD CDD  WTR  SNW DPTH SPD SPD DIR MIN PSBL S-S WX    SPD DR
================================================================================

 1  25   9  17  -5  48   0 0.14  1.4   10 16.1 36  40   M    M  10 189    43  40
 2  16   3  10 -12  55   0 0.00  0.0   10 10.4 20  40   M    M   0        24  40
 3  12  -2   5 -17  60   0 0.00  0.0   10  8.4 17  10   M    M   8        22  10
 4   6 -22  -8 -30  73   0 0.00  0.0   10  1.8 15 350   M    M   0 18     20 340
 5   8 -22  -7 -29  72   0 0.00  0.0   10  0.6  7  10   M    M   8 8       8  10
 6  17 -12   3 -19  62   0    T    T    9  0.1  6  30   M    M   7 18      6  20
 7  10 -16  -3 -26  68   0 0.05  0.5    9  1.6  7 160   M    M   2 18      8 270
 8  18  -1   9 -14  56   0 0.37  5.0    9  1.4  7 360   M    M  10 1       8  10
 9  24  12  18  -5  47   0 0.19  2.2   13  1.6 13  30   M    M  10 12     14  40
10  28   9  19  -4  46   0 0.01    T   14  8.7 31  20   M    M   7 189    39  20
11  13 -19  -3 -26  68   0 0.00  0.0   14  8.3 28  10   M    M   0 18     35  10
12  13 -19  -3 -26  68   0    T    T   13  1.3  8 290   M    M   8         9 270
13  13 -14   0 -24  65   0    T    T   11  0.6  5 210   M    M   9 18      5 210
14  18  12  15  -9  50   0 0.01    T   11  1.4  6 150   M    M  10 12      7 180
15  18  12  15  -9  50   0    T  0.3   11  2.3  7 150   M    M  10 18      8  30
16  14   9  12 -12  53   0    T    T   11  1.9  7  60   M    M  10 128     7  60
17  21  10  16  -8  49   0    T    T   12  0.5  5  50   M    M  10 128     6 340
18  32  20  26   2  39   0 0.04    T   11  1.5  7 200   M    M  10 16      8  90
19  38  22  30   6  35   0 0.01  0.1   11  1.0  7 240   M    M  10 1268    7 240
20  40  13  27   3  38   0 0.00  0.0   11  1.2  8 350   M    M   6 12     10 340
21  29  11  20  -5  45   0 0.01    T   10  1.8 12  30   M    M   5 18     13  20
22  37  18  28   3  37   0    T    T   11  1.3  8 130   M    M   7 12      9 140
23  34  13  24  -1  41   0 0.01  0.3   11  8.3 18  10   M    M   6 18     23  30
================================================================================
SM  484   46      1225   0  0.84     9.8  82.1          M      163
================================================================================
AV 21.0  2.0                               3.6 FASTST   M    M   7    MAX(MPH)
                                 MISC ---->  # 36  40               # 43   40
================================================================================
NOTES:
# LAST OF SEVERAL OCCURRENCES

COLUMN 17 PEAK WIND IN M.P.H.

PRELIMINARY LOCAL CLIMATOLOGICAL DATA (WS FORM: F-6) , PAGE 2

                                          STATION:  KALISPELL MT
                                          MONTH:    JANUARY
                                          YEAR:     2017
                                          LATITUDE:   48 17 N
                                          LONGITUDE: 114 16 W

[TEMPERATURE DATA]      [PRECIPITATION DATA]       SYMBOLS USED IN COLUMN 16

AVERAGE MONTHLY: 11.5   TOTAL FOR MONTH:   0.84    1 = FOG OR MIST
DPTR FM NORMAL: -11.8   DPTR FM NORMAL:   -0.21    2 = FOG REDUCING VISIBILITY
HIGHEST:    40 ON 20    GRTST 24HR  0.45 ON  8- 9      TO 1/4 MILE OR LESS
LOWEST:    -22 ON  5, 4                            3 = THUNDER
                        SNOW, ICE PELLETS, HAIL    4 = ICE PELLETS
                        TOTAL MONTH:   9.8 INCHES  5 = HAIL
                        GRTST 24HR   5.0 ON  8- 8  6 = FREEZING RAIN OR DRIZZLE
                        GRTST DEPTH:  14 ON 11,10  7 = DUSTSTORM OR SANDSTORM:
                                                       VSBY 1/2 MILE OR LESS
                                                   8 = SMOKE OR HAZE
[NO. OF DAYS WITH]      [WEATHER - DAYS WITH]      9 = BLOWING SNOW
                                                   X = TORNADO
MAX 32 OR BELOW:  19    0.01 INCH OR MORE:  10
MAX 90 OR ABOVE:   0    0.10 INCH OR MORE:   3
MIN 32 OR BELOW:  23    0.50 INCH OR MORE:   0
MIN  0 OR BELOW:   9    1.00 INCH OR MORE:   0

[HDD (BASE 65) ]
TOTAL THIS MO.  1225    CLEAR  (SCALE 0-3)   4
DPTR FM NORMAL   266    PTCLDY (SCALE 4-7)   8
TOTAL FM JUL 1  4665    CLOUDY (SCALE 8-10) 11
DPTR FM NORMAL   192

[CDD (BASE 65) ]
TOTAL THIS MO.     0
DPTR FM NORMAL     0    [PRESSURE DATA]
TOTAL FM JAN 1     0    HIGHEST SLP M ON M
DPTR FM NORMAL     0    LOWEST  SLP 29.39 ON 20

[REMARKS]
