000
CXGM50 PGUM 201850
CF6GUM
PRELIMINARY LOCAL CLIMATOLOGICAL DATA (WS FORM: F-6)

                                          STATION:   GUAM INTERNATIONAL AIRPORT GU
                                          MONTH:     APRIL
                                          YEAR:      2014
                                          LATITUDE:   13 29 N
                                          LONGITUDE: 144-48 E

  TEMPERATURE IN F:       :PCPN:    SNOW:  WIND      :SUNSHINE: SKY     :PK WND
================================================================================
1   2   3   4   5  6A  6B    7    8   9   10  11  12  13   14  15   16   17  18
                                     12Z  AVG MX 2MIN
DY MAX MIN AVG DEP HDD CDD  WTR  SNW DPTH SPD SPD DIR MIN PSBL S-S WX    SPD DR
================================================================================

 1  90  77  84   3   0  19 0.00  0.0    0  9.2 16  50   M    M   2        21  50
 2  89  80  85   3   0  20    T  0.0    0 12.6 23  80   M    M   5        28  80
 3  90  78  84   2   0  19 0.03  0.0    0 11.8 21  80   M    M   4        26  70
 4  89  80  85   3   0  20    T  0.0    0 13.4 23  80   M    M   4        29  60
 5  89  79  84   2   0  19 0.02  0.0    0 15.7 25  60   M    M   3        31  80
 6  88  78  83   1   0  18 0.01  0.0    0 14.4 23  80   M    M   5        29  90
 7  89  75  82   0   0  17 0.00  0.0    0 10.3 17  80   M    M   2        23  90
 8  89  78  84   2   0  19 0.08  0.0    0 12.2 22  80   M    M   4        28  80
 9  88  78  83   1   0  18 0.08  0.0    0 14.3 25  60   M    M   5        30  90
10  89  80  85   3   0  20    T  0.0    0 10.2 16  80   M    M   3        21  60
11  85  78  82   0   0  17 0.04  0.0    0  7.9 15 110   M    M   5        20 110
12  89  78  84   2   0  19 0.04  0.0    0  9.7 18  70   M    M   2        22  60
13  88  78  83   1   0  18 0.00  0.0    0  8.0 16 110   M    M   3        21 120
14  90  75  83   1   0  18 0.00  0.0    0  7.2 15  80   M    M   3        20 110
15  90  77  84   2   0  19 0.82  0.0    0  3.4 14 110   M    M   4 13     16 110
16  91  77  84   2   0  19 0.02  0.0    0  7.3 15  70   M    M   4        20  40
17  91  79  85   3   0  20 0.09  0.0    0  9.1 17 350   M    M   5        21 340
18  90  80  85   3   0  20    T  0.0    0 10.9 18  90   M    M   3        23  90
19  88  79  84   2   0  19 0.05  0.0    0  9.4 18 110   M    M   5 1      24 100
20  88  81  85   3   0  20 0.00  0.0    0  8.7 16 110   M    M   5        21 120
================================================================================
SM 1780 1565         0 378  1.28     0.0 205.7          M       76
================================================================================
AV 89.0 78.2                              10.3 FASTST   M    M   4    MAX(MPH)
                                 MISC ---->  # 25  60               # 31   80
================================================================================
NOTES:
# LAST OF SEVERAL OCCURRENCES

COLUMN 17 PEAK WIND IN M.P.H.

PRELIMINARY LOCAL CLIMATOLOGICAL DATA (WS FORM: F-6) , PAGE 2

                                          STATION:  GUAM INTERNATIONAL AIRPORT GU
                                          MONTH:    APRIL
                                          YEAR:     2014
                                          LATITUDE:   13 29 N
                                          LONGITUDE: 144-48 E

[TEMPERATURE DATA]      [PRECIPITATION DATA]       SYMBOLS USED IN COLUMN 16

AVERAGE MONTHLY: 83.6   TOTAL FOR MONTH:   1.28    1 = FOG OR MIST
DPTR FM NORMAL:   1.7   DPTR FM NORMAL:   -0.86    2 = FOG REDUCING VISIBILITY
HIGHEST:    91 ON 17,16 GRTST 24HR  0.82 ON 15-15      TO 1/4 MILE OR LESS
LOWEST:     75 ON 14, 7                            3 = THUNDER
                        SNOW, ICE PELLETS, HAIL    4 = ICE PELLETS
                        TOTAL MONTH:   0.0 INCH    5 = HAIL
                        GRTST 24HR     0.0         6 = FREEZING RAIN OR DRIZZLE
                        GRTST DEPTH:   0           7 = DUSTSTORM OR SANDSTORM:
                                                       VSBY 1/2 MILE OR LESS
                                                   8 = SMOKE OR HAZE
[NO. OF DAYS WITH]      [WEATHER - DAYS WITH]      9 = BLOWING SNOW
                                                   X = TORNADO
MAX 32 OR BELOW:   0    0.01 INCH OR MORE:  11
MAX 90 OR ABOVE:   7    0.10 INCH OR MORE:   1
MIN 32 OR BELOW:   0    0.50 INCH OR MORE:   1
MIN  0 OR BELOW:   0    1.00 INCH OR MORE:   0

[HDD (BASE 65) ]
TOTAL THIS MO.     0    CLEAR  (SCALE 0-3)   6
DPTR FM NORMAL     0    PTCLDY (SCALE 4-7)  14
TOTAL FM JUL 1     0    CLOUDY (SCALE 8-10)  0
DPTR FM NORMAL     0

[CDD (BASE 65) ]
TOTAL THIS MO.   378
DPTR FM NORMAL    41    [PRESSURE DATA]
TOTAL FM JAN 1  1852    HIGHEST SLP M ON M
DPTR FM NORMAL   138    LOWEST  SLP 29.72 ON 16

[REMARKS]
