000
CXUS54 KAMA 291015
CF6GUY
PRELIMINARY LOCAL CLIMATOLOGICAL DATA (WS FORM: F-6)

                                          STATION:   GUYMON
                                          MONTH:     JUNE
                                          YEAR:      2015
                                          LATITUDE:   36 41 N
                                          LONGITUDE: 101 30 W

  TEMPERATURE IN F:       :PCPN:    SNOW:  WIND      :SUNSHINE: SKY     :PK WND
================================================================================
1   2   3   4   5  6A  6B    7    8   9   10  11  12  13   14  15   16   17  18
                                     12Z  AVG MX 2MIN
DY MAX MIN AVG DEP HDD CDD  WTR  SNW DPTH SPD SPD DIR MIN PSBL S-S WX    SPD DR
================================================================================

 1  87  60  74   4   0   9 0.01  0.0    0  9.6 18 160   M    M   0 13     26 150
 2  92  60  76   6   0  11 0.00  0.0    0 14.0 23 180   M    M   0        29 200
 3  93  64  79   9   0  14 0.00  0.0    0  9.8 16 170   M    M   0        21 150
 4  96  66  81  10   0  16    T  0.0    0 14.2 36 220   M    M   0 3      48 180
 5  90  65  78   7   0  13 0.00  0.0    0 11.8 24 180   M    M   0        32 170
 6  90  65  78   7   0  13 0.00  0.0    0 14.0 23 200   M    M   0        30 180
 7  93  61  77   5   0  12 0.34  0.0    0  8.0 44 320   M    M   2 138    52 330
 8  87  59  73   1   0   8 0.00  0.0    0  6.2 17 350   M    M   0        20 340
 9  92  61  77   5   0  12 0.00  0.0    0  8.2 17 200   M    M   0        25 200
10  93  66  80   8   0  15 0.00  0.0    0 15.3 31 230   M    M   1        39 230
11  92  63  78   5   0  13 0.99  0.0    0 13.4 38  20   M    M   1 13     48 300
12  76  62  69  -4   0   4 0.33  0.0    0  8.4 30  30   M    M   8 13     41  40
13  82  65  74   1   0   9    T  0.0    0  9.1 26 170   M    M   6 3      41 160
14  81  64  73  -1   0   8 0.02  0.0    0  5.5 16 170   M    M   4        22 180
15  82  62  72  -2   0   7 0.00  0.0    0  7.2 17  70   M    M   3 1      20  50
16  84  61  73  -1   0   8 0.00  0.0    0  6.5 12 160   M    M   2        17 160
17  88  62  75   0   0  10 0.00  0.0    0  8.0 16 130   M    M   0        23 120
18  90  64  77   2   0  12    T  0.0    0  8.6 20  90   M    M   0        25  80
19  92  63  78   3   0  13 0.00  0.0    0 11.2 24 200   M    M   1        30 200
20  97  70  84   8   0  19 0.00  0.0    0 18.9 33 220   M    M   0        42 210
21  97  68  83   7   0  18 0.00  0.0    0 14.9 24 170   M    M   0        32 180
22  99  71  85   9   0  20 0.00  0.0    0 16.1 25 200   M    M   0        34 180
23  94  69  82   6   0  17 0.00  0.0    0 17.7 30 200   M    M   0        38 200
24  95  69  82   5   0  17 0.00  0.0    0 19.0 31 210   M    M   0        40 240
25  97  69  83   6   0  18 0.00  0.0    0 13.6 23 230   M    M   0        30 230
26  86  67  77   0   0  12    T  0.0    0 12.6 35  20   M    M   3        43  20
27  89  60  75  -2   0  10 0.00  0.0    0  5.8 13 100   M    M   0        16 120
28  97  67  82   4   0  17 0.00  0.0    0 10.6 22 220   M    M   1        26 240
================================================================================
SM 2531 1803         0 355  1.69     0.0 318.2          M       32
================================================================================
AV 90.4 64.4                              11.4 FASTST   M    M   1    MAX(MPH)
                                 MISC ---->  # 44 320               # 52  330
================================================================================
NOTES:
# LAST OF SEVERAL OCCURRENCES

COLUMN 17 PEAK WIND IN M.P.H.

PRELIMINARY LOCAL CLIMATOLOGICAL DATA (WS FORM: F-6) , PAGE 2

                                          STATION:  GUYMON
                                          MONTH:    JUNE
                                          YEAR:     2015
                                          LATITUDE:   36 41 N
                                          LONGITUDE: 101 30 W

[TEMPERATURE DATA]      [PRECIPITATION DATA]       SYMBOLS USED IN COLUMN 16

AVERAGE MONTHLY: 77.4   TOTAL FOR MONTH:   1.69    1 = FOG OR MIST
DPTR FM NORMAL:   3.6   DPTR FM NORMAL:   -1.16    2 = FOG REDUCING VISIBILITY
HIGHEST:    99 ON 22    GRTST 24HR  1.32 ON 11-12      TO 1/4 MILE OR LESS
LOWEST:     59 ON  8                               3 = THUNDER
                        SNOW, ICE PELLETS, HAIL    4 = ICE PELLETS
                        TOTAL MONTH:   0.0 INCH    5 = HAIL
                        GRTST 24HR     0.0         6 = FREEZING RAIN OR DRIZZLE
                        GRTST DEPTH:   0           7 = DUSTSTORM OR SANDSTORM:
                                                       VSBY 1/2 MILE OR LESS
                                                   8 = SMOKE OR HAZE
[NO. OF DAYS WITH]      [WEATHER - DAYS WITH]      9 = BLOWING SNOW
                                                   X = TORNADO
MAX 32 OR BELOW:   0    0.01 INCH OR MORE:   5
MAX 90 OR ABOVE:  18    0.10 INCH OR MORE:   3
MIN 32 OR BELOW:   0    0.50 INCH OR MORE:   1
MIN  0 OR BELOW:   0    1.00 INCH OR MORE:   0

[HDD (BASE 65) ]
TOTAL THIS MO.     0    CLEAR  (SCALE 0-3)  25
DPTR FM NORMAL    -6    PTCLDY (SCALE 4-7)   3
TOTAL FM JUL 1  3998    CLOUDY (SCALE 8-10)  0
DPTR FM NORMAL  -457

[CDD (BASE 65) ]
TOTAL THIS MO.   355
DPTR FM NORMAL   100    [PRESSURE DATA]
TOTAL FM JAN 1   419    HIGHEST SLP M ON M
DPTR FM NORMAL    56    LOWEST  SLP 29.55 ON 11

[REMARKS]
