000
CXUS54 KAMA 221015
CF6GUY
PRELIMINARY LOCAL CLIMATOLOGICAL DATA (WS FORM: F-6)

                                          STATION:   GUYMON
                                          MONTH:     OCTOBER
                                          YEAR:      2014
                                          LATITUDE:   36 41 N
                                          LONGITUDE: 101 30 W

  TEMPERATURE IN F:       :PCPN:    SNOW:  WIND      :SUNSHINE: SKY     :PK WND
================================================================================
1   2   3   4   5  6A  6B    7    8   9   10  11  12  13   14  15   16   17  18
                                     12Z  AVG MX 2MIN
DY MAX MIN AVG DEP HDD CDD  WTR  SNW DPTH SPD SPD DIR MIN PSBL S-S WX    SPD DR
================================================================================

 1  85  50  68   5   0   3 0.00  0.0    0  7.1 20 330   M    M   0        24 340
 2  72  46  59  -4   6   0    T    M    0 16.7 31 340   M    M   2 8      40 350
 3  65  42  54  -8  11   0 0.00  0.0    0 10.2 31  10   M    M   0        39  20
 4  80  39  60  -2   5   0 0.00  0.0    0  6.4 24 230   M    M   0        31 230
 5  85  44  65   3   0   0 0.00  0.0    0  5.9 17  60   M    M   0        23  50
 6  86  43  65   4   0   0 0.00  0.0    0  5.7 16 200   M    M   0        20 200
 7  92  45  69   8   0   4 0.00  0.0    0  7.5 15  90   M    M   0        21  80
 8  82  54  68   8   0   3 0.00  0.0    0  4.9 13 170   M    M   1        17 180
 9  75  56  66   6   0   1 1.61    T    0 10.8 25  10   M    M   6 135    29  40
10  56  46  51  -8  14   0 0.10  0.0    0 14.8 32  30   M    M   9 1      39  30
11  62  46  54  -5  11   0 0.00  0.0    0  7.1 14 200   M    M   7        18 220
12  84  47  66   7   0   1 0.14    M    0 15.5 39 350   M    M   3 3      49 360
13  65  45  55  -3  10   0 0.02    M    0 24.0 39 350   M    M   3        52 350
14  76  41  59   1   6   0 0.00  0.0    0  7.6 16 340   M    M   0        26 290
15  86  38  62   5   3   0 0.00  0.0    0  9.2 21 200   M    M   0        26 190
16  86  49  68  11   0   3 0.00  0.0    0  8.5 23  30   M    M   0        30  20
17  71  45  58   1   7   0 0.00  0.0    0  5.9 16  40   M    M   0        20  20
18  69  43  56   0   9   0 0.00  0.0    0  5.1 14 190   M    M   2        17 200
19  80  49  65   9   0   0 0.00  0.0    0 12.9 29 210   M    M   0        36 230
20  78  47  63   7   2   0 0.00  0.0    0  8.1 15  60   M    M   0        20  60
21  81  47  64   9   1   0 0.00  0.0    0  9.6 23 210   M    M   1 1      29 210
================================================================================
SM 1616  962        85  15  1.87    T    203.5          M       34
================================================================================
AV 77.0 45.8                               9.7 FASTST   M    M   2    MAX(MPH)
                                 MISC ---->  # 39 350               # 52  350
================================================================================
NOTES:
# LAST OF SEVERAL OCCURRENCES

COLUMN 17 PEAK WIND IN M.P.H.

PRELIMINARY LOCAL CLIMATOLOGICAL DATA (WS FORM: F-6) , PAGE 2

                                          STATION:  GUYMON
                                          MONTH:    OCTOBER
                                          YEAR:     2014
                                          LATITUDE:   36 41 N
                                          LONGITUDE: 101 30 W

[TEMPERATURE DATA]      [PRECIPITATION DATA]       SYMBOLS USED IN COLUMN 16

AVERAGE MONTHLY: 61.4   TOTAL FOR MONTH:   1.87    1 = FOG OR MIST
DPTR FM NORMAL:   2.3   DPTR FM NORMAL:    0.67    2 = FOG REDUCING VISIBILITY
HIGHEST:    92 ON  7    GRTST 24HR  1.71 ON  9-10      TO 1/4 MILE OR LESS
LOWEST:     38 ON 15                               3 = THUNDER
                        SNOW, ICE PELLETS, HAIL    4 = ICE PELLETS
                        TOTAL MONTH:    T          5 = HAIL
                        GRTST 24HR    T  ON  9- 9  6 = FREEZING RAIN OR DRIZZLE
                        GRTST DEPTH:   0           7 = DUSTSTORM OR SANDSTORM:
                                                       VSBY 1/2 MILE OR LESS
                                                   8 = SMOKE OR HAZE
[NO. OF DAYS WITH]      [WEATHER - DAYS WITH]      9 = BLOWING SNOW
                                                   X = TORNADO
MAX 32 OR BELOW:   0    0.01 INCH OR MORE:   4
MAX 90 OR ABOVE:   1    0.10 INCH OR MORE:   3
MIN 32 OR BELOW:   0    0.50 INCH OR MORE:   1
MIN  0 OR BELOW:   0    1.00 INCH OR MORE:   1

[HDD (BASE 65) ]
TOTAL THIS MO.    85    CLEAR  (SCALE 0-3)  18
DPTR FM NORMAL   -63    PTCLDY (SCALE 4-7)   2
TOTAL FM JUL 1   115    CLOUDY (SCALE 8-10)  1
DPTR FM NORMAL   -76

[CDD (BASE 65) ]
TOTAL THIS MO.    15
DPTR FM NORMAL   -10    [PRESSURE DATA]
TOTAL FM JAN 1  1688    HIGHEST SLP M ON M
DPTR FM NORMAL   209    LOWEST  SLP 29.42 ON 12

[REMARKS]
