000
CXUS52 KFFC 171110
CF6GVL
PRELIMINARY LOCAL CLIMATOLOGICAL DATA (WS FORM: F-6)

                                          STATION:   GAINESVILLE
                                          MONTH:     DECEMBER
                                          YEAR:      2017
                                          LATITUDE:   34 16 N
                                          LONGITUDE:  83 50 W

  TEMPERATURE IN F:       :PCPN:    SNOW:  WIND      :SUNSHINE: SKY     :PK WND
================================================================================
1   2   3   4   5  6A  6B    7    8   9   10  11  12  13   14  15   16   17  18
                                     12Z  AVG MX 2MIN
DY MAX MIN AVG DEP HDD CDD  WTR  SNW DPTH SPD SPD DIR MIN PSBL S-S WX    SPD DR
================================================================================

 1  69  52  61  14   4   0 0.00  0.0    0  3.5 10 280   M    M   4 12     14 290
 2  66  50  58  11   7   0 0.00  0.0    0  3.6  9 100   M    M   2 1      13  80
 3  69  48  59  12   6   0 0.00  0.0    0  2.5  8 150   M    M   4 12     12  20
 4  63  42  53   7  12   0 0.00  0.0    0  6.8 15  90   M    M   2 1      19  80
 5  64  52  58  12   7   0 0.31  0.0    0  4.8 17 340   M    M  10 1      22 330
 6  54  41  48   2  17   0 0.01  0.0    0  7.4 13 310   M    M   6        17 330
 7  51  42  47   1  18   0 0.00  0.0    0  6.7 13 320   M    M   5        19 320
 8  44  32  38  -7  27   0 0.82    M    0  6.6 14 310   M    M  10 1      18 310
 9  36  31  34 -11  31   0 0.15    M    0  8.6 18 260   M    M   6 1      28 250
10  39  24  32 -13  33   0 0.00  0.0    0  9.4 17 320   M    M   0        23 320
11  54  34  44   0  21   0 0.00  0.0    0  8.1 14 250   M    M   0        20 290
12  49  32  41  -3  24   0 0.00  0.0    0 13.6 26 290   M    M   1        34 300
13  45  26  36  -8  29   0 0.00  0.0    0  9.2 21 320   M    M   0        27 330
14  55  37  46   2  19   0 0.00  0.0    0  9.9 20 260   M    M   0        26 270
15  44  28  36  -8  29   0 0.00  0.0    0  9.4 22 260   M    M   0        29 260
16  49  25  37  -6  28   0 0.00  0.0    0  4.3  9 250   M    M   0        11 260
================================================================================
SM  851  596       312   0  1.29     0.0 114.4          M       50
================================================================================
AV 53.2 37.3                               7.2 FASTST   M    M   3    MAX(MPH)
                                 MISC ---->  # 26 290               # 34  300
================================================================================
NOTES:
# LAST OF SEVERAL OCCURRENCES

COLUMN 17 PEAK WIND IN M.P.H.

PRELIMINARY LOCAL CLIMATOLOGICAL DATA (WS FORM: F-6) , PAGE 2

                                          STATION:  GAINESVILLE
                                          MONTH:    DECEMBER
                                          YEAR:     2017
                                          LATITUDE:   34 16 N
                                          LONGITUDE:  83 50 W

[TEMPERATURE DATA]      [PRECIPITATION DATA]       SYMBOLS USED IN COLUMN 16

AVERAGE MONTHLY: 45.2   TOTAL FOR MONTH:   1.29    1 = FOG OR MIST
DPTR FM NORMAL:   0.0   DPTR FM NORMAL:   -1.46    2 = FOG REDUCING VISIBILITY
HIGHEST:    69 ON  3, 1 GRTST 24HR  0.82 ON  8- 8      TO 1/4 MILE OR LESS
LOWEST:     24 ON 10                               3 = THUNDER
                        SNOW, ICE PELLETS, HAIL    4 = ICE PELLETS
                        TOTAL MONTH:   0.0 INCH    5 = HAIL
                        GRTST 24HR     0.0         6 = FREEZING RAIN OR DRIZZLE
                        GRTST DEPTH:   0           7 = DUSTSTORM OR SANDSTORM:
                                                       VSBY 1/2 MILE OR LESS
                                                   8 = SMOKE OR HAZE
[NO. OF DAYS WITH]      [WEATHER - DAYS WITH]      9 = BLOWING SNOW
                                                   X = TORNADO
MAX 32 OR BELOW:   0    0.01 INCH OR MORE:   4
MAX 90 OR ABOVE:   0    0.10 INCH OR MORE:   3
MIN 32 OR BELOW:   7    0.50 INCH OR MORE:   1
MIN  0 OR BELOW:   0    1.00 INCH OR MORE:   0

[HDD (BASE 65) ]
TOTAL THIS MO.   312    CLEAR  (SCALE 0-3)   9
DPTR FM NORMAL    -6    PTCLDY (SCALE 4-7)   5
TOTAL FM JUL 1   778    CLOUDY (SCALE 8-10)  2
DPTR FM NORMAL   -75

[CDD (BASE 65) ]
TOTAL THIS MO.     0
DPTR FM NORMAL     0    [PRESSURE DATA]
TOTAL FM JAN 1  1751    HIGHEST SLP M ON M
DPTR FM NORMAL   164    LOWEST  SLP 29.82 ON 12

[REMARKS]
