000
CXUS52 KFFC 241110
CF6GVL
PRELIMINARY LOCAL CLIMATOLOGICAL DATA (WS FORM: F-6)

                                          STATION:   GAINESVILLE
                                          MONTH:     APRIL
                                          YEAR:      2017
                                          LATITUDE:   34 16 N
                                          LONGITUDE:  83 50 W

  TEMPERATURE IN F:       :PCPN:    SNOW:  WIND      :SUNSHINE: SKY     :PK WND
================================================================================
1   2   3   4   5  6A  6B    7    8   9   10  11  12  13   14  15   16   17  18
                                     12Z  AVG MX 2MIN
DY MAX MIN AVG DEP HDD CDD  WTR  SNW DPTH SPD SPD DIR MIN PSBL S-S WX    SPD DR
================================================================================

 1  76  48  62   5   3   0 0.00  0.0    M  7.4 17 240   M    M   0 8      21 260
 2  77  53  65   8   0   0 0.00  0.0    0  8.6 16  70   M    M   0        22  70
 3  65  58  62   5   3   0 0.67  0.0    0  8.8 24 280   M    M   6 1      31 270
 4  79  60  70  12   0   5 0.00  0.0    0  8.9 20 260   M    M   2        24 260
 5  68  55  62   4   3   0 2.44  0.0    0  8.4 22 100   M    M   7 1      30 100
 6  60  45  53  -5  12   0 0.01  0.0    0 17.9 31 260   M    M   6 1      45 290
 7  61  41  51  -7  14   0 0.00  0.0    0 13.8 24 290   M    M   0        34 280
 8  69  41  55  -4  10   0 0.00  0.0    0  4.6 12 250   M    M   0        16 300
 9  75  41  58  -1   7   0 0.00  0.0    0  2.9  9 120   M    M   0         M  M
10  79  49  64   5   1   0 0.00  0.0    0  5.2 13 240   M    M   0        19 270
11  80  53  67   8   0   2 0.00  0.0    0  2.9  9 270   M    M   1         M  M
12  80  57  69   9   0   4 0.00  0.0    0  3.9 16 300   M    M   2        19 290
13  83  57  70  10   0   5 0.00  0.0    0  4.4 15  90   M    M   1        19  90
14  83  61  72  12   0   7 0.00  0.0    0  4.2 13 260   M    M   6        19 240
15  80  58  69   9   0   4 0.00  0.0    0  5.0 14 150   M    M   1        21 140
16  80  57  69   8   0   4 0.00  0.0    0  4.5 16 230   M    M   2        21 250
17  81  57  69   8   0   4 0.00  0.0    0  7.5 16 240   M    M   3        23 250
18  75  60  68   7   0   3 0.07  0.0    0  8.3 17  90   M    M   8 1      23 110
19  72  59  66   5   0   1    T  0.0    0  7.8 13  80   M    M   7 13     16  50
20  82  60  71   9   0   6 0.00  0.0    0  4.8 12 250   M    M   6 12     17 240
21  85  63  74  12   0   9    T  0.0    0  6.2 15 240   M    M   3        20 250
22  82  59  71   9   0   6 0.65  0.0    0  9.2 22 340   M    M   2 1      28 330
23  60  51  56  -6   9   0 1.46  0.0    0 10.7 22  80   M    M  10 13     30  60
================================================================================
SM 1732 1243        62  60  5.30     0.0 165.9          M       73
================================================================================
AV 75.3 54.0                               7.2 FASTST   M    M   3    MAX(MPH)
                                 MISC ---->  # 31 260               # 45  290
================================================================================
NOTES:
# LAST OF SEVERAL OCCURRENCES

COLUMN 17 PEAK WIND IN M.P.H.

PRELIMINARY LOCAL CLIMATOLOGICAL DATA (WS FORM: F-6) , PAGE 2

                                          STATION:  GAINESVILLE
                                          MONTH:    APRIL
                                          YEAR:     2017
                                          LATITUDE:   34 16 N
                                          LONGITUDE:  83 50 W

[TEMPERATURE DATA]      [PRECIPITATION DATA]       SYMBOLS USED IN COLUMN 16

AVERAGE MONTHLY: 64.7   TOTAL FOR MONTH:   5.30    1 = FOG OR MIST
DPTR FM NORMAL:   5.1   DPTR FM NORMAL:    2.60    2 = FOG REDUCING VISIBILITY
HIGHEST:    85 ON 21    GRTST 24HR  2.44 ON  5- 5      TO 1/4 MILE OR LESS
LOWEST:     41 ON  9, 8                            3 = THUNDER
                        SNOW, ICE PELLETS, HAIL    4 = ICE PELLETS
                        TOTAL MONTH:   0.0 INCH    5 = HAIL
                        GRTST 24HR     0.0         6 = FREEZING RAIN OR DRIZZLE
                        GRTST DEPTH:   0           7 = DUSTSTORM OR SANDSTORM:
                                                       VSBY 1/2 MILE OR LESS
                                                   8 = SMOKE OR HAZE
[NO. OF DAYS WITH]      [WEATHER - DAYS WITH]      9 = BLOWING SNOW
                                                   X = TORNADO
MAX 32 OR BELOW:   0    0.01 INCH OR MORE:   6
MAX 90 OR ABOVE:   0    0.10 INCH OR MORE:   4
MIN 32 OR BELOW:   0    0.50 INCH OR MORE:   4
MIN  0 OR BELOW:   0    1.00 INCH OR MORE:   2

[HDD (BASE 65) ]
TOTAL THIS MO.    62    CLEAR  (SCALE 0-3)  13
DPTR FM NORMAL   -88    PTCLDY (SCALE 4-7)   9
TOTAL FM JUL 1  2116    CLOUDY (SCALE 8-10)  1
DPTR FM NORMAL  -886

[CDD (BASE 65) ]
TOTAL THIS MO.    60
DPTR FM NORMAL    39    [PRESSURE DATA]
TOTAL FM JAN 1    79    HIGHEST SLP M ON M
DPTR FM NORMAL    53    LOWEST  SLP 29.59 ON  5

[REMARKS]
