000
CXUS54 KJAN 311000
CF6GWO
PRELIMINARY LOCAL CLIMATOLOGICAL DATA (WS FORM: F-6)

                                          STATION:   GREENWOOD
                                          MONTH:     AUGUST
                                          YEAR:      2015
                                          LATITUDE:   33 30 N
                                          LONGITUDE:  90  5 W

  TEMPERATURE IN F:       :PCPN:    SNOW:  WIND      :SUNSHINE: SKY     :PK WND
================================================================================
1   2   3   4   5  6A  6B    7    8   9   10  11  12  13   14  15   16   17  18
                                     12Z  AVG MX 2MIN
DY MAX MIN AVG DEP HDD CDD  WTR  SNW DPTH SPD SPD DIR MIN PSBL S-S WX    SPD DR
================================================================================

 1  95  64  80  -2   0  15 0.00  0.0    0  6.2 16  40   M    M   0 1      25  50
 2  96  67  82   0   0  17 0.00  0.0    0  3.2 10  10   M    M   0        13  10
 3  97  70  84   2   0  19 0.00  0.0    0  2.7 10  10   M    M   0 1      13  20
 4  98  69  84   2   0  19 0.00  0.0    0  3.1  8 210   M    M   0        11 150
 5  96  74  85   3   0  20 0.00  0.0    0  5.6 14 210   M    M   1        17 220
 6  95  78  87   5   0  22    T  0.0    0  5.4 17 240   M    M   4 3      25 230
 7  95  76  86   4   0  21 0.00  0.0    0  4.8 13 230   M    M   2 3      19 250
 8  97  74  86   4   0  21 0.00  0.0    0  6.1 18  20   M    M   1 1      24  20
 9  98  71  85   4   0  20 0.00  0.0    0  3.3 12  40   M    M   0 1      14  30
10 100  74  87   6   0  22 0.00  0.0    0  3.4 12 350   M    M   0 8      16 360
11  96  74  85   4   0  20 0.00  0.0    0  4.8 13  30   M    M   3 1      18 350
12  93  70  82   1   0  17 0.00  0.0    0  5.5 13  30   M    M   1 1      17  20
13  90  63  77  -4   0  12 0.00  0.0    0  6.4 15  40   M    M   0        18  40
14  93  63  78  -3   0  13 0.00  0.0    0  4.6 12  30   M    M   0        16  20
15  96  69  83   2   0  18 0.17  0.0    0  5.2 29  70   M    M   1 13     37  60
16  93  69  81   0   0  16 1.19  0.0    0  6.5 33 120   M    M   1 13     41 120
17  89  73  81   0   0  16    T  0.0    0  3.9 17 140   M    M   3 3      22 130
18  92  72  82   1   0  17 0.03  0.0    0  8.0 17 190   M    M   3        23 220
19  87  71  79  -2   0  14 0.30  0.0    0  8.0 32 190   M    M   3 138    38 180
20  81  70  76  -5   0  11 0.02  0.0    0  4.5  9 350   M    M   9 1      14 350
21  84  71  78  -3   0  13 0.01  0.0    0  3.0 10  70   M    M   4 1      14  80
22  89  74  82   1   0  17 0.03  0.0    0  2.5 10 170   M    M   3 1      13 180
23  90  72  81   0   0  16    T  0.0    0  4.4 13 210   M    M   4 1      18 300
24  88  64  76  -5   0  11 0.01  0.0    0  5.4 15  20   M    M   0 1      21  20
25  86  58  72  -8   0   7 0.00  0.0    0  4.6 14  40   M    M   0        19  20
26  86  54  70 -10   0   5 0.00  0.0    0  4.2 16 360   M    M   0 1      25  30
27  85  54  70 -10   0   5 0.00  0.0    0  4.8 15  40   M    M   1 1      19  20
28  91  57  74  -6   0   9 0.00  0.0    0  2.7 12 170   M    M   2 1      14 160
29  93  66  80   0   0  15 0.00  0.0    0  5.7 14 100   M    M   2        18 120
30  93  70  82   2   0  17 0.00  0.0    0  5.4 16  70   M    M   1        19  60
================================================================================
SM 2762 2051         0 465  1.76     0.0 143.9          M       49
================================================================================
AV 92.1 68.4                               4.8 FASTST   M    M   2    MAX(MPH)
                                 MISC ---->  # 33 120               # 41  120
================================================================================
NOTES:
# LAST OF SEVERAL OCCURRENCES

COLUMN 17 PEAK WIND IN M.P.H.

PRELIMINARY LOCAL CLIMATOLOGICAL DATA (WS FORM: F-6) , PAGE 2

                                          STATION:  GREENWOOD
                                          MONTH:    AUGUST
                                          YEAR:     2015
                                          LATITUDE:   33 30 N
                                          LONGITUDE:  90  5 W

[TEMPERATURE DATA]      [PRECIPITATION DATA]       SYMBOLS USED IN COLUMN 16

AVERAGE MONTHLY: 80.2   TOTAL FOR MONTH:   1.76    1 = FOG OR MIST
DPTR FM NORMAL:  -0.8   DPTR FM NORMAL:   -0.96    2 = FOG REDUCING VISIBILITY
HIGHEST:   100 ON 10    GRTST 24HR  1.19 ON 16-16      TO 1/4 MILE OR LESS
LOWEST:     54 ON 27,26                            3 = THUNDER
                        SNOW, ICE PELLETS, HAIL    4 = ICE PELLETS
                        TOTAL MONTH:   0.0 INCH    5 = HAIL
                        GRTST 24HR     0.0         6 = FREEZING RAIN OR DRIZZLE
                        GRTST DEPTH:   0           7 = DUSTSTORM OR SANDSTORM:
                                                       VSBY 1/2 MILE OR LESS
                                                   8 = SMOKE OR HAZE
[NO. OF DAYS WITH]      [WEATHER - DAYS WITH]      9 = BLOWING SNOW
                                                   X = TORNADO
MAX 32 OR BELOW:   0    0.01 INCH OR MORE:   8
MAX 90 OR ABOVE:  21    0.10 INCH OR MORE:   3
MIN 32 OR BELOW:   0    0.50 INCH OR MORE:   1
MIN  0 OR BELOW:   0    1.00 INCH OR MORE:   1

[HDD (BASE 65) ]
TOTAL THIS MO.     0    CLEAR  (SCALE 0-3)  24
DPTR FM NORMAL     0    PTCLDY (SCALE 4-7)   5
TOTAL FM JUL 1     0    CLOUDY (SCALE 8-10)  1
DPTR FM NORMAL     0

[CDD (BASE 65) ]
TOTAL THIS MO.   465
DPTR FM NORMAL    -9    [PRESSURE DATA]
TOTAL FM JAN 1  1831    HIGHEST SLP M ON M
DPTR FM NORMAL   109    LOWEST  SLP 29.81 ON  7

[REMARKS]
