951
CXUS54 KJAN 291257
CF6GWO
PRELIMINARY LOCAL CLIMATOLOGICAL DATA (WS FORM: F-6)

                                          STATION:   GREENWOOD
                                          MONTH:     APRIL
                                          YEAR:      2017
                                          LATITUDE:   33 30 N
                                          LONGITUDE:  90  5 W

  TEMPERATURE IN F:       :PCPN:    SNOW:  WIND      :SUNSHINE: SKY     :PK WND
================================================================================
1   2   3   4   5  6A  6B    7    8   9   10  11  12  13   14  15   16   17  18
                                     12Z  AVG MX 2MIN
DY MAX MIN AVG DEP HDD CDD  WTR  SNW DPTH SPD SPD DIR MIN PSBL S-S WX    SPD DR
================================================================================

 1  83  52  68   8   0   3 0.00  0.0    0  8.2 14  90   M    M   0        19  60
 2  81  57  69   9   0   4 2.46  0.0    0 10.4 22 130   M    M   3 13     32 290
 3  75  58  67   7   0   2 0.66  0.0    0 12.8 33 100   M    M   3 13     47 130
 4  84  54  69   9   0   4 0.00  0.0    0  5.7 17 180   M    M   0        21 240
 5  76  55  66   5   0   1 0.00  0.0    0 10.9 24 240   M    M   4        35 290
 6  67  47  57  -4   8   0 0.00  0.0    0  6.6 17 340   M    M   1 8      27 350
 7  68  40  54  -7  11   0 0.00  0.0    0  3.3 15 340   M    M   0        20 340
 8  76  39  58  -3   7   0 0.00  0.0    0  4.9 12 180   M    M   0        15 210
 9  80  53  67   5   0   2 0.00  0.0    0 11.1 21 190   M    M   0        24 200
10  78  54  66   4   0   1 0.00  0.0    0  8.8 21 200   M    M   1        26 200
11  74  63  69   7   0   4 0.01  0.0    0  5.1 13 190   M    M   6        16 180
12  83  58  71   9   0   6 0.00  0.0    0  3.0 13  90   M    M   3 1      16  80
13  87  56  72   9   0   7 0.00  0.0    0  2.6  8 140   M    M   0 8      10 140
14  85  59  72   9   0   7 0.00  0.0    0  4.8 18 170   M    M   1        24 150
15  82  57  70   7   0   5 0.00  0.0    0  8.9 18 170   M    M   3        22 160
16  82  63  73   9   0   8 0.06  0.0    0  5.6 14 200   M    M   4 13     20 170
17  80  61  71   7   0   6 0.46  0.0    0  4.5 12 210   M    M   6 13     16 120
18  79  64  72   8   0   7 0.01  0.0    0  3.9 13 180   M    M   5 13     17 200
19  85  65  75  11   0  10 0.00  0.0    0  5.8 16 190   M    M   2 1      20 190
20  85  64  75  10   0  10 0.00  0.0    0  6.7 15 190   M    M   1        20 190
21  86  65  76  11   0  11 0.00  0.0    0  8.4 18 200   M    M   3        23 190
22  79  54  67   2   0   2 0.25  0.0    0  9.2 22 210   M    M   8 13     25 200
23  61  49  55 -10  10   0 0.01  0.0    0  6.0 15 360   M    M   9 1      22 360
24  76  45  61  -5   4   0    T  0.0    0  3.1 14 320   M    M   1 1      19 340
25  82  53  68   2   0   3 0.00  0.0    0  8.6 18 170   M    M   0        22 150
26  82  61  72   6   0   7 0.94  0.0    0 11.3 24 160   M    M   6 13     31 170
27  71  53  62  -5   3   0    T  0.0    0  4.3 14 290   M    M   5 1      22 280
28  88  57  73   6   0   8 0.00  0.0    0 15.2 26 170   M    M   4        32 170
================================================================================
SM 2215 1556        43 118  4.86     0.0 199.7          M       79
================================================================================
AV 79.1 55.6                               7.1 FASTST   M    M   3    MAX(MPH)
                                 MISC ---->  # 33 100               # 47  130
================================================================================
NOTES:
# LAST OF SEVERAL OCCURRENCES

COLUMN 17 PEAK WIND IN M.P.H.

PRELIMINARY LOCAL CLIMATOLOGICAL DATA (WS FORM: F-6) , PAGE 2

                                          STATION:  GREENWOOD
                                          MONTH:    APRIL
                                          YEAR:     2017
                                          LATITUDE:   33 30 N
                                          LONGITUDE:  90  5 W

[TEMPERATURE DATA]      [PRECIPITATION DATA]       SYMBOLS USED IN COLUMN 16

AVERAGE MONTHLY: 67.3   TOTAL FOR MONTH:   4.86    1 = FOG OR MIST
DPTR FM NORMAL:   4.2   DPTR FM NORMAL:    0.06    2 = FOG REDUCING VISIBILITY
HIGHEST:    88 ON 28    GRTST 24HR  2.46 ON  2- 2      TO 1/4 MILE OR LESS
LOWEST:     39 ON  8                               3 = THUNDER
                        SNOW, ICE PELLETS, HAIL    4 = ICE PELLETS
                        TOTAL MONTH:   0.0 INCH    5 = HAIL
                        GRTST 24HR     0.0         6 = FREEZING RAIN OR DRIZZLE
                        GRTST DEPTH:   0           7 = DUSTSTORM OR SANDSTORM:
                                                       VSBY 1/2 MILE OR LESS
                                                   8 = SMOKE OR HAZE
[NO. OF DAYS WITH]      [WEATHER - DAYS WITH]      9 = BLOWING SNOW
                                                   X = TORNADO
MAX 32 OR BELOW:   0    0.01 INCH OR MORE:   9
MAX 90 OR ABOVE:   0    0.10 INCH OR MORE:   5
MIN 32 OR BELOW:   0    0.50 INCH OR MORE:   3
MIN  0 OR BELOW:   0    1.00 INCH OR MORE:   1

[HDD (BASE 65) ]
TOTAL THIS MO.    43    CLEAR  (SCALE 0-3)  17
DPTR FM NORMAL   -77    PTCLDY (SCALE 4-7)  10
TOTAL FM JUL 1  1758    CLOUDY (SCALE 8-10)  1
DPTR FM NORMAL  -909

[CDD (BASE 65) ]
TOTAL THIS MO.   118
DPTR FM NORMAL    50    [PRESSURE DATA]
TOTAL FM JAN 1   213    HIGHEST SLP M ON M
DPTR FM NORMAL   119    LOWEST  SLP 29.51 ON 26

[REMARKS]
