000
CXUS54 KFWD 220730
CF6GYI
PRELIMINARY LOCAL CLIMATOLOGICAL DATA (WS FORM: F-6)

                                          STATION:   SHERMAN DENISON
                                          MONTH:     MAY
                                          YEAR:      2017
                                          LATITUDE:   33 42 N
                                          LONGITUDE:  96 40 W

  TEMPERATURE IN F:       :PCPN:    SNOW:  WIND      :SUNSHINE: SKY     :PK WND
================================================================================
1   2   3   4   5  6A  6B    7    8   9   10  11  12  13   14  15   16   17  18
                                     12Z  AVG MX 2MIN
DY MAX MIN AVG DEP HDD CDD  WTR  SNW DPTH SPD SPD DIR MIN PSBL S-S WX    SPD DR
================================================================================

 1  76  39  58  -8   7   0 0.00  0.0    0  4.2 10 310   M    M   0         M  M
 2  84  54  69   2   0   4 0.00  0.0    0  9.4 18 150   M    M   1        23 150
 3  72  52  62  -5   3   0 0.03  0.0    0 13.8 24 330   M    M   6 3      32 350
 4  71  48  60  -7   5   0 0.00  0.0    0 12.9 21 330   M    M   2        29 330
 5  75  44  60  -8   5   0 0.00  0.0    0  3.8 15 330   M    M   0        22 330
 6  82  47  65  -3   0   0 0.00  0.0    0  3.1 13 220   M    M   0         M  M
 7  83  57  70   2   0   5 0.00  0.0    0  6.7 13 170   M    M   0        21 160
 8  81  61  71   3   0   6 0.00  0.0    0  6.8 15 150   M    M   1        21 180
 9  82  67  75   6   0  10 0.00  0.0    0  3.9 15 180   M    M   5        17 150
10  78  67  73   4   0   8    M  0.0    0  8.6 20 160   M    M   5 3      24 130
11  83  62  73   4   0   8 0.05  0.0    0  6.3 25 170   M    M   3 3      31 170
12  75  56  66  -3   0   1 0.00  0.0    0  7.5 22 330   M    M   5        29 330
13  80  53  67  -3   0   2 0.00  0.0    0  0.0  M   M   M    M   2         M  M
14  87  60  74   4   0   9 0.00  0.0    0  5.6 14 190   M    M   0        17 150
15  86  65  76   6   0  11 0.00  0.0    0  8.4 17 150   M    M   0        21 200
16  82  66  74   4   0   9 0.00  0.0    0 15.9 25 150   M    M   5        33 150
17  87  65  76   5   0  11 0.35  0.0    0 14.6 24 170   M    M   3 3      35 170
18  90  72  81  10   0  16 0.07  0.0    0 14.0 28 150   M    M   3        37 150
19  84  67  76   5   0  11 0.92  0.0    0  6.8 22 150   M    M   6 3      28 150
20  75  60  68  -4   0   3 0.19  0.0    0  1.3 12 280   M    M   5 13     28 280
21  77  54  66  -6   0   1 0.00  0.0    0  1.1 12  50   M    M   1 3       M  M
================================================================================
SM 1690 1216        20 115  1.61     0.0 154.7          M       53
================================================================================
AV 80.5 57.9                               7.4 FASTST   M    M   3    MAX(MPH)
                                 MISC ---->  # 28 150               # 37  150
================================================================================
NOTES:
# LAST OF SEVERAL OCCURRENCES

COLUMN 17 PEAK WIND IN M.P.H.

PRELIMINARY LOCAL CLIMATOLOGICAL DATA (WS FORM: F-6) , PAGE 2

                                          STATION:  SHERMAN DENISON
                                          MONTH:    MAY
                                          YEAR:     2017
                                          LATITUDE:   33 42 N
                                          LONGITUDE:  96 40 W

[TEMPERATURE DATA]      [PRECIPITATION DATA]       SYMBOLS USED IN COLUMN 16

AVERAGE MONTHLY: 69.2   TOTAL FOR MONTH:   1.61    1 = FOG OR MIST
DPTR FM NORMAL:   0.0   DPTR FM NORMAL:   -1.93    2 = FOG REDUCING VISIBILITY
HIGHEST:    90 ON 18    GRTST 24HR  0.92 ON 19-19      TO 1/4 MILE OR LESS
LOWEST:     39 ON  1                               3 = THUNDER
                        SNOW, ICE PELLETS, HAIL    4 = ICE PELLETS
                        TOTAL MONTH:   0.0 INCH    5 = HAIL
                        GRTST 24HR     0.0         6 = FREEZING RAIN OR DRIZZLE
                        GRTST DEPTH:   0           7 = DUSTSTORM OR SANDSTORM:
                                                       VSBY 1/2 MILE OR LESS
                                                   8 = SMOKE OR HAZE
[NO. OF DAYS WITH]      [WEATHER - DAYS WITH]      9 = BLOWING SNOW
                                                   X = TORNADO
MAX 32 OR BELOW:   0    0.01 INCH OR MORE:   6
MAX 90 OR ABOVE:   1    0.10 INCH OR MORE:   3
MIN 32 OR BELOW:   0    0.50 INCH OR MORE:   1
MIN  0 OR BELOW:   0    1.00 INCH OR MORE:   0

[HDD (BASE 65) ]
TOTAL THIS MO.    20    CLEAR  (SCALE 0-3)  13
DPTR FM NORMAL    -2    PTCLDY (SCALE 4-7)   8
TOTAL FM JUL 1  1806    CLOUDY (SCALE 8-10)  0
DPTR FM NORMAL -1064

[CDD (BASE 65) ]
TOTAL THIS MO.   115
DPTR FM NORMAL     8    [PRESSURE DATA]
TOTAL FM JAN 1   270    HIGHEST SLP M ON M
DPTR FM NORMAL    89    LOWEST  SLP M ON M

[REMARKS]
