000
CXUS54 KOUN 010800
CF6HBR
PRELIMINARY LOCAL CLIMATOLOGICAL DATA (WS FORM: F-6)

                                          STATION:   HOBART
                                          MONTH:     JUNE
                                          YEAR:      2015
                                          LATITUDE:   35  0 N
                                          LONGITUDE:  99  3 W

  TEMPERATURE IN F:       :PCPN:    SNOW:  WIND      :SUNSHINE: SKY     :PK WND
================================================================================
1   2   3   4   5  6A  6B    7    8   9   10  11  12  13   14  15   16   17  18
                                     12Z  AVG MX 2MIN
DY MAX MIN AVG DEP HDD CDD  WTR  SNW DPTH SPD SPD DIR MIN PSBL S-S WX    SPD DR
================================================================================

 1  84  59  72  -2   0   7 0.00  0.0    0 10.8 20 170   M    M   1 8      24 160
 2  91  66  79   4   0  14 0.00  0.0    0 15.1 25 170   M    M   1        33 170
 3  92  67  80   5   0  15 0.00  0.0    0 17.0 29 170   M    M   0        35 170
 4  92  68  80   5   0  15 0.00  0.0    0 14.8 24 170   M    M   0        30 180
 5  91  68  80   4   0  15 0.00  0.0    0 11.2 20 170   M    M   0        25 180
 6  93  67  80   4   0  15 0.00  0.0    0 11.5 21 180   M    M   1        26 190
 7  94  68  81   5   0  16    T  0.0    0 12.9 26 350   M    M   1        35 350
 8  95  67  81   5   0  16 0.00  0.0    0  7.5 16 350   M    M   1        21 340
 9  97  66  82   5   0  17 0.00  0.0    0  8.0 17 210   M    M   1        23 210
10 100  70  85   8   0  20    T  0.0    0 11.6 22 170   M    M   2        28 160
11  97  72  85   8   0  20 0.00  0.0    0 16.0 28 180   M    M   0        35 190
12  91  66  79   1   0  14 1.06  0.0    0 12.5 26 330   M    M   4 13     31 330
13  83  66  75  -3   0  10 0.35  0.0    0  8.3 18 170   M    M   6 13     23 170
14  87  64  76  -2   0  11 0.01  0.0    0 10.0 36  10   M    M   5 13     44  10
15  87  66  77  -1   0  12 0.02  0.0    0  6.3 20 230   M    M   4 13     25 230
16  85  69  77  -2   0  12    T  0.0    0  6.5 14 130   M    M   6         M  M
17  81  70  76  -3   0  11    T  0.0    0  8.4 16  80   M    M   5 1      20  80
18  91  68  80   1   0  15 0.00  0.0    0  9.2 17 320   M    M   0        21 350
19  94  70  82   3   0  17    T  0.0    0  8.8 26 210   M    M   2        35 210
20  93  70  82   2   0  17 0.00  0.0    0 16.9 28 210   M    M   0        36 220
21  93  71  82   2   0  17 0.00  0.0    0 14.6 23 160   M    M   1 1      29 220
22  93  72  83   3   0  18 0.00  0.0    0 18.6 31 210   M    M   0        38 220
23  94  68  81   1   0  16 0.00  0.0    0 13.2 23 230   M    M   0 18     31 230
24  94  72  83   2   0  18 0.00  0.0    0 12.4 21 190   M    M   0        37 210
25  95  73  84   3   0  19    T  0.0    0 14.0 22 200   M    M   1        30 210
26  94  72  83   2   0  18    T  0.0    0  9.3 22 310   M    M   1 3      29 290
27  89  66  78  -3   0  13 0.00  0.0    0  7.8 15  30   M    M   1        22  50
28  94  62  78  -3   0  13 0.00  0.0    0 10.2 20 170   M    M   0 18     25 170
29  97  69  83   1   0  18 0.15  0.0    0 10.4 25  60   M    M   2 13     32  70
30  94  63  79  -3   0  14 0.00  0.0    0  7.9 15 290   M    M   0        19 280
================================================================================
SM 2755 2035         0 453  1.59     0.0 341.7          M       46
================================================================================
AV 91.8 67.8                              11.4 FASTST   M    M   2    MAX(MPH)
                                 MISC ---->  # 36  10               # 44   10
================================================================================
NOTES:
# LAST OF SEVERAL OCCURRENCES

COLUMN 17 PEAK WIND IN M.P.H.

PRELIMINARY LOCAL CLIMATOLOGICAL DATA (WS FORM: F-6) , PAGE 2

                                          STATION:  HOBART
                                          MONTH:    JUNE
                                          YEAR:     2015
                                          LATITUDE:   35  0 N
                                          LONGITUDE:  99  3 W

[TEMPERATURE DATA]      [PRECIPITATION DATA]       SYMBOLS USED IN COLUMN 16

AVERAGE MONTHLY: 79.8   TOTAL FOR MONTH:   1.59    1 = FOG OR MIST
DPTR FM NORMAL:   1.4   DPTR FM NORMAL:   -2.08    2 = FOG REDUCING VISIBILITY
HIGHEST:   100 ON 10    GRTST 24HR  1.29 ON 12-13      TO 1/4 MILE OR LESS
LOWEST:     59 ON  1                               3 = THUNDER
                        SNOW, ICE PELLETS, HAIL    4 = ICE PELLETS
                        TOTAL MONTH:   0.0 INCH    5 = HAIL
                        GRTST 24HR     0.0         6 = FREEZING RAIN OR DRIZZLE
                        GRTST DEPTH:   0           7 = DUSTSTORM OR SANDSTORM:
                                                       VSBY 1/2 MILE OR LESS
                                                   8 = SMOKE OR HAZE
[NO. OF DAYS WITH]      [WEATHER - DAYS WITH]      9 = BLOWING SNOW
                                                   X = TORNADO
MAX 32 OR BELOW:   0    0.01 INCH OR MORE:   5
MAX 90 OR ABOVE:  23    0.10 INCH OR MORE:   3
MIN 32 OR BELOW:   0    0.50 INCH OR MORE:   1
MIN  0 OR BELOW:   0    1.00 INCH OR MORE:   1

[HDD (BASE 65) ]
TOTAL THIS MO.     0    CLEAR  (SCALE 0-3)  24
DPTR FM NORMAL    -2    PTCLDY (SCALE 4-7)   6
TOTAL FM JUL 1  3471    CLOUDY (SCALE 8-10)  0
DPTR FM NORMAL  -195

[CDD (BASE 65) ]
TOTAL THIS MO.   453
DPTR FM NORMAL    51    [PRESSURE DATA]
TOTAL FM JAN 1   580    HIGHEST SLP M ON M
DPTR FM NORMAL   -39    LOWEST  SLP 29.65 ON 11

[REMARKS]
#FINAL-06-15#
