000
CXUS53 KGID 200730
CF6HDE
PRELIMINARY LOCAL CLIMATOLOGICAL DATA (WS FORM: F-6)

                                          STATION:   HOLDREGE
                                          MONTH:     OCTOBER
                                          YEAR:      2017
                                          LATITUDE:   40 27 N
                                          LONGITUDE:  99 20 W

  TEMPERATURE IN F:       :PCPN:    SNOW:  WIND      :SUNSHINE: SKY     :PK WND
================================================================================
1   2   3   4   5  6A  6B    7    8   9   10  11  12  13   14  15   16   17  18
                                     12Z  AVG MX 2MIN
DY MAX MIN AVG DEP HDD CDD  WTR  SNW DPTH SPD SPD DIR MIN PSBL S-S WX    SPD DR
================================================================================

 1  80  56  68  10   0   3 1.35    M    M 17.7 28 160   M    M   9 3      36 160
 2  72  52  62   4   3   0 0.46    M    M  7.0 20 180   M    M   9 13     28 180
 3  66  51  59   2   6   0 0.03    M    M  8.6 14 360   M    M   8 13     18 340
 4  67  50  59   2   6   0 0.00    M    M 10.0 14 130   M    M  10 1      20  90
 5  63  56  60   4   5   0 0.02    M    M  6.0 12  60   M    M  10 1      16  60
 6  60  52  56   0   9   0 0.18    M    M  9.7 17  10   M    M  10 13     28 350
 7  74  49  62   7   3   0 0.03    M    M  8.1 13 260   M    M   2        16 300
 8  70  49  60   5   5   0 0.00    M    M 12.9 22  20   M    M   2        28  20
 9  54  39  47  -8  18   0    T    M    M 18.4 28  10   M    M  10        37  20
10  56  36  46  -8  19   0 0.02    M    M  5.0  9 320   M    M   4        16  30
11  67  31  49  -5  16   0 0.00    M    M 10.7 20 170   M    M   0        27 160
12  72  41  57   3   8   0 0.00    M    M  9.1 13  30   M    M   0        17 150
13  65  49  57   4   8   0    T    M    M 11.4 22  30   M    M   7        29  30
14  63  42  53   0  12   0 0.03    M    M  9.4 20 330   M    M   8 12     37 340
15  64  32  48  -4  17   0 0.00    M    M  6.4 14 310   M    M   0 8      20 310
16  76  36  56   4   9   0 0.00    M    M  9.0 20 200   M    M   0        29 200
17  79  39  59   7   6   0 0.00    M    M  4.7  9 180   M    M   0         M  M
18  76  41  59   8   6   0 0.00    M    M  8.0 15  20   M    M   0        20  10
19  80  34  57   6   8   0 0.00    M    M  7.6 17 180   M    M   0        23 180
================================================================================
SM 1304  835       164   3  2.12    M    179.7          M       89
================================================================================
AV 68.6 44.0                               9.5 FASTST   M    M   5    MAX(MPH)
                                 MISC ---->  # 28 160               # 37   20
================================================================================
NOTES:
# LAST OF SEVERAL OCCURRENCES

COLUMN 17 PEAK WIND IN M.P.H.

PRELIMINARY LOCAL CLIMATOLOGICAL DATA (WS FORM: F-6) , PAGE 2

                                          STATION:  HOLDREGE
                                          MONTH:    OCTOBER
                                          YEAR:     2017
                                          LATITUDE:   40 27 N
                                          LONGITUDE:  99 20 W

[TEMPERATURE DATA]      [PRECIPITATION DATA]       SYMBOLS USED IN COLUMN 16

AVERAGE MONTHLY: 56.3   TOTAL FOR MONTH:   2.12    1 = FOG OR MIST
DPTR FM NORMAL:   1.9   DPTR FM NORMAL:    0.79    2 = FOG REDUCING VISIBILITY
HIGHEST:    80 ON 19, 1 GRTST 24HR  1.35 ON  1- 1      TO 1/4 MILE OR LESS
LOWEST:     31 ON 11                               3 = THUNDER
                        SNOW, ICE PELLETS, HAIL    4 = ICE PELLETS
                        TOTAL MONTH:    M          5 = HAIL
                        GRTST 24HR    M  ON   M    6 = FREEZING RAIN OR DRIZZLE
                        GRTST DEPTH:  M  ON   M    7 = DUSTSTORM OR SANDSTORM:
                                                       VSBY 1/2 MILE OR LESS
                                                   8 = SMOKE OR HAZE
[NO. OF DAYS WITH]      [WEATHER - DAYS WITH]      9 = BLOWING SNOW
                                                   X = TORNADO
MAX 32 OR BELOW:   0    0.01 INCH OR MORE:   8
MAX 90 OR ABOVE:   0    0.10 INCH OR MORE:   3
MIN 32 OR BELOW:   2    0.50 INCH OR MORE:   1
MIN  0 OR BELOW:   0    1.00 INCH OR MORE:   1

[HDD (BASE 65) ]
TOTAL THIS MO.   164    CLEAR  (SCALE 0-3)   9
DPTR FM NORMAL   -47    PTCLDY (SCALE 4-7)   3
TOTAL FM JUL 1   240    CLOUDY (SCALE 8-10)  7
DPTR FM NORMAL   -94

[CDD (BASE 65) ]
TOTAL THIS MO.     3
DPTR FM NORMAL    -4    [PRESSURE DATA]
TOTAL FM JAN 1   956    HIGHEST SLP M ON M
DPTR FM NORMAL    43    LOWEST  SLP M ON M

[REMARKS]
