000
CXUS51 KLWX 250620
CF6HGR
PRELIMINARY LOCAL CLIMATOLOGICAL DATA (WS FORM: F-6)

                                          STATION:   HAGERSTOWN MD
                                          MONTH:     DECEMBER
                                          YEAR:      2014
                                          LATITUDE:   39 42 N
                                          LONGITUDE:  77 43 W

  TEMPERATURE IN F:       :PCPN:    SNOW:  WIND      :SUNSHINE: SKY     :PK WND
================================================================================
1   2   3   4   5  6A  6B    7    8   9   10  11  12  13   14  15   16   17  18
                                     12Z  AVG MX 2MIN
DY MAX MIN AVG DEP HDD CDD  WTR  SNW DPTH SPD SPD DIR MIN PSBL S-S WX    SPD DR
================================================================================

 1  66  39  53  14  12   0 0.06    M    M 10.4 28 330   M    M   8        35 330
 2  39  33  36  -2  29   0 0.24    M    M  4.9 10 350   M    M   9 168    13 340
 3  52  33  43   5  22   0 0.04    M    M  7.8 30 280   M    M   6 12     38 280
 4  41  33  37  -1  28   0 0.00    M    M  3.5 13 320   M    M   3        17 300
 5  40  37  39   2  26   0 0.22    M    M  5.8 13 160   M    M  10 1      16 160
 6  43  39  41   4  24   0 0.57    M    M  7.2 16 350   M    M  10 1      21 330
 7  45  31  38   2  27   0 0.00    M    M 10.4 22  10   M    M   1        27  10
 8  34  29  32  -4  33   0 0.12    M    M  7.0 13 360   M    M   6 168    16 360
 9  44  30  37   1  28   0 0.62    M    M  8.5 15  10   M    M   7 16     19  10
10  43  35  39   4  26   0 0.00    M    M 16.9 28 300   M    M  10        34 310
11  37  32  35   0  30   0    T    M    M 16.6 32 280   M    M  10        38 290
12  40  31  36   1  29   0 0.00    M    M 10.3 22 290   M    M   8        27 290
13  42  30  36   2  29   0 0.00    M    M  6.8 17 300   M    M   1 8      23 300
14  51  37  44  10  21   0 0.00    M    M 10.6 23 310   M    M  10        30 310
15  56  36  46  12  19   0 0.00    M    M  2.7 10 320   M    M   5        15 300
16  44  30  37   3  28   0 0.07    M    M  3.1 13  70   M    M   7 12     15  70
17  48  35  42   9  23   0 0.00    M    M 11.8 25 270   M    M  10 12     31 270
18  37  31  34   1  31   0 0.00    M    M 13.1 29 290   M    M   8        34 290
19  40  27  34   1  31   0 0.00    M    M 11.4 20 320   M    M   7        25 340
20  36  23  30  -3  35   0 0.00    M    M  1.9 10 290   M    M   3        11 290
21  39  26  33   1  32   0 0.00    M    M  3.2  8  70   M    M   6 8      11 350
22  35  21  28  -4  37   0 0.17    M    M  4.5 10 330   M    M   7 168    13 330
23  40  33  37   5  28   0 0.04    M    M  1.5  8 360   M    M   8 126    11 360
24  51  40  46  14  19   0 0.76    M    M  3.1 16 270   M    M  10 12     22 270
================================================================================
SM 1043  771       647   0  2.91    M    183.0          M      170
================================================================================
AV 43.5 32.1                               7.6 FASTST   M    M   7    MAX(MPH)
                                 MISC ---->  # 32 280               # 38  280
================================================================================
NOTES:
# LAST OF SEVERAL OCCURRENCES

COLUMN 17 PEAK WIND IN M.P.H.

PRELIMINARY LOCAL CLIMATOLOGICAL DATA (WS FORM: F-6) , PAGE 2

                                          STATION:  HAGERSTOWN MD
                                          MONTH:    DECEMBER
                                          YEAR:     2014
                                          LATITUDE:   39 42 N
                                          LONGITUDE:  77 43 W

[TEMPERATURE DATA]      [PRECIPITATION DATA]       SYMBOLS USED IN COLUMN 16

AVERAGE MONTHLY: 37.8   TOTAL FOR MONTH:   2.91    1 = FOG OR MIST
DPTR FM NORMAL:   3.0   DPTR FM NORMAL:    0.55    2 = FOG REDUCING VISIBILITY
HIGHEST:    66 ON  1    GRTST 24HR  0.76 ON 24-24      TO 1/4 MILE OR LESS
LOWEST:     21 ON 22                               3 = THUNDER
                        SNOW, ICE PELLETS, HAIL    4 = ICE PELLETS
                        TOTAL MONTH:    M          5 = HAIL
                        GRTST 24HR    M  ON   M    6 = FREEZING RAIN OR DRIZZLE
                        GRTST DEPTH:  M  ON   M    7 = DUSTSTORM OR SANDSTORM:
                                                       VSBY 1/2 MILE OR LESS
                                                   8 = SMOKE OR HAZE
[NO. OF DAYS WITH]      [WEATHER - DAYS WITH]      9 = BLOWING SNOW
                                                   X = TORNADO
MAX 32 OR BELOW:   0    0.01 INCH OR MORE:  11
MAX 90 OR ABOVE:   0    0.10 INCH OR MORE:   7
MIN 32 OR BELOW:  12    0.50 INCH OR MORE:   3
MIN  0 OR BELOW:   0    1.00 INCH OR MORE:   0

[HDD (BASE 65) ]
TOTAL THIS MO.   647    CLEAR  (SCALE 0-3)   3
DPTR FM NORMAL   -77    PTCLDY (SCALE 4-7)  10
TOTAL FM JUL 1  1600    CLOUDY (SCALE 8-10) 11
DPTR FM NORMAL  -129

[CDD (BASE 65) ]
TOTAL THIS MO.     0
DPTR FM NORMAL     0    [PRESSURE DATA]
TOTAL FM JAN 1   941    HIGHEST SLP M ON M
DPTR FM NORMAL   -28    LOWEST  SLP 29.55 ON 24

[REMARKS]
