000
CXUS51 KLWX 240620
CF6HGR
PRELIMINARY LOCAL CLIMATOLOGICAL DATA (WS FORM: F-6)

                                          STATION:   HAGERSTOWN MD
                                          MONTH:     APRIL
                                          YEAR:      2017
                                          LATITUDE:   39 42 N
                                          LONGITUDE:  77 43 W

  TEMPERATURE IN F:       :PCPN:    SNOW:  WIND      :SUNSHINE: SKY     :PK WND
================================================================================
1   2   3   4   5  6A  6B    7    8   9   10  11  12  13   14  15   16   17  18
                                     12Z  AVG MX 2MIN
DY MAX MIN AVG DEP HDD CDD  WTR  SNW DPTH SPD SPD DIR MIN PSBL S-S WX    SPD DR
================================================================================

 1  54  43  49   1  16   0 0.01    M    M 13.3 25 310   M    M   8 1      33 310
 2  64  37  51   3  14   0 0.00    M    M  4.6 14 320   M    M   1        19 310
 3  69  43  56   8   9   0 0.04    M    M 10.3 21 160   M    M   3 1      28 140
 4  76  51  64  15   1   0 0.04    M    M 10.1 29 290   M    M   7 12     36 280
 5  70  49  60  11   5   0 0.00    M    M  8.7 22 130   M    M   4        33 140
 6  61  45  53   3  12   0 0.91    M    M 10.6 26 290   M    M  10 135    33 260
 7  45  35  40 -10  25   0 0.00    M    M 17.2 35 300   M    M  10        41 300
 8  61  33  47  -3  18   0 0.00    M    M  9.8 22 310   M    M   0        30 290
 9  72  37  55   4  10   0 0.00    M    M  7.5 15 170   M    M   0        19 190
10  81  50  66  15   0   1 0.00    M    M  8.2 17 180   M    M   0        23 170
11  86  56  71  20   0   6    T    M    M  7.3 25 320   M    M   1        31 330
12  75  57  66  14   0   1 0.02    M    M  6.8 20 290   M    M   3 1      27 240
13  68  48  58   6   7   0 0.00    M    M  7.3 16  20   M    M   1        21  20
14  70  44  57   5   8   0 0.00    M    M  4.4 10  80   M    M   4        13  70
15  75  52  64  11   1   0 0.03    M    M  8.8 16 170   M    M   2        20 170
16  85  60  73  20   0   8    T    M    M 11.6 26 270   M    M   2        34 280
17  72  58  65  12   0   0 0.19    M    M  5.6 14 310   M    M   4 1      18 310
18  71  50  61   7   4   0 0.00    M    M  6.1 21 160   M    M   0        27 150
19  62  52  57   3   8   0 0.01    M    M 12.2 21 160   M    M   6 18     25 160
20  79  54  67  13   0   2 0.12    M    M  5.8 22 340   M    M   5 13     28 340
21  83  62  73  18   0   8 0.23    M    M  7.0 16 270   M    M   5 1      21 280
22  64  47  56   1   9   0 0.16    M    M  6.2 14 340   M    M   9 12     19 350
23  65  40  53  -2  12   0 0.00    M    M  5.8 13  80   M    M   1 12     17 110
================================================================================
SM 1608 1103       159  26  1.76    M    195.2          M       86
================================================================================
AV 69.9 48.0                               8.5 FASTST   M    M   4    MAX(MPH)
                                 MISC ---->  # 35 300               # 41  300
================================================================================
NOTES:
# LAST OF SEVERAL OCCURRENCES

COLUMN 17 PEAK WIND IN M.P.H.

PRELIMINARY LOCAL CLIMATOLOGICAL DATA (WS FORM: F-6) , PAGE 2

                                          STATION:  HAGERSTOWN MD
                                          MONTH:    APRIL
                                          YEAR:     2017
                                          LATITUDE:   39 42 N
                                          LONGITUDE:  77 43 W

[TEMPERATURE DATA]      [PRECIPITATION DATA]       SYMBOLS USED IN COLUMN 16

AVERAGE MONTHLY: 58.9   TOTAL FOR MONTH:   1.76    1 = FOG OR MIST
DPTR FM NORMAL:   7.3   DPTR FM NORMAL:   -1.04    2 = FOG REDUCING VISIBILITY
HIGHEST:    86 ON 11    GRTST 24HR  0.91 ON  6- 6      TO 1/4 MILE OR LESS
LOWEST:     33 ON  8                               3 = THUNDER
                        SNOW, ICE PELLETS, HAIL    4 = ICE PELLETS
                        TOTAL MONTH:    M          5 = HAIL
                        GRTST 24HR    M  ON   M    6 = FREEZING RAIN OR DRIZZLE
                        GRTST DEPTH:  M  ON   M    7 = DUSTSTORM OR SANDSTORM:
                                                       VSBY 1/2 MILE OR LESS
                                                   8 = SMOKE OR HAZE
[NO. OF DAYS WITH]      [WEATHER - DAYS WITH]      9 = BLOWING SNOW
                                                   X = TORNADO
MAX 32 OR BELOW:   0    0.01 INCH OR MORE:  11
MAX 90 OR ABOVE:   0    0.10 INCH OR MORE:   5
MIN 32 OR BELOW:   0    0.50 INCH OR MORE:   1
MIN  0 OR BELOW:   0    1.00 INCH OR MORE:   0

[HDD (BASE 65) ]
TOTAL THIS MO.   159    CLEAR  (SCALE 0-3)  10
DPTR FM NORMAL  -158    PTCLDY (SCALE 4-7)   9
TOTAL FM JUL 1  3863    CLOUDY (SCALE 8-10)  4
DPTR FM NORMAL -1086

[CDD (BASE 65) ]
TOTAL THIS MO.    26
DPTR FM NORMAL    21    [PRESSURE DATA]
TOTAL FM JAN 1    28    HIGHEST SLP M ON M
DPTR FM NORMAL    22    LOWEST  SLP 29.24 ON  6

[REMARKS]
