000
CXUS51 KLWX 200620
CF6HGR
PRELIMINARY LOCAL CLIMATOLOGICAL DATA (WS FORM: F-6)

                                          STATION:   HAGERSTOWN MD
                                          MONTH:     NOVEMBER
                                          YEAR:      2017
                                          LATITUDE:   39 42 N
                                          LONGITUDE:  77 43 W

  TEMPERATURE IN F:       :PCPN:    SNOW:  WIND      :SUNSHINE: SKY     :PK WND
================================================================================
1   2   3   4   5  6A  6B    7    8   9   10  11  12  13   14  15   16   17  18
                                     12Z  AVG MX 2MIN
DY MAX MIN AVG DEP HDD CDD  WTR  SNW DPTH SPD SPD DIR MIN PSBL S-S WX    SPD DR
================================================================================

 1  48  38  43  -7  22   0    T    M    M  4.7 12 340   M    M   9 1      13 330
 2  71  44  58   8   7   0    T    M    M  1.6  8 290   M    M   4 18     10 220
 3  73  50  62  13   3   0 0.00    M    M  6.9 18 340   M    M   3 18     24 340
 4  58  41  50   1  15   0 0.35    M    M  3.9 10 180   M    M   4 1      13 160
 5  59  50  55   6  10   0 0.08    M    M  7.0 16 170   M    M   8 12     21 170
 6  69  44  57   9   8   0 0.06    M    M  7.3 20 320   M    M   7 1      25 330
 7  45  38  42  -6  23   0 0.29    M    M  7.5 17 360   M    M   7 1      22 310
 8  50  37  44  -4  21   0 0.00    M    M  4.7 13  20   M    M   5        17  20
 9  48  39  44  -3  21   0 0.08    M    M  3.6 10 230   M    M   9 1      15 240
10  48  25  37 -10  28   0 0.00    M    M 13.7 29 320   M    M   3        35 320
11  36  20  28 -19  37   0 0.00    M    M  3.5  9 350   M    M   0        10 360
12  48  28  38  -8  27   0 0.03    M    M  2.5 12 190   M    M   2 18     14 180
13  49  38  44  -2  21   0 0.02    M    M  2.8 10 310   M    M   7 18     12 310
14  46  41  44  -2  21   0 0.00    M    M  3.9 13 320   M    M  10        16 310
15  51  30  41  -4  24   0    T    M    M  5.6 15 160   M    M   2 18     19 170
16  58  39  49   4  16   0    T    M    M 14.9 29 300   M    M   8 18     37 300
17  51  38  45   1  20   0 0.00    M    M  8.0 26 300   M    M   2        32 300
18  56  36  46   2  19   0 0.66    M    M  4.0 15 170   M    M   5 1      20 180
19  59  37  48   4  17   0 0.05    M    M 18.9 33 290   M    M   8        51 270
================================================================================
SM 1023  713       360   0  1.62    M    125.0          M      103
================================================================================
AV 53.8 37.5                               6.6 FASTST   M    M   5    MAX(MPH)
                                 MISC ---->  # 33 290               # 51  270
================================================================================
NOTES:
# LAST OF SEVERAL OCCURRENCES

COLUMN 17 PEAK WIND IN M.P.H.

PRELIMINARY LOCAL CLIMATOLOGICAL DATA (WS FORM: F-6) , PAGE 2

                                          STATION:  HAGERSTOWN MD
                                          MONTH:    NOVEMBER
                                          YEAR:     2017
                                          LATITUDE:   39 42 N
                                          LONGITUDE:  77 43 W

[TEMPERATURE DATA]      [PRECIPITATION DATA]       SYMBOLS USED IN COLUMN 16

AVERAGE MONTHLY: 45.7   TOTAL FOR MONTH:   1.62    1 = FOG OR MIST
DPTR FM NORMAL:  -1.3   DPTR FM NORMAL:   -0.29    2 = FOG REDUCING VISIBILITY
HIGHEST:    73 ON  3    GRTST 24HR  0.66 ON 18-18      TO 1/4 MILE OR LESS
LOWEST:     20 ON 11                               3 = THUNDER
                        SNOW, ICE PELLETS, HAIL    4 = ICE PELLETS
                        TOTAL MONTH:    M          5 = HAIL
                        GRTST 24HR    M  ON   M    6 = FREEZING RAIN OR DRIZZLE
                        GRTST DEPTH:  M  ON   M    7 = DUSTSTORM OR SANDSTORM:
                                                       VSBY 1/2 MILE OR LESS
                                                   8 = SMOKE OR HAZE
[NO. OF DAYS WITH]      [WEATHER - DAYS WITH]      9 = BLOWING SNOW
                                                   X = TORNADO
MAX 32 OR BELOW:   0    0.01 INCH OR MORE:   9
MAX 90 OR ABOVE:   0    0.10 INCH OR MORE:   3
MIN 32 OR BELOW:   4    0.50 INCH OR MORE:   1
MIN  0 OR BELOW:   0    1.00 INCH OR MORE:   0

[HDD (BASE 65) ]
TOTAL THIS MO.   360    CLEAR  (SCALE 0-3)   6
DPTR FM NORMAL    18    PTCLDY (SCALE 4-7)   8
TOTAL FM JUL 1   561    CLOUDY (SCALE 8-10)  5
DPTR FM NORMAL  -183

[CDD (BASE 65) ]
TOTAL THIS MO.     0
DPTR FM NORMAL     0    [PRESSURE DATA]
TOTAL FM JAN 1  1333    HIGHEST SLP M ON M
DPTR FM NORMAL   364    LOWEST  SLP 29.31 ON 19

[REMARKS]
