000
CXUS56 KPQR 281330
CF6HIO
PRELIMINARY LOCAL CLIMATOLOGICAL DATA (WS FORM: F-6)

                                          STATION:   HILLSBORO OR
                                          MONTH:     FEBRUARY
                                          YEAR:      2015
                                          LATITUDE:   45 32 N
                                          LONGITUDE: 122 57 W

  TEMPERATURE IN F:       :PCPN:    SNOW:  WIND      :SUNSHINE: SKY     :PK WND
================================================================================
1   2   3   4   5  6A  6B    7    8   9   10  11  12  13   14  15   16   17  18
                                     12Z  AVG MX 2MIN
DY MAX MIN AVG DEP HDD CDD  WTR  SNW DPTH SPD SPD DIR MIN PSBL S-S WX    SPD DR
================================================================================

 1  45  36  41  -1  24   0 0.23    M    0  2.0  8 260   M    M   8 12      9 260
 2  58  39  49   7  16   0 0.47    M    0  3.4 17 240   M    M   7 18     22 240
 3  51  40  46   4  19   0 0.17    M    0  0.9  6 300   M    M   6 1       8 200
 4  53  44  49   7  16   0 0.14    M    0  2.4  7  50   M    M   8 12      9  60
 5  56  45  51   9  14   0 0.90    M    0  5.1 14 160   M    M  10 12     19 160
 6  57  51  54  12  11   0 1.13  0.0    0  7.3 22 180   M    M   9 1      28 180
 7  57  50  54  12  11   0 0.89  0.0    0 10.2 23 170   M    M  10 1      33 180
 8  56  44  50   8  15   0 0.21    M    0  5.3 25 240   M    M   8 1      33 240
 9  52  46  49   7  16   0 0.26    M    0 13.3 31 170   M    M   9 1      43 170
10  53  44  49   7  16   0 0.00  0.0    0  4.0 13 160   M    M   6 1      15 160
11  54  37  46   4  19   0 0.00  0.0    0  1.5  8  60   M    M   4 12      9  50
12  50  40  45   3  20   0 0.00  0.0    0  1.0  7 280   M    M   9 12      9 280
13  53  36  45   3  20   0 0.00  0.0    0  2.2  7 300   M    M   6 128     8 200
14  60  40  50   8  15   0 0.00  0.0    0  3.5 13  60   M    M   6 12     17 300
15  63  35  49   7  16   0 0.00  0.0    0  4.3 17  50   M    M   0 1      21  60
16  62  36  49   7  16   0 0.00  0.0    0 10.7 23  60   M    M   0        29  70
17  64  34  49   7  16   0 0.00  0.0    0  5.8 14  80   M    M   0        17  80
18  57  33  45   3  20   0 0.00  0.0    0  1.3  7 320   M    M   7 1      10 180
19  59  42  51   8  14   0    T    M    0  1.2 10 170   M    M   9 1      13 180
20  58  37  48   5  17   0 0.00  0.0    0  2.9 14 310   M    M   7 12     17 310
21  59  34  47   4  18   0 0.00  0.0    0  5.9 16  70   M    M   2        23  80
22  56  39  48   5  17   0 0.00  0.0    0  9.5 20  70   M    M   0        27  60
23  59  27  43   0  22   0 0.00  0.0    0  4.9 14  60   M    M   0        20  70
24  58  27  43   0  22   0 0.00  0.0    0  2.8 15 330   M    M   1 1      19 330
25  52  43  48   5  17   0 0.01    M    0  1.1  7 190   M    M  10 18     10 220
26  53  45  49   6  16   0 0.05    M    0  4.1 12 190   M    M  10 18     14 180
27  56  42  49   5  16   0 0.11    M    0  4.2 14  90   M    M  10 1      19  80
================================================================================
SM 1511 1066       459   0  4.57     0.0 120.8          M      162
================================================================================
AV 56.0 39.5                               4.5 FASTST   M    M   6    MAX(MPH)
                                 MISC ---->  # 31 170               # 43  170
================================================================================
NOTES:
# LAST OF SEVERAL OCCURRENCES

COLUMN 17 PEAK WIND IN M.P.H.

PRELIMINARY LOCAL CLIMATOLOGICAL DATA (WS FORM: F-6) , PAGE 2

                                          STATION:  HILLSBORO OR
                                          MONTH:    FEBRUARY
                                          YEAR:     2015
                                          LATITUDE:   45 32 N
                                          LONGITUDE: 122 57 W

[TEMPERATURE DATA]      [PRECIPITATION DATA]       SYMBOLS USED IN COLUMN 16

AVERAGE MONTHLY: 47.7   TOTAL FOR MONTH:   4.57    1 = FOG OR MIST
DPTR FM NORMAL:   5.4   DPTR FM NORMAL:    0.32    2 = FOG REDUCING VISIBILITY
HIGHEST:    64 ON 17    GRTST 24HR  1.51 ON  5- 6      TO 1/4 MILE OR LESS
LOWEST:     27 ON 24,23                            3 = THUNDER
                        SNOW, ICE PELLETS, HAIL    4 = ICE PELLETS
                        TOTAL MONTH:   0.0 INCH    5 = HAIL
                        GRTST 24HR     0.0         6 = FREEZING RAIN OR DRIZZLE
                        GRTST DEPTH:   0           7 = DUSTSTORM OR SANDSTORM:
                                                       VSBY 1/2 MILE OR LESS
                                                   8 = SMOKE OR HAZE
[NO. OF DAYS WITH]      [WEATHER - DAYS WITH]      9 = BLOWING SNOW
                                                   X = TORNADO
MAX 32 OR BELOW:   0    0.01 INCH OR MORE:  12
MAX 90 OR ABOVE:   0    0.10 INCH OR MORE:  10
MIN 32 OR BELOW:   2    0.50 INCH OR MORE:   3
MIN  0 OR BELOW:   0    1.00 INCH OR MORE:   1

[HDD (BASE 65) ]
TOTAL THIS MO.   459    CLEAR  (SCALE 0-3)   7
DPTR FM NORMAL  -152    PTCLDY (SCALE 4-7)  10
TOTAL FM JUL 1  2668    CLOUDY (SCALE 8-10) 10
DPTR FM NORMAL  -836

[CDD (BASE 65) ]
TOTAL THIS MO.     0
DPTR FM NORMAL     0    [PRESSURE DATA]
TOTAL FM JAN 1     0    HIGHEST SLP M ON M
DPTR FM NORMAL     0    LOWEST  SLP 29.40 ON  7

[REMARKS]
