000
CXUS53 KGID 210730
CF6HJH
PRELIMINARY LOCAL CLIMATOLOGICAL DATA (WS FORM: F-6)

                                          STATION:   HEBRON
                                          MONTH:     SEPTEMBER
                                          YEAR:      2017
                                          LATITUDE:   40  9 N
                                          LONGITUDE:  97 35 W

  TEMPERATURE IN F:       :PCPN:    SNOW:  WIND      :SUNSHINE: SKY     :PK WND
================================================================================
1   2   3   4   5  6A  6B    7    8   9   10  11  12  13   14  15   16   17  18
                                     12Z  AVG MX 2MIN
DY MAX MIN AVG DEP HDD CDD  WTR  SNW DPTH SPD SPD DIR MIN PSBL S-S WX    SPD DR
================================================================================

 1  78  59  69  -3   0   4    T    M    M  4.3 10 190   M    M   2         M  M
 2  87  59  73   1   0   8 0.00    M    M  3.9 10 250   M    M   0 1       M  M
 3  94  57  76   5   0  11 0.00    M    M  5.9 14 200   M    M   2 1      18 200
 4  82  60  71   0   0   6 0.00    M    M  7.1 14  20   M    M   1        20  20
 5  73  46  60 -10   5   0 0.00    M    M  7.6 17 330   M    M   1        29 360
 6  74  43  59 -11   6   0 0.00    M    M  3.0 14 340   M    M   1        18 330
 7  85  43  64  -6   1   0 0.00    M    M  3.7  8 200   M    M   0         M  M
 8  91  54  73   4   0   8 0.00    M    M  4.2 10 180   M    M   0        20 180
 9  85  59  72   3   0   7    T    M    M  8.2 15 160   M    M   2 3      20 210
10  82  64  73   5   0   8 0.05    M    M  7.8 15 200   M    M   4 3      24 200
11  87  59  73   5   0   8 0.00    M    M  5.8 13 200   M    M   0        18 200
12  86  54  70   2   0   5 0.00    M    M  0.7  5 190   M    M   0 1       M  M
13  92  53  73   6   0   8 0.00    M    M  4.9 14 180   M    M   0         M  M
14  97  67  82  15   0  17 0.00    M    M 12.4 20 220   M    M   1        30 210
15  97  69  83  17   0  18 0.00    M    M 13.9 27 190   M    M   0        35 200
16  80  60  70   4   0   5 0.00    M    M  8.3 16 330   M    M   6 3      20 330
17  71  50  61  -4   4   0 0.01    M    M  8.1 16  90   M    M   5        17  60
18  82  64  73   8   0   8 0.64    M    M  5.9 13 160   M    M   7 3      18 140
19  94  66  80  16   0  15 0.00    M    M 12.4 20 170   M    M   0 1      30 170
20  84  60  72   8   0   7 0.00    M    M  7.7 18 180   M    M   1        28 180
================================================================================
SM 1701 1146        16 143  0.70    M    135.8          M       33
================================================================================
AV 85.1 57.3                               6.8 FASTST   M    M   2    MAX(MPH)
                                 MISC ---->  # 27 190               # 35  200
================================================================================
NOTES:
# LAST OF SEVERAL OCCURRENCES

COLUMN 17 PEAK WIND IN M.P.H.

PRELIMINARY LOCAL CLIMATOLOGICAL DATA (WS FORM: F-6) , PAGE 2

                                          STATION:  HEBRON
                                          MONTH:    SEPTEMBER
                                          YEAR:     2017
                                          LATITUDE:   40  9 N
                                          LONGITUDE:  97 35 W

[TEMPERATURE DATA]      [PRECIPITATION DATA]       SYMBOLS USED IN COLUMN 16

AVERAGE MONTHLY: 71.2   TOTAL FOR MONTH:   0.70    1 = FOG OR MIST
DPTR FM NORMAL:   3.1   DPTR FM NORMAL:   -1.25    2 = FOG REDUCING VISIBILITY
HIGHEST:    97 ON 15,14 GRTST 24HR  0.64 ON 18-18      TO 1/4 MILE OR LESS
LOWEST:     43 ON  7, 6                            3 = THUNDER
                        SNOW, ICE PELLETS, HAIL    4 = ICE PELLETS
                        TOTAL MONTH:    M          5 = HAIL
                        GRTST 24HR    M  ON   M    6 = FREEZING RAIN OR DRIZZLE
                        GRTST DEPTH:  M  ON   M    7 = DUSTSTORM OR SANDSTORM:
                                                       VSBY 1/2 MILE OR LESS
                                                   8 = SMOKE OR HAZE
[NO. OF DAYS WITH]      [WEATHER - DAYS WITH]      9 = BLOWING SNOW
                                                   X = TORNADO
MAX 32 OR BELOW:   0    0.01 INCH OR MORE:   3
MAX 90 OR ABOVE:   6    0.10 INCH OR MORE:   1
MIN 32 OR BELOW:   0    0.50 INCH OR MORE:   1
MIN  0 OR BELOW:   0    1.00 INCH OR MORE:   0

[HDD (BASE 65) ]
TOTAL THIS MO.    16    CLEAR  (SCALE 0-3)  16
DPTR FM NORMAL   -25    PTCLDY (SCALE 4-7)   4
TOTAL FM JUL 1    17    CLOUDY (SCALE 8-10)  0
DPTR FM NORMAL   -32

[CDD (BASE 65) ]
TOTAL THIS MO.   143
DPTR FM NORMAL    40    [PRESSURE DATA]
TOTAL FM JAN 1  1241    HIGHEST SLP M ON M
DPTR FM NORMAL   137    LOWEST  SLP M ON M

[REMARKS]
