000
CXUS56 KHNX 291146
CF6HJO
PRELIMINARY LOCAL CLIMATOLOGICAL DATA (WS FORM: F-6)

                                          STATION:   HANFORD CA AIRPORT
                                          MONTH:     JUNE
                                          YEAR:      2015
                                          LATITUDE:   36 19 N
                                          LONGITUDE: 119 38 W

  TEMPERATURE IN F:       :PCPN:    SNOW:  WIND      :SUNSHINE: SKY     :PK WND
================================================================================
1   2   3   4   5  6A  6B    7    8   9   10  11  12  13   14  15   16   17  18
                                     12Z  AVG MX 2MIN
DY MAX MIN AVG DEP HDD CDD  WTR  SNW DPTH SPD SPD DIR MIN PSBL S-S WX    SPD DR
================================================================================

 1  87  55  71  -1   0   6 0.00  0.0    0  9.2 24 310   M    M   0        30 320
 2  88  59  74   2   0   9 0.00  0.0    0 10.8 22 320   M    M   0        30 310
 3  89  62  76   4   0  11 0.00  0.0    0  9.4 18 320   M    M   0        23 330
 4  84  54  69  -3   0   4 0.00  0.0    0  5.7 13 330   M    M   0        15 180
 5  90  54  72  -1   0   7 0.00  0.0    0  5.3 14 260   M    M   0        17 320
 6  93  61  77   4   0  12 0.00  0.0    0  6.5 15 330   M    M   0        19 320
 7  98  65  82   9   0  17 0.00  0.0    0  6.4 13 330   M    M   0        18  10
 8 106  66  86  13   0  21 0.00  0.0    0  5.5 13 240   M    M   0        16 240
 9  89  68  79   6   0  14 0.00  0.0    0  6.3 24 190   M    M   2 8       M  M
10  91  70  81   7   0  16    T  0.0    0 10.1 21 310   M    M   2 8      27 320
11  93  66  80   6   0  15 0.00  0.0    0  6.0 13 320   M    M   0 8      18 330
12 102  74  88  14   0  23 0.00  0.0    0  5.3 14 320   M    M   0        17 310
13 106  73  90  16   0  25 0.00  0.0    0  7.7 22 310   M    M   0        27 310
14 102  65  84  10   0  19 0.00  0.0    0  8.1 15 320   M    M   0 8      19 320
15 100  60  80   6   0  15 0.00  0.0    0  7.6 15 310   M    M   0        20 300
16  98  58  78   3   0  13 0.00  0.0    0  6.9 16 330   M    M   0         M  M
17 103  59  81   6   0  16 0.00  0.0    0  6.0 14 320   M    M   0 8      18 320
18 102  62  82   7   0  17 0.00  0.0    0  8.6 20 320   M    M   0 8      25 320
19  98  57  78   3   0  13 0.00  0.0    0  8.7 18 320   M    M   0        25 320
20 102  58  80   5   0  15 0.00  0.0    0  6.3 12 320   M    M   0        18 300
21  98  63  81   5   0  16 0.00  0.0    0 10.4 17 320   M    M   0        24 320
22  95  57  76   0   0  11 0.00  0.0    0  8.1 17 310   M    M   0        23 310
23  97  57  77   1   0  12 0.00  0.0    0  7.2 15 320   M    M   0        19 320
24 100  64  82   6   0  17 0.00  0.0    0  6.2 13 320   M    M   0        16 320
25 105  65  85   9   0  20 0.00  0.0    0  4.6 10  30   M    M   0        19  30
26 104  66  85   8   0  20 0.00  0.0    0  5.6 15 270   M    M   0 8      20 270
27 100  71  86   9   0  21 0.00  0.0    0  5.4 18 330   M    M   0        21 330
28  97  73  85   8   0  20    T  0.0    0  8.2 17 330   M    M   0        21 330
================================================================================
SM 2717 1762         0 425    T      0.0 202.1          M        4
================================================================================
AV 97.0 62.9                               7.2 FASTST   M    M   0    MAX(MPH)
                                 MISC ---->  # 24 310               # 30  320
================================================================================
NOTES:
# LAST OF SEVERAL OCCURRENCES

COLUMN 17 PEAK WIND IN M.P.H.

PRELIMINARY LOCAL CLIMATOLOGICAL DATA (WS FORM: F-6) , PAGE 2

                                          STATION:  HANFORD CA AIRPORT
                                          MONTH:    JUNE
                                          YEAR:     2015
                                          LATITUDE:   36 19 N
                                          LONGITUDE: 119 38 W

[TEMPERATURE DATA]      [PRECIPITATION DATA]       SYMBOLS USED IN COLUMN 16

AVERAGE MONTHLY: 80.0   TOTAL FOR MONTH:      T    1 = FOG OR MIST
DPTR FM NORMAL:   5.6   DPTR FM NORMAL:   -0.15    2 = FOG REDUCING VISIBILITY
HIGHEST:   106 ON 13, 8 GRTST 24HR    T  ON 28-28      TO 1/4 MILE OR LESS
LOWEST:     54 ON  5, 4                            3 = THUNDER
                        SNOW, ICE PELLETS, HAIL    4 = ICE PELLETS
                        TOTAL MONTH:   0.0 INCH    5 = HAIL
                        GRTST 24HR     0.0         6 = FREEZING RAIN OR DRIZZLE
                        GRTST DEPTH:   0           7 = DUSTSTORM OR SANDSTORM:
                                                       VSBY 1/2 MILE OR LESS
                                                   8 = SMOKE OR HAZE
[NO. OF DAYS WITH]      [WEATHER - DAYS WITH]      9 = BLOWING SNOW
                                                   X = TORNADO
MAX 32 OR BELOW:   0    0.01 INCH OR MORE:   0
MAX 90 OR ABOVE:  23    0.10 INCH OR MORE:   0
MIN 32 OR BELOW:   0    0.50 INCH OR MORE:   0
MIN  0 OR BELOW:   0    1.00 INCH OR MORE:   0

[HDD (BASE 65) ]
TOTAL THIS MO.     0    CLEAR  (SCALE 0-3)  28
DPTR FM NORMAL     0    PTCLDY (SCALE 4-7)   0
TOTAL FM JUL 1  1711    CLOUDY (SCALE 8-10)  0
DPTR FM NORMAL  -941

[CDD (BASE 65) ]
TOTAL THIS MO.   425
DPTR FM NORMAL   160    [PRESSURE DATA]
TOTAL FM JAN 1   731    HIGHEST SLP M ON M
DPTR FM NORMAL   277    LOWEST  SLP 29.59 ON 13

[REMARKS]
