000
CXUS56 KHNX 301146
CF6HJO
PRELIMINARY LOCAL CLIMATOLOGICAL DATA (WS FORM: F-6)

                                          STATION:   HANFORD CA AIRPORT
                                          MONTH:     MARCH
                                          YEAR:      2017
                                          LATITUDE:   36 19 N
                                          LONGITUDE: 119 38 W

  TEMPERATURE IN F:       :PCPN:    SNOW:  WIND      :SUNSHINE: SKY     :PK WND
================================================================================
1   2   3   4   5  6A  6B    7    8   9   10  11  12  13   14  15   16   17  18
                                     12Z  AVG MX 2MIN
DY MAX MIN AVG DEP HDD CDD  WTR  SNW DPTH SPD SPD DIR MIN PSBL S-S WX    SPD DR
================================================================================

 1  65  32  49  -4  16   0 0.00  0.0    0  3.6  9 330   M    M   0        12 330
 2  67  34  51  -3  14   0 0.00  0.0    0  3.1  9 300   M    M   0 128    13 320
 3  68  36  52  -2  13   0 0.00  0.0    0  1.8  8  60   M    M   0 12      9  50
 4  69  40  55   1  10   0 0.00  0.0    0  2.7 12 240   M    M   0 18     16 240
 5  56  36  46  -8  19   0 0.11  0.0    0  7.8 22 320   M    M   5 1      26 320
 6  59  32  46  -8  19   0 0.00  0.0    0  3.9 12 320   M    M   0        14 320
 7  62  33  48  -6  17   0 0.00  0.0    0  3.7 10 310   M    M   0 1      13 330
 8  66  37  52  -2  13   0 0.00  0.0    0  2.6  9 300   M    M   0 1      14 290
 9  73  39  56   1   9   0 0.00  0.0    0  2.3  8 300   M    M   0 128    10 140
10  72  45  59   4   6   0 0.00  0.0    0  2.3  8 350   M    M   1 128    11 330
11  76  46  61   6   4   0 0.00  0.0    0  1.8 10 320   M    M   4 128    13 300
12  78  49  64   9   1   0 0.00  0.0    0  3.4  8  20   M    M   0 18     10  20
13  81  47  64   9   1   0 0.00  0.0    0  3.5  8 290   M    M   0 1      10 320
14  85  49  67  12   0   2 0.00  0.0    0  2.4  8 160   M    M   0 128     9 160
15  86  51  69  14   0   4 0.00  0.0    0  6.3 15 310   M    M   0 18     22 310
16  78  50  64   8   1   0 0.00  0.0    0  5.3 14 320   M    M   0        18 320
17  79  48  64   8   1   0 0.00  0.0    0  2.4  7  60   M    M   0 18      9  60
18  82  52  67  11   0   2 0.00  0.0    0  4.3 14 320   M    M   0 18     17 320
19  75  49  62   6   3   0 0.00  0.0    0  2.4  9 320   M    M   0 18     11 310
20  71  55  63   7   2   0 0.00  0.0    0  6.4 15 200   M    M   0 1      19 200
21  71  51  61   5   4   0 0.01  0.0    0  5.8 14 160   M    M   8 1      19 130
22  62  42  52  -4  13   0 0.14  0.0    0  5.0 24 300   M    M   5 13     34 310
23  62  42  52  -4  13   0 0.00  0.0    0  5.3 16 320   M    M   3 1      23 330
24  64  43  54  -2  11   0 0.02  0.0    0  4.6 10 170   M    M   5 1      15  40
25  64  47  56   0   9   0 0.20  0.0    0  4.9 14 330   M    M   7 1      18 320
26  68  43  56  -1   9   0 0.00  0.0    0  4.0 13 320   M    M   4 12     16 310
27  67  48  58   1   7   0 0.04  0.0    0 12.3 25 320   M    M   3 1      33 320
28  69  42  56  -1   9   0 0.00  0.0    0  3.9 10 330   M    M   0        14  20
29  76  44  60   3   5   0 0.00  0.0    0  2.7 12 280   M    M   0 1      16 300
================================================================================
SM 2051 1262       229   8  0.52     0.0 120.5          M       45
================================================================================
AV 70.7 43.5                               4.2 FASTST   M    M   2    MAX(MPH)
                                 MISC ---->  # 25 320               # 34  310
================================================================================
NOTES:
# LAST OF SEVERAL OCCURRENCES

COLUMN 17 PEAK WIND IN M.P.H.

PRELIMINARY LOCAL CLIMATOLOGICAL DATA (WS FORM: F-6) , PAGE 2

                                          STATION:  HANFORD CA AIRPORT
                                          MONTH:    MARCH
                                          YEAR:     2017
                                          LATITUDE:   36 19 N
                                          LONGITUDE: 119 38 W

[TEMPERATURE DATA]      [PRECIPITATION DATA]       SYMBOLS USED IN COLUMN 16

AVERAGE MONTHLY: 57.1   TOTAL FOR MONTH:   0.52    1 = FOG OR MIST
DPTR FM NORMAL:   1.8   DPTR FM NORMAL:   -1.03    2 = FOG REDUCING VISIBILITY
HIGHEST:    86 ON 15    GRTST 24HR  0.20 ON 25-25      TO 1/4 MILE OR LESS
LOWEST:     32 ON  6, 1                            3 = THUNDER
                        SNOW, ICE PELLETS, HAIL    4 = ICE PELLETS
                        TOTAL MONTH:   0.0 INCH    5 = HAIL
                        GRTST 24HR     0.0         6 = FREEZING RAIN OR DRIZZLE
                        GRTST DEPTH:   0           7 = DUSTSTORM OR SANDSTORM:
                                                       VSBY 1/2 MILE OR LESS
                                                   8 = SMOKE OR HAZE
[NO. OF DAYS WITH]      [WEATHER - DAYS WITH]      9 = BLOWING SNOW
                                                   X = TORNADO
MAX 32 OR BELOW:   0    0.01 INCH OR MORE:   6
MAX 90 OR ABOVE:   0    0.10 INCH OR MORE:   3
MIN 32 OR BELOW:   2    0.50 INCH OR MORE:   0
MIN  0 OR BELOW:   0    1.00 INCH OR MORE:   0

[HDD (BASE 65) ]
TOTAL THIS MO.   229    CLEAR  (SCALE 0-3)  22
DPTR FM NORMAL   -53    PTCLDY (SCALE 4-7)   7
TOTAL FM JUL 1  1956    CLOUDY (SCALE 8-10)  0
DPTR FM NORMAL  -481

[CDD (BASE 65) ]
TOTAL THIS MO.     8
DPTR FM NORMAL     8    [PRESSURE DATA]
TOTAL FM JAN 1     8    HIGHEST SLP M ON M
DPTR FM NORMAL     8    LOWEST  SLP 29.86 ON  5

[REMARKS]
