000
CXUS52 KGSP 170817
CF6HKY
PRELIMINARY LOCAL CLIMATOLOGICAL DATA (WS FORM: F-6)

                                          STATION:   HICKORY NC
                                          MONTH:     SEPTEMBER
                                          YEAR:      2014
                                          LATITUDE:   35 45 N
                                          LONGITUDE:  81 23 W

  TEMPERATURE IN F:       :PCPN:    SNOW:  WIND      :SUNSHINE: SKY     :PK WND
================================================================================
1   2   3   4   5  6A  6B    7    8   9   10  11  12  13   14  15   16   17  18
                                     12Z  AVG MX 2MIN
DY MAX MIN AVG DEP HDD CDD  WTR  SNW DPTH SPD SPD DIR MIN PSBL S-S WX    SPD DR
================================================================================

 1  90  69  80   6   0  15    T    M    M  2.4 13 270   M    M   0        16 260
 2  92  69  81   7   0  16    T    M    M  3.1 20 310   M    M   1        31 290
 3  89  66  78   4   0  13 0.17    M    M  3.0 10  50   M    M   3 13     15  50
 4  85  70  78   4   0  13 0.55    M    M  2.6 17 240   M    M   6 13     21 240
 5  88  68  78   5   0  13    T    M    M  1.2  8  10   M    M   7 12     11  20
 6  87  69  78   5   0  13 0.19    M    M  2.3 20  60   M    M   4 13     30  70
 7  85  68  77   4   0  12 0.05    M    M  5.6 14  50   M    M   5 123    21  50
 8  73  64  69  -3   0   4 0.33    M    M  7.4 16  40   M    M  10 1      24  60
 9  77  64  71  -1   0   6 0.01    M    M  2.6 10  60   M    M   9 1      14  40
10  78  69  74   2   0   9 0.00    M    M  2.8  9 200   M    M   8        12 230
11  88  65  77   6   0  12 0.19    M    M  4.2 21 230   M    M   4 1      29 220
12  86  68  77   6   0  12 0.94    M    M  4.7 13  70   M    M   6 13     19  50
13  84  66  75   4   0  10 1.59    M    M  4.4 13  30   M    M   8 13     17  20
14  69  61  65  -5   0   0 0.01    M    M  3.6 13  50   M    M  10 1      16  50
15  72  64  68  -2   0   3 0.09    M    M  1.4  7 200   M    M   9 1      10 180
16  83  64  74   4   0   9 0.00    M    M  3.3 14  10   M    M   6 123    21 360
================================================================================
SM 1326 1064         0 160  4.12    M     54.6          M       96
================================================================================
AV 82.9 66.5                               3.4 FASTST   M    M   6    MAX(MPH)
                                 MISC ---->  # 21 230               # 31  290
================================================================================
NOTES:
# LAST OF SEVERAL OCCURRENCES

COLUMN 17 PEAK WIND IN M.P.H.

PRELIMINARY LOCAL CLIMATOLOGICAL DATA (WS FORM: F-6) , PAGE 2

                                          STATION:  HICKORY NC
                                          MONTH:    SEPTEMBER
                                          YEAR:     2014
                                          LATITUDE:   35 45 N
                                          LONGITUDE:  81 23 W

[TEMPERATURE DATA]      [PRECIPITATION DATA]       SYMBOLS USED IN COLUMN 16

AVERAGE MONTHLY: 74.7   TOTAL FOR MONTH:   4.12    1 = FOG OR MIST
DPTR FM NORMAL:   2.6   DPTR FM NORMAL:    2.08    2 = FOG REDUCING VISIBILITY
HIGHEST:    92 ON  2    GRTST 24HR  2.53 ON 12-13      TO 1/4 MILE OR LESS
LOWEST:     61 ON 14                               3 = THUNDER
                        SNOW, ICE PELLETS, HAIL    4 = ICE PELLETS
                        TOTAL MONTH:    M          5 = HAIL
                        GRTST 24HR    M  ON   M    6 = FREEZING RAIN OR DRIZZLE
                        GRTST DEPTH:  M  ON   M    7 = DUSTSTORM OR SANDSTORM:
                                                       VSBY 1/2 MILE OR LESS
                                                   8 = SMOKE OR HAZE
[NO. OF DAYS WITH]      [WEATHER - DAYS WITH]      9 = BLOWING SNOW
                                                   X = TORNADO
MAX 32 OR BELOW:   0    0.01 INCH OR MORE:  11
MAX 90 OR ABOVE:   2    0.10 INCH OR MORE:   7
MIN 32 OR BELOW:   0    0.50 INCH OR MORE:   3
MIN  0 OR BELOW:   0    1.00 INCH OR MORE:   1

[HDD (BASE 65) ]
TOTAL THIS MO.     0    CLEAR  (SCALE 0-3)   2
DPTR FM NORMAL    -2    PTCLDY (SCALE 4-7)  10
TOTAL FM JUL 1     1    CLOUDY (SCALE 8-10)  4
DPTR FM NORMAL    -2

[CDD (BASE 65) ]
TOTAL THIS MO.   160
DPTR FM NORMAL    42    [PRESSURE DATA]
TOTAL FM JAN 1  1318    HIGHEST SLP M ON M
DPTR FM NORMAL    36    LOWEST  SLP 29.91 ON M

[REMARKS]
