002
CXUS52 KGSP 250817
CF6HKY
PRELIMINARY LOCAL CLIMATOLOGICAL DATA (WS FORM: F-6)

                                          STATION:   HICKORY NC
                                          MONTH:     APRIL
                                          YEAR:      2017
                                          LATITUDE:   35 45 N
                                          LONGITUDE:  81 23 W

  TEMPERATURE IN F:       :PCPN:    SNOW:  WIND      :SUNSHINE: SKY     :PK WND
================================================================================
1   2   3   4   5  6A  6B    7    8   9   10  11  12  13   14  15   16   17  18
                                     12Z  AVG MX 2MIN
DY MAX MIN AVG DEP HDD CDD  WTR  SNW DPTH SPD SPD DIR MIN PSBL S-S WX    SPD DR
================================================================================

 1  71  49  60   6   5   0 0.00    M    M  6.1 14 340   M    M   2        23 310
 2  69  43  56   1   9   0 0.00    M    M  2.9 10  70   M    M   0        15  60
 3  60  50  55   0  10   0 1.00    M    M  2.7 18 310   M    M   9 13     25 310
 4  78  56  67  12   0   2 0.00    M    M  7.8 18 200   M    M   2 1      26 230
 5  64  51  58   2   7   0 0.71    M    M  3.6 15 210   M    M   4 13     20 210
 6  58  46  52  -4  13   0 0.41    M    M 13.0 24 290   M    M   6 13     41 290
 7  58  43  51  -5  14   0 0.00    M    M 11.3 25 310   M    M   3        35 290
 8  67  39  53  -3  12   0 0.00    M    M  3.4 13 260   M    M   0        17 280
 9  73  38  56  -1   9   0 0.00    M    M  4.3 15 200   M    M   0        21 210
10  75  51  63   6   2   0 0.00    M    M  8.0 17 200   M    M   0        25 180
11  79  55  67  10   0   2 0.00    M    M  6.3 13 200   M    M   0        21 120
12  79  57  68  10   0   3 0.00    M    M  2.7  9  70   M    M   3        12 210
13  79  53  66   8   0   1 0.00    M    M  2.8 13  50   M    M   3        16  50
14  80  55  68  10   0   3    T    M    M  3.3 13 210   M    M   4 1      16 220
15  81  60  71  13   0   6 0.00    M    M  8.2 18 210   M    M   1        26 200
16  79  61  70  11   0   5 0.00    M    M  9.2 18 200   M    M   3        27 220
17  80  58  69  10   0   4 0.00    M    M  3.8 10 220   M    M   5 3      16 220
18  68  60  64   5   1   0 0.06    M    M  5.1 13  60   M    M  10 1      17  70
19  61  53  57  -2   8   0 0.21    M    M  1.9  7  80   M    M  10 1       9  70
20  79  58  69   9   0   4 0.30    M    M  3.5 17 200   M    M   7 123    24 220
21  82  57  70  10   0   5 0.63    M    M  2.9 18 290   M    M   5 13     23 300
22  81  58  70  10   0   5 1.00    M    M  6.7 21 230   M    M   7 128    29 240
23  58  47  53  -7  12   0 2.71    M    M  8.9 17  50   M    M  10 1      24  50
24  54  47  51 -10  14   0 0.74    M    M  7.5 16  40   M    M  10 1      24  50
================================================================================
SM 1713 1245       116  40  7.77    M    135.9          M      104
================================================================================
AV 71.4 51.9                               5.7 FASTST   M    M   4    MAX(MPH)
                                 MISC ---->  # 25 310               # 41  290
================================================================================
NOTES:
# LAST OF SEVERAL OCCURRENCES

COLUMN 17 PEAK WIND IN M.P.H.

PRELIMINARY LOCAL CLIMATOLOGICAL DATA (WS FORM: F-6) , PAGE 2

                                          STATION:  HICKORY NC
                                          MONTH:    APRIL
                                          YEAR:     2017
                                          LATITUDE:   35 45 N
                                          LONGITUDE:  81 23 W

[TEMPERATURE DATA]      [PRECIPITATION DATA]       SYMBOLS USED IN COLUMN 16

AVERAGE MONTHLY: 61.6   TOTAL FOR MONTH:   7.77    1 = FOG OR MIST
DPTR FM NORMAL:   4.0   DPTR FM NORMAL:    4.74    2 = FOG REDUCING VISIBILITY
HIGHEST:    82 ON 21    GRTST 24HR  3.03 ON 22-23      TO 1/4 MILE OR LESS
LOWEST:     38 ON  9                               3 = THUNDER
                        SNOW, ICE PELLETS, HAIL    4 = ICE PELLETS
                        TOTAL MONTH:    M          5 = HAIL
                        GRTST 24HR    M  ON   M    6 = FREEZING RAIN OR DRIZZLE
                        GRTST DEPTH:  M  ON   M    7 = DUSTSTORM OR SANDSTORM:
                                                       VSBY 1/2 MILE OR LESS
                                                   8 = SMOKE OR HAZE
[NO. OF DAYS WITH]      [WEATHER - DAYS WITH]      9 = BLOWING SNOW
                                                   X = TORNADO
MAX 32 OR BELOW:   0    0.01 INCH OR MORE:  10
MAX 90 OR ABOVE:   0    0.10 INCH OR MORE:   9
MIN 32 OR BELOW:   0    0.50 INCH OR MORE:   6
MIN  0 OR BELOW:   0    1.00 INCH OR MORE:   3

[HDD (BASE 65) ]
TOTAL THIS MO.   116    CLEAR  (SCALE 0-3)  11
DPTR FM NORMAL   -78    PTCLDY (SCALE 4-7)   8
TOTAL FM JUL 1  2669    CLOUDY (SCALE 8-10)  5
DPTR FM NORMAL  -852

[CDD (BASE 65) ]
TOTAL THIS MO.    40
DPTR FM NORMAL    20    [PRESSURE DATA]
TOTAL FM JAN 1    46    HIGHEST SLP M ON M
DPTR FM NORMAL    23    LOWEST  SLP 29.54 ON  6

[REMARKS]
