000
CXUS53 KGLD 290800
CF6HLC
PRELIMINARY LOCAL CLIMATOLOGICAL DATA (WS FORM: F-6)

                                          STATION:   HILL CITY KS
                                          MONTH:     AUGUST
                                          YEAR:      2016
                                          LATITUDE:   39 22 N
                                          LONGITUDE:  99 50 W

  TEMPERATURE IN F:       :PCPN:    SNOW:  WIND      :SUNSHINE: SKY     :PK WND
================================================================================
1   2   3   4   5  6A  6B    7    8   9   10  11  12  13   14  15   16   17  18
                                     12Z  AVG MX 2MIN
DY MAX MIN AVG DEP HDD CDD  WTR  SNW DPTH SPD SPD DIR MIN PSBL S-S WX    SPD DR
================================================================================

 1  99  68  84   5   0  19 0.00    M    M  8.9 21 160   M    M   0        29 170
 2  94  72  83   4   0  18 0.00    M    M  8.5 20 110   M    M   1        26  90
 3  97  70  84   5   0  19 0.00    M    M  7.6 16 190   M    M   1 1      23 170
 4  98  68  83   4   0  18 0.06    M    M  8.4 25  10   M    M   3        31  20
 5  79  63  71  -7   0   6 0.52    M    M  8.5 18  70   M    M   8 1      24  80
 6  74  65  70  -8   0   5    T    M    M  7.7 14 100   M    M   9 1      19 110
 7  73  65  69  -9   0   4 0.89    M    M  7.5 13  50   M    M  10 12     17 300
 8  80  66  73  -5   0   8 0.00    M    M  6.8 15 150   M    M   8 1      18 150
 9  90  68  79   1   0  14 0.00    M    M  7.2 17 160   M    M   1 1      21 150
10  95  72  84   6   0  19    T    M    M 10.8 21 170   M    M   0        30 170
11  91  69  80   2   0  15 0.00    M    M  7.9 17 330   M    M   1 8      23 330
12  87  62  75  -3   0  10 0.00    M    M  9.8 31 350   M    M   1        39 330
13  91  58  75  -2   0  10 0.00    M    M  6.0 26 330   M    M   0        39 330
14  89  61  75  -2   0  10 0.00    M    M  5.1 15 140   M    M   0        19 130
15  92  63  78   1   0  13 0.00    M    M  9.1 20 170   M    M   0 1      26 180
16  93  63  78   1   0  13 0.00    M    M  5.5 15 190   M    M   0        21 200
17  95  60  78   1   0  13 0.00    M    M  5.8 15 120   M    M   0        20 110
18  93  63  78   2   0  13 0.00    M    M  9.1 18 180   M    M   0        27 200
19  76  64  70  -6   0   5 0.33    M    M  7.9 22 340   M    M   5 1      27 340
20  77  52  65 -11   0   0 0.00    M    M  9.4 21 360   M    M   3        26  10
21  86  46  66 -10   0   1 0.00    M    M  8.8 18 180   M    M   1        26 180
22  90  65  78   2   0  13 0.04    M    M 13.4 24 170   M    M   0        33 170
23  97  71  84   8   0  19 0.00    M    M 10.9 21 190   M    M   1        27 190
24  74  61  68  -7   0   3 0.22    M    M  9.4 22 360   M    M   4 1      32 330
25  75  58  67  -8   0   2 0.90    M    M  3.8 12  50   M    M   7 1      13  70
26  77  57  67  -8   0   2 0.16    M    M  5.6 30 340   M    M   5 1      40 340
27  86  55  71  -3   0   6 0.00    M    M  5.9 15 140   M    M   0        20 150
28  86  63  75   1   0  10    T    M    M  5.0 12 160   M    M   1        15 160
================================================================================
SM 2434 1768         0 288  3.12    M    220.3          M       70
================================================================================
AV 86.9 63.1                               7.9 FASTST   M    M   3    MAX(MPH)
                                 MISC ---->  # 31 350               # 40  340
================================================================================
NOTES:
# LAST OF SEVERAL OCCURRENCES

COLUMN 17 PEAK WIND IN M.P.H.

PRELIMINARY LOCAL CLIMATOLOGICAL DATA (WS FORM: F-6) , PAGE 2

                                          STATION:  HILL CITY KS
                                          MONTH:    AUGUST
                                          YEAR:     2016
                                          LATITUDE:   39 22 N
                                          LONGITUDE:  99 50 W

[TEMPERATURE DATA]      [PRECIPITATION DATA]       SYMBOLS USED IN COLUMN 16

AVERAGE MONTHLY: 75.0   TOTAL FOR MONTH:   3.12    1 = FOG OR MIST
DPTR FM NORMAL:  -1.9   DPTR FM NORMAL:    0.51    2 = FOG REDUCING VISIBILITY
HIGHEST:    99 ON  1    GRTST 24HR  1.12 ON 24-25      TO 1/4 MILE OR LESS
LOWEST:     46 ON 21                               3 = THUNDER
                        SNOW, ICE PELLETS, HAIL    4 = ICE PELLETS
                        TOTAL MONTH:    M          5 = HAIL
                        GRTST 24HR    M  ON   M    6 = FREEZING RAIN OR DRIZZLE
                        GRTST DEPTH:  M  ON   M    7 = DUSTSTORM OR SANDSTORM:
                                                       VSBY 1/2 MILE OR LESS
                                                   8 = SMOKE OR HAZE
[NO. OF DAYS WITH]      [WEATHER - DAYS WITH]      9 = BLOWING SNOW
                                                   X = TORNADO
MAX 32 OR BELOW:   0    0.01 INCH OR MORE:   8
MAX 90 OR ABOVE:  14    0.10 INCH OR MORE:   6
MIN 32 OR BELOW:   0    0.50 INCH OR MORE:   3
MIN  0 OR BELOW:   0    1.00 INCH OR MORE:   0

[HDD (BASE 65) ]
TOTAL THIS MO.     0    CLEAR  (SCALE 0-3)  20
DPTR FM NORMAL     0    PTCLDY (SCALE 4-7)   5
TOTAL FM JUL 1     0    CLOUDY (SCALE 8-10)  3
DPTR FM NORMAL    -1

[CDD (BASE 65) ]
TOTAL THIS MO.   288
DPTR FM NORMAL   -49    [PRESSURE DATA]
TOTAL FM JAN 1  1233    HIGHEST SLP M ON M
DPTR FM NORMAL   123    LOWEST  SLP 29.69 ON M

[REMARKS]
