000
CXUS53 KGLD 270800
CF6HLC
PRELIMINARY LOCAL CLIMATOLOGICAL DATA (WS FORM: F-6)

                                          STATION:   HILL CITY KS
                                          MONTH:     MARCH
                                          YEAR:      2015
                                          LATITUDE:   39 22 N
                                          LONGITUDE:  99 50 W

  TEMPERATURE IN F:       :PCPN:    SNOW:  WIND      :SUNSHINE: SKY     :PK WND
================================================================================
1   2   3   4   5  6A  6B    7    8   9   10  11  12  13   14  15   16   17  18
                                     12Z  AVG MX 2MIN
DY MAX MIN AVG DEP HDD CDD  WTR  SNW DPTH SPD SPD DIR MIN PSBL S-S WX    SPD DR
================================================================================

 1  37   9  23 -14  42   0 0.00  0.0    0  3.6 10 340   M    M   6 18     13 340
 2  37  23  30  -7  35   0    T    T    0 11.8 24 160   M    M   6 8      32 140
 3  39  22  31  -7  34   0    T    M    M 13.5 30 360   M    M   4 18     37 360
 4  33  10  22 -16  43   0    T    M    M  9.8 24 350   M    M   5 18     28 350
 5  50   3  27 -11  38   0 0.00    M    M  5.8 14 230   M    M   1        20 220
 6  66  22  44   5  21   0 0.00    M    M  9.4 21 290   M    M   0        27 270
 7  69  30  50  11  15   0 0.00    M    M  5.4 13 310   M    M   0        16 250
 8  62  25  44   5  21   0 0.00    M    M  8.9 21 360   M    M   0        27  10
 9  66  22  44   4  21   0 0.00    M    M  5.3 14 190   M    M   0        17 190
10  74  33  54  14  11   0 0.00    M    M  6.7 15 230   M    M   0        21 220
11  76  25  51  11  14   0 0.00    M    M  6.3 18 170   M    M   1        24 160
12  77  39  58  17   7   0 0.00    M    M  9.4 24 160   M    M   0        31 190
13  75  34  55  14  10   0 0.00    M    M 14.5 32  20   M    M   0        41  50
14  67  35  51  10  14   0 0.00    M    M  6.6 17 350   M    M   0        19 360
15  85  37  61  19   4   0 0.00    M    M 15.4 25 210   M    M   0        35 200
16  94  34  64  22   1   0 0.00    M    M 14.3 43  20   M    M   1 8      52  40
17  53  32  43   1  22   0 0.00    M    M 15.7 35  20   M    M   0        45  10
18  57  36  47   5  18   0    T    M    M  8.0 14 140   M    M   1        17 140
19  62  34  48   5  17   0 0.00    M    M  3.8 14 360   M    M   6 18     19  10
20  75  30  53  10  12   0 0.00    M  100  8.5 18 240   M    M   0        24 240
21  75  30  53  10  12   0 0.00    M  100  6.9 20 180   M    M   0        26 180
22  82  34  58  14   7   0 0.00    M    M 10.1 31 350   M    M   0 18     38 340
23  63  30  47   3  18   0 0.00    M    M 11.5 22 100   M    M   3        27 100
24  70  37  54  10  11   0    T    M    M 10.2 28 310   M    M   3 18     44 280
25  54  29  42  -3  23   0 0.06    M  100 11.8 33  10   M    M   6 18     40  10
26  65  22  44  -1  21   0    T    M    M 11.0 29 330   M    M   2        37 320
================================================================================
SM 1663  717       492   0  0.06    T    244.2          M       45
================================================================================
AV 64.0 27.6                               9.4 FASTST   M    M   2    MAX(MPH)
                                 MISC ---->  # 43  20               # 52   40
================================================================================
NOTES:
# LAST OF SEVERAL OCCURRENCES

COLUMN 17 PEAK WIND IN M.P.H.

PRELIMINARY LOCAL CLIMATOLOGICAL DATA (WS FORM: F-6) , PAGE 2

                                          STATION:  HILL CITY KS
                                          MONTH:    MARCH
                                          YEAR:     2015
                                          LATITUDE:   39 22 N
                                          LONGITUDE:  99 50 W

[TEMPERATURE DATA]      [PRECIPITATION DATA]       SYMBOLS USED IN COLUMN 16

AVERAGE MONTHLY: 45.8   TOTAL FOR MONTH:   0.06    1 = FOG OR MIST
DPTR FM NORMAL:   4.7   DPTR FM NORMAL:   -1.21    2 = FOG REDUCING VISIBILITY
HIGHEST:    94 ON 16    GRTST 24HR  0.06 ON 25-25      TO 1/4 MILE OR LESS
LOWEST:      3 ON  5                               3 = THUNDER
                        SNOW, ICE PELLETS, HAIL    4 = ICE PELLETS
                        TOTAL MONTH:    T          5 = HAIL
                        GRTST 24HR    T  ON  2- 2  6 = FREEZING RAIN OR DRIZZLE
                        GRTST DEPTH:  99 ON M      7 = DUSTSTORM OR SANDSTORM:
                                                       VSBY 1/2 MILE OR LESS
                                                   8 = SMOKE OR HAZE
[NO. OF DAYS WITH]      [WEATHER - DAYS WITH]      9 = BLOWING SNOW
                                                   X = TORNADO
MAX 32 OR BELOW:   0    0.01 INCH OR MORE:   1
MAX 90 OR ABOVE:   1    0.10 INCH OR MORE:   0
MIN 32 OR BELOW:  16    0.50 INCH OR MORE:   0
MIN  0 OR BELOW:   0    1.00 INCH OR MORE:   0

[HDD (BASE 65) ]
TOTAL THIS MO.   492    CLEAR  (SCALE 0-3)  19
DPTR FM NORMAL  -130    PTCLDY (SCALE 4-7)   7
TOTAL FM JUL 1  4538    CLOUDY (SCALE 8-10)  0
DPTR FM NORMAL  -334

[CDD (BASE 65) ]
TOTAL THIS MO.     0
DPTR FM NORMAL     0    [PRESSURE DATA]
TOTAL FM JAN 1     0    HIGHEST SLP M ON M
DPTR FM NORMAL     0    LOWEST  SLP 29.53 ON  2

[REMARKS]
