000
CXHW50 PHFO 181250
CF6HNL
PRELIMINARY LOCAL CLIMATOLOGICAL DATA (WS FORM: F-6)

                                          STATION:   HONOLULU HI
                                          MONTH:     APRIL
                                          YEAR:      2014
                                          LATITUDE:   21 21 N
                                          LONGITUDE: 157 56 W

  TEMPERATURE IN F:       :PCPN:    SNOW:  WIND      :SUNSHINE: SKY     :PK WND
================================================================================
1   2   3   4   5  6A  6B    7    8   9   10  11  12  13   14  15   16   17  18
                                     12Z  AVG MX 2MIN
DY MAX MIN AVG DEP HDD CDD  WTR  SNW DPTH SPD SPD DIR MIN PSBL S-S WX    SPD DR
================================================================================

 1  85  74  80   4   0  15 0.03  0.0    0 13.8 23  70   M    M   5        30  60
 2  85  75  80   4   0  15    T  0.0    0 15.9 28  60   M    M   5        36  40
 3  83  74  79   3   0  14    T  0.0    0 16.6 28  70   M    M   5        35  50
 4  85  73  79   3   0  14 0.00  0.0    0 13.0 22  70   M    M   3        28  70
 5  83  67  75  -1   0  10 0.00  0.0    0  6.7 16 310   M    M   4        22 350
 6  85  67  76   0   0  11    T  0.0    0  8.6 21  10   M    M   6        25  30
 7  79  69  74  -2   0   9    T  0.0    0 12.7 23  30   M    M   6        31  40
 8  79  69  74  -2   0   9 0.00  0.0    0 15.0 24  40   M    M   4        35  40
 9  80  70  75  -1   0  10 0.00  0.0    0 12.2 24  70   M    M   6        31  70
10  80  69  75  -1   0  10    T  0.0    0  9.2 17  30   M    M   7        22  40
11  81  70  76   0   0  11    T  0.0    0  6.5 16  20   M    M   7        21  60
12  81  67  74  -2   0   9 0.08  0.0    0 10.3 23  50   M    M   7 1      33  30
13  81  72  77   1   0  12 0.05  0.0    0 17.3 29  50   M    M   6        39  50
14  82  72  77   1   0  12    T  0.0    0 15.0 24  70   M    M   6        30  60
15  83  71  77   1   0  12    T  0.0    0 12.0 22  40   M    M   6        31  50
16  84  72  78   2   0  13    T  0.0    0 12.4 23  60   M    M   4        31  80
17  85  73  79   3   0  14    T  0.0    0 12.1 24  70   M    M   5        29  70
================================================================================
SM 1401 1204         0 200  0.16     0.0 209.3          M       92
================================================================================
AV 82.4 70.8                              12.3 FASTST   M    M   5    MAX(MPH)
                                 MISC ---->  # 29  50               # 39   50
================================================================================
NOTES:
# LAST OF SEVERAL OCCURRENCES

COLUMN 17 PEAK WIND IN M.P.H.

PRELIMINARY LOCAL CLIMATOLOGICAL DATA (WS FORM: F-6) , PAGE 2

                                          STATION:  HONOLULU HI
                                          MONTH:    APRIL
                                          YEAR:     2014
                                          LATITUDE:   21 21 N
                                          LONGITUDE: 157 56 W

[TEMPERATURE DATA]      [PRECIPITATION DATA]       SYMBOLS USED IN COLUMN 16

AVERAGE MONTHLY: 76.6   TOTAL FOR MONTH:   0.16    1 = FOG OR MIST
DPTR FM NORMAL:   0.6   DPTR FM NORMAL:   -0.28    2 = FOG REDUCING VISIBILITY
HIGHEST:    85 ON 17, 6 GRTST 24HR  0.08 ON 12-12      TO 1/4 MILE OR LESS
LOWEST:     67 ON 12, 6                            3 = THUNDER
                        SNOW, ICE PELLETS, HAIL    4 = ICE PELLETS
                        TOTAL MONTH:   0.0 INCH    5 = HAIL
                        GRTST 24HR     0.0         6 = FREEZING RAIN OR DRIZZLE
                        GRTST DEPTH:   0           7 = DUSTSTORM OR SANDSTORM:
                                                       VSBY 1/2 MILE OR LESS
                                                   8 = SMOKE OR HAZE
[NO. OF DAYS WITH]      [WEATHER - DAYS WITH]      9 = BLOWING SNOW
                                                   X = TORNADO
MAX 32 OR BELOW:   0    0.01 INCH OR MORE:   3
MAX 90 OR ABOVE:   0    0.10 INCH OR MORE:   0
MIN 32 OR BELOW:   0    0.50 INCH OR MORE:   0
MIN  0 OR BELOW:   0    1.00 INCH OR MORE:   0

[HDD (BASE 65) ]
TOTAL THIS MO.     0    CLEAR  (SCALE 0-3)   0
DPTR FM NORMAL     0    PTCLDY (SCALE 4-7)  17
TOTAL FM JUL 1     0    CLOUDY (SCALE 8-10)  0
DPTR FM NORMAL     0

[CDD (BASE 65) ]
TOTAL THIS MO.   200
DPTR FM NORMAL    13    [PRESSURE DATA]
TOTAL FM JAN 1  1028    HIGHEST SLP M ON M
DPTR FM NORMAL    66    LOWEST  SLP 29.98 ON  5

[REMARKS]
