000
CXUS54 KMAF 301100
CF6HOB
PRELIMINARY LOCAL CLIMATOLOGICAL DATA (WS FORM: F-6)

                                          STATION:   Lea Airport, Hobbs
                                          MONTH:     JULY
                                          YEAR:      2015
                                          LATITUDE:   32 40 N
                                          LONGITUDE: 103-12 E

  TEMPERATURE IN F:       :PCPN:    SNOW:  WIND      :SUNSHINE: SKY     :PK WND
================================================================================
1   2   3   4   5  6A  6B    7    8   9   10  11  12  13   14  15   16   17  18
                                     12Z  AVG MX 2MIN
DY MAX MIN AVG DEP HDD CDD  WTR  SNW DPTH SPD SPD DIR MIN PSBL S-S WX    SPD DR
================================================================================

 1  91  61  76   M   0  11 0.00  0.0    0  7.9 13 140   M    M   1        20 140
 2  93  63  78   M   0  13 0.00  0.0    0  7.1 12 120   M    M   2        18  90
 3  90  68  79   M   0  14 0.00  0.0    0  4.8 18 340   M    M   3        23 340
 4  90  64  77   M   0  12 0.00  0.0    0  6.2 14 140   M    M   2        22 120
 5  93  64  79   M   0  14 0.00  0.0    0  7.8 16 170   M    M   2        25 170
 6  99  68  84   M   0  19 0.16  0.0    0 11.7 22 160   M    M   3 3      29 160
 7  77  64  71   M   0   6 0.00  0.0    0 12.3 18  10   M    M   7 1      22  30
 8  86  65  76   M   0  11 0.00  0.0    0  8.8 17 160   M    M   5 1      24 160
 9  90  64  77   M   0  12 0.00  0.0    0 10.7 20 170   M    M   2 3      28 170
10  90  68  79   M   0  14 0.00  0.0    0 12.1 17 160   M    M   5 3      25 160
11  91  68  80   M   0  15 0.00  0.0    0  8.0 14 100   M    M   3 3      17 160
12  97  66  82   M   0  17 0.00  0.0    0  7.2 15 160   M    M   1        18 160
13 100  66  83   M   0  18 0.00  0.0    0  6.2 15  80   M    M   1         M  M
14  99  66  83   M   0  18 0.00  0.0    0  6.7 17 100   M    M   0        23 100
15  97  66  82   M   0  17 0.00  0.0    0  6.9 20 320   M    M   0 3      28 210
16  99  73  86   M   0  21 0.00  0.0    0  7.0 13 190   M    M   1        16 180
17 100  72  86   M   0  21 0.00  0.0    0 11.1 17 150   M    M   0        23 150
18  99  70  85   M   0  20 0.00  0.0    0  9.2 18 150   M    M   1        25 150
19  99  68  84   M   0  19 0.00  0.0    0  8.6 16 190   M    M   2 3      31 170
20  95  68  82   M   0  17 0.15  0.0    0  8.2 17  10   M    M   2 3      21 170
21  90  66  78   M   0  13 0.00  0.0    0  7.2 17 150   M    M   2 8      28 150
22  93  70  82   M   0  17 0.00  0.0    0  7.7 17 150   M    M   2        23 150
23   M   M   M   M   M   M 0.00  0.0    0  7.7 14 140   M    M   1 3      20 150
24  99  72  86   M   0  21 0.00  0.0    M  8.9 15  70   M    M   0        20  70
25  99  68  84   M   0  19 0.00  0.0    0  6.9 13 130   M    M   0        16 100
26  99  68  84   M   0  19 0.00  0.0    0  7.1 15 130   M    M   1        20 150
27 100  73  87   M   0  22 0.00  0.0    0  7.2 15 140   M    M   2 3      21 140
28 100  73  87   M   0  22 0.00  0.0    0 11.5 23 350   M    M   2        29 340
29  95  68  82   M   0  17 0.04  0.0    0 10.4 27 120   M    M   3        32 120
================================================================================
SM 2650 1890         0 459  0.35     0.0 243.1          M       56
================================================================================
AV 94.6 67.5                               8.4 FASTST   M    M   2    MAX(MPH)
                                 MISC ---->  # 27 120                 32    M
================================================================================
NOTES:
# LAST OF SEVERAL OCCURRENCES

COLUMN 17 PEAK WIND IN M.P.H.

PRELIMINARY LOCAL CLIMATOLOGICAL DATA (WS FORM: F-6) , PAGE 2

                                          STATION:  Lea Airport, Hobbs
                                          MONTH:    JULY
                                          YEAR:     2015
                                          LATITUDE:   32 40 N
                                          LONGITUDE: 103-12 E

[TEMPERATURE DATA]      [PRECIPITATION DATA]       SYMBOLS USED IN COLUMN 16

AVERAGE MONTHLY: 81.1   TOTAL FOR MONTH:   0.35    1 = FOG OR MIST
DPTR FM NORMAL:     M   DPTR FM NORMAL:       M    2 = FOG REDUCING VISIBILITY
HIGHEST:   100 ON 28,27 GRTST 24HR  0.16 ON  6- 6      TO 1/4 MILE OR LESS
LOWEST:     61 ON  1                               3 = THUNDER
                        SNOW, ICE PELLETS, HAIL    4 = ICE PELLETS
                        TOTAL MONTH:   0.0 INCH    5 = HAIL
                        GRTST 24HR     0.0         6 = FREEZING RAIN OR DRIZZLE
                        GRTST DEPTH:   0           7 = DUSTSTORM OR SANDSTORM:
                                                       VSBY 1/2 MILE OR LESS
                                                   8 = SMOKE OR HAZE
[NO. OF DAYS WITH]      [WEATHER - DAYS WITH]      9 = BLOWING SNOW
                                                   X = TORNADO
MAX 32 OR BELOW:   0    0.01 INCH OR MORE:   3
MAX 90 OR ABOVE:  26    0.10 INCH OR MORE:   2
MIN 32 OR BELOW:   0    0.50 INCH OR MORE:   0
MIN  0 OR BELOW:   0    1.00 INCH OR MORE:   0

[HDD (BASE 65) ]
TOTAL THIS MO.     0    CLEAR  (SCALE 0-3)  26
DPTR FM NORMAL     M    PTCLDY (SCALE 4-7)   3
TOTAL FM JUL 1     0    CLOUDY (SCALE 8-10)  0
DPTR FM NORMAL     M

[CDD (BASE 65) ]
TOTAL THIS MO.   459
DPTR FM NORMAL     M    [PRESSURE DATA]
TOTAL FM JAN 1   781    HIGHEST SLP M ON M
DPTR FM NORMAL     M    LOWEST  SLP M ON M

[REMARKS]
