000
CXUS54 KMAF 281100
CF6HOB
PRELIMINARY LOCAL CLIMATOLOGICAL DATA (WS FORM: F-6)

                                          STATION:   Lea Airport, Hobbs
                                          MONTH:     MAY
                                          YEAR:      2017
                                          LATITUDE:   32 40 N
                                          LONGITUDE: 103-12 E

  TEMPERATURE IN F:       :PCPN:    SNOW:  WIND      :SUNSHINE: SKY     :PK WND
================================================================================
1   2   3   4   5  6A  6B    7    8   9   10  11  12  13   14  15   16   17  18
                                     12Z  AVG MX 2MIN
DY MAX MIN AVG DEP HDD CDD  WTR  SNW DPTH SPD SPD DIR MIN PSBL S-S WX    SPD DR
================================================================================

 1  81  41  61   M   4   0 0.00  0.0    0 10.3 21 290   M    M   0        23 280
 2  90  48  69   M   0   4 0.00  0.0    0 10.1 20 200   M    M   0        28 200
 3  75  50  63   M   2   0 0.00  0.0    0 15.6 31  20   M    M   0        38 360
 4  75  41  58   M   7   0 0.00  0.0    0  6.0 10 300   M    M   0         M  M
 5  82  46  64   M   1   0 0.00  0.0    0  8.4 14 150   M    M   0        21 140
 6  91  52  72   M   0   7 0.00  0.0    0 10.4 16 140   M    M   0        25 140
 7  86  55  71   M   0   6 0.00  0.0    0 14.8 25 140   M    M   0        32 140
 8  84  54  69   M   0   4 0.00  0.0    0 15.6 28 110   M    M   3        36 110
 9  84  64  74   M   0   9 0.00  0.0    0 16.5 24 120   M    M   7 13     41 130
10  81  55  68   M   0   3 0.00  0.0    0 13.2 23 210   M    M   1 13     38 150
11  75  48  62   M   3   0 0.00  0.0    0 11.7 24 300   M    M   1        24 310
12  77  48  63   M   2   0 0.00  0.0    0  7.9 15 340   M    M   0        18 360
13  84  48  66   M   0   1 0.00  0.0    0  9.7 16 150   M    M   0        21 140
14  93  57  75   M   0  10 0.00  0.0    0 10.7 28 190   M    M   0        36 190
15  91  63  77   M   0  12 0.00  0.0    0 12.9 22 170   M    M   0        30 170
16   M   M   M   M   M   M 0.00  0.0    0 18.2 31 280   M    M   3 18     37 210
17  82  50  66   M   0   1 0.00  0.0    0 13.1 22 240   M    M   0        28 240
18  86  55  71   M   0   6 0.00  0.0    0 13.5 25 240   M    M   0        35 220
19  84  52  68   M   0   3 0.00  0.0    0 11.6 21 360   M    M   0        28 270
20   M   M   M   M   M   M 0.00  0.0    M  8.8 18  30   M    M   1        24  30
21  72  54  63   M   2   0 0.00  0.0    0 12.4 20  90   M    M   4        29  90
22   M   M   M   M   M   M 0.00  0.0    0  7.1 21 190   M    M   6 13     24 190
23  68  48  58   M   7   0 0.00  0.0    0 12.0 23  10   M    M   3        30  20
24  86  45  66   M   0   1 0.00  0.0    0  9.6 18 190   M    M   0        23 190
25  99  55  77   M   0  12 0.00  0.0    0 14.2 25 230   M    M   0        36 220
26  93  64  79   M   0  14 0.00  0.0    0  9.4 20 220   M    M   0        30 230
27  93  64  79   M   0  14 0.00  0.0    0 12.9 23 240   M    M   0        29 230
================================================================================
SM 2012 1257        28 107  0.00     0.0 316.6          M       29
================================================================================
AV 83.8 52.4                              11.7 FASTST   M    M   1    MAX(MPH)
                                 MISC ---->  # 31  20               # 41  130
================================================================================
NOTES:
# LAST OF SEVERAL OCCURRENCES

COLUMN 17 PEAK WIND IN M.P.H.

PRELIMINARY LOCAL CLIMATOLOGICAL DATA (WS FORM: F-6) , PAGE 2

                                          STATION:  Lea Airport, Hobbs
                                          MONTH:    MAY
                                          YEAR:     2017
                                          LATITUDE:   32 40 N
                                          LONGITUDE: 103-12 E

[TEMPERATURE DATA]      [PRECIPITATION DATA]       SYMBOLS USED IN COLUMN 16

AVERAGE MONTHLY: 68.1   TOTAL FOR MONTH:   0.00    1 = FOG OR MIST
DPTR FM NORMAL:     M   DPTR FM NORMAL:       M    2 = FOG REDUCING VISIBILITY
HIGHEST:    99 ON 25    GRTST 24HR  0.00 ON 27-27      TO 1/4 MILE OR LESS
LOWEST:     41 ON  4, 1                            3 = THUNDER
                        SNOW, ICE PELLETS, HAIL    4 = ICE PELLETS
                        TOTAL MONTH:   0.0 INCH    5 = HAIL
                        GRTST 24HR     0.0         6 = FREEZING RAIN OR DRIZZLE
                        GRTST DEPTH:   0           7 = DUSTSTORM OR SANDSTORM:
                                                       VSBY 1/2 MILE OR LESS
                                                   8 = SMOKE OR HAZE
[NO. OF DAYS WITH]      [WEATHER - DAYS WITH]      9 = BLOWING SNOW
                                                   X = TORNADO
MAX 32 OR BELOW:   0    0.01 INCH OR MORE:   0
MAX 90 OR ABOVE:   7    0.10 INCH OR MORE:   0
MIN 32 OR BELOW:   0    0.50 INCH OR MORE:   0
MIN  0 OR BELOW:   0    1.00 INCH OR MORE:   0

[HDD (BASE 65) ]
TOTAL THIS MO.    28    CLEAR  (SCALE 0-3)  23
DPTR FM NORMAL     M    PTCLDY (SCALE 4-7)   4
TOTAL FM JUL 1  1909    CLOUDY (SCALE 8-10)  0
DPTR FM NORMAL     M

[CDD (BASE 65) ]
TOTAL THIS MO.   107
DPTR FM NORMAL     M    [PRESSURE DATA]
TOTAL FM JAN 1   162    HIGHEST SLP M ON M
DPTR FM NORMAL     M    LOWEST  SLP M ON M

[REMARKS]
