000
CXUS54 KLZK 261430
CF6HOT
PRELIMINARY LOCAL CLIMATOLOGICAL DATA (WS FORM: F-6)

                                          STATION:   Hot Springs Memorial Field
                                          MONTH:     DECEMBER
                                          YEAR:      2014
                                          LATITUDE:   34 28 N
                                          LONGITUDE:  93  6 W

  TEMPERATURE IN F:       :PCPN:    SNOW:  WIND      :SUNSHINE: SKY     :PK WND
================================================================================
1   2   3   4   5  6A  6B    7    8   9   10  11  12  13   14  15   16   17  18
                                     12Z  AVG MX 2MIN
DY MAX MIN AVG DEP HDD CDD  WTR  SNW DPTH SPD SPD DIR MIN PSBL S-S WX    SPD DR
================================================================================

 1  66  33  50   3  15   0 0.01    M    0  6.9 16  60   M    M   9 1      20 250
 2  42  33  38  -9  27   0 0.00  0.0    0  2.5  8 160   M    M  10        11 260
 3  45  40  43  -3  22   0 0.02    M    0  5.1 10 100   M    M  10 1      13  90
 4  53  43  48   2  17   0 0.00  0.0    0  3.3  8  80   M    M  10 1      10  90
 5  69  52  61  15   4   0 0.66  0.0    0  4.6 10 330   M    M  10 1      16 340
 6  61  59  60  14   5   0 0.00  0.0    M  4.0  5 290   M    M   6         M  M
 7  51  40  46   1  19   0 0.00  0.0    M  7.2 16  70   M    M   6 8      20  40
 8  57  36  47   2  18   0 0.00  0.0    0  4.2 10 270   M    M   4 12     16 280
 9  64  36  50   5  15   0 0.00  0.0    0  6.4 16  70   M    M   0 1      20  70
10  51  30  41  -3  24   0 0.00  0.0    0  2.3 10  90   M    M   1 1      13 120
11  47  38  43  -1  22   0 0.00  0.0    0  4.7  9 100   M    M  10        11 120
12  46  41  44   0  21   0 0.62    M    0  5.2 10 100   M    M  10 1      14  90
13  61  44  53   9  12   0 0.00  0.0    0  2.4  9 180   M    M   9 128    12 160
14  66  42  54  10  11   0    T    M    0  7.5 17 160   M    M   7 12     23 160
15  66  48  57  14   8   0 0.26  0.0    0 10.9 24 240   M    M   6 1      32 240
16  49  34  42  -1  23   0 0.00  0.0    0  6.6 16 310   M    M   3        28 310
17  40  30  35  -8  30   0 0.17  0.0    0  2.9 12  70   M    M   5 1      14  70
18  44  37  41  -2  24   0 0.08    M    0  4.5 12 150   M    M  10 1      14 150
19  43  40  42  -1  23   0 0.03    M    0  5.2 10  70   M    M  10 1      13  80
20  51  38  45   3  20   0 0.00  0.0    0  2.2  8  70   M    M   9        11  80
21  54  32  43   1  22   0    T    M    0  4.3 12 150   M    M   7 12     15 130
22  56  47  52  10  13   0    T    M    0  4.7 14 160   M    M   9 1      19 180
23  51  40  46   4  19   0 0.19  0.0    0  2.8  9 350   M    M   6 1      14 330
24  45  30  38  -4  27   0 0.00  0.0    0  6.1 15 320   M    M   8        23 270
25  58  25  42   0  23   0 0.00  0.0    0  6.6 18 210   M    M   0        27 200
================================================================================
SM 1336  968       464   0  2.04     0.0 123.1          M      175
================================================================================
AV 53.4 38.7                               4.9 FASTST   M    M   7    MAX(MPH)
                                 MISC ---->  # 24 240               # 32  240
================================================================================
NOTES:
# LAST OF SEVERAL OCCURRENCES

COLUMN 17 PEAK WIND IN M.P.H.

PRELIMINARY LOCAL CLIMATOLOGICAL DATA (WS FORM: F-6) , PAGE 2

                                          STATION:  Hot Springs Memorial Field
                                          MONTH:    DECEMBER
                                          YEAR:     2014
                                          LATITUDE:   34 28 N
                                          LONGITUDE:  93  6 W

[TEMPERATURE DATA]      [PRECIPITATION DATA]       SYMBOLS USED IN COLUMN 16

AVERAGE MONTHLY: 46.1   TOTAL FOR MONTH:   2.04    1 = FOG OR MIST
DPTR FM NORMAL:   2.1   DPTR FM NORMAL:   -2.22    2 = FOG REDUCING VISIBILITY
HIGHEST:    69 ON  5    GRTST 24HR  0.66 ON  5- 5      TO 1/4 MILE OR LESS
LOWEST:     25 ON 25                               3 = THUNDER
                        SNOW, ICE PELLETS, HAIL    4 = ICE PELLETS
                        TOTAL MONTH:   0.0 INCH    5 = HAIL
                        GRTST 24HR     0.0         6 = FREEZING RAIN OR DRIZZLE
                        GRTST DEPTH:   0           7 = DUSTSTORM OR SANDSTORM:
                                                       VSBY 1/2 MILE OR LESS
                                                   8 = SMOKE OR HAZE
[NO. OF DAYS WITH]      [WEATHER - DAYS WITH]      9 = BLOWING SNOW
                                                   X = TORNADO
MAX 32 OR BELOW:   0    0.01 INCH OR MORE:   9
MAX 90 OR ABOVE:   0    0.10 INCH OR MORE:   5
MIN 32 OR BELOW:   5    0.50 INCH OR MORE:   2
MIN  0 OR BELOW:   0    1.00 INCH OR MORE:   0

[HDD (BASE 65) ]
TOTAL THIS MO.   464    CLEAR  (SCALE 0-3)   4
DPTR FM NORMAL   -61    PTCLDY (SCALE 4-7)   9
TOTAL FM JUL 1  1076    CLOUDY (SCALE 8-10) 12
DPTR FM NORMAL    36

[CDD (BASE 65) ]
TOTAL THIS MO.     0
DPTR FM NORMAL     0    [PRESSURE DATA]
TOTAL FM JAN 1  1923    HIGHEST SLP M ON M
DPTR FM NORMAL  -216    LOWEST  SLP 29.49 ON 22

[REMARKS]
