000
CXUS54 KHGX 011415
CF6HOU
PRELIMINARY LOCAL CLIMATOLOGICAL DATA (WS FORM: F-6)

                                          STATION:   HOUSTON/HOBBY AIRPORT
                                          MONTH:     JUNE
                                          YEAR:      2015
                                          LATITUDE:   29 38 N
                                          LONGITUDE:  95 17 W

  TEMPERATURE IN F:       :PCPN:    SNOW:  WIND      :SUNSHINE: SKY     :PK WND
================================================================================
1   2   3   4   5  6A  6B    7    8   9   10  11  12  13   14  15   16   17  18
                                     12Z  AVG MX 2MIN
DY MAX MIN AVG DEP HDD CDD  WTR  SNW DPTH SPD SPD DIR MIN PSBL S-S WX    SPD DR
================================================================================

 1  89  70  80   0   0  15 0.00  0.0    0  3.9 12  10   M    M   4        16  10
 2  90  70  80   0   0  15 0.00  0.0    0  2.4 10 160   M    M   4        14 160
 3  90  71  81   0   0  16 0.00  0.0    0  3.8 13 150   M    M   4        17 150
 4  90  70  80  -1   0  15 0.00  0.0    0  3.8 12 170   M    M   3        15 180
 5  92  73  83   2   0  18 0.00  0.0    0  3.5 17 220   M    M   6        69 330
 6  92  73  83   2   0  18 0.00  0.0    0  3.5  8 180   M    M   3         M  M
 7  92  73  83   2   0  18 0.00  0.0    0  3.3 13 160   M    M   3        16 160
 8  93  74  84   3   0  19 0.00  0.0    0  4.0 14 150   M    M   4        18 140
 9  91  76  84   3   0  19 0.43  0.0    0  5.1 20 110   M    M   5 3      23 110
10  92  75  84   2   0  19 0.00  0.0    0  5.5 14 160   M    M   4 1      17 160
11  91  75  83   1   0  18    T  0.0    0  6.5 17 170   M    M   4 3      23 160
12  92  77  85   3   0  20 0.00  0.0    0  7.8 17 150   M    M   4        23 150
13  86  72  79  -3   0  14 1.03  0.0    0  7.4 20 130   M    M   7 13     26 130
14  90  76  83   1   0  18 0.19  0.0    0  8.1 17 160   M    M   5 13     23 170
15  88  78  83   1   0  18 0.11  0.0    0 10.1 21  80   M    M   6 13     28  80
16  81  76  79  -3   0  14 1.10  0.0    0 10.5 21 140   M    M   9 1      31 130
17  83  75  79  -3   0  14 0.88  0.0    0 10.7 26 190   M    M  10 13     37 150
18  89  79  84   2   0  19 0.00  0.0    0  8.1 14 170   M    M   9        20 170
19  92  77  85   3   0  20 0.00  0.0    0  5.0 14 180   M    M   7 3      18 160
20  92  76  84   2   0  19 0.00  0.0    0  7.2 20 170   M    M   7 3      82 330
21  91  80  86   3   0  21 0.00  0.0    0  7.4 16 160   M    M   9        23 150
22  89  77  83   0   0  18 0.00  0.0    0  4.6 13 160   M    M   8        16 180
23  92  77  85   2   0  20 0.00  0.0    0  4.4 13 110   M    M   7        16 130
24  92  75  84   1   0  19 0.00  0.0    0  3.7 12 120   M    M   5        16 110
25  93  76  85   2   0  20 0.00  0.0    0  5.3 15 160   M    M   4 3      22 160
26  93  77  85   2   0  20    T  0.0    0  7.3 17 220   M    M   6 3      22 230
27  93  78  86   3   0  21 0.00  0.0    0  8.4 18 250   M    M   6 3      26 270
28  91  75  83   0   0  18 0.55  0.0    0  6.2 24 200   M    M   8 13     35 180
29  90  77  84   1   0  19 0.01  0.0    0  6.2 23 240   M    M   8 3      30 250
30  91  73  82  -1   0  17 0.57  0.0    0  5.2 25 330   M    M   8 13     30 130
================================================================================
SM 2710 2251         0 539  4.87     0.0 178.9          M      177
================================================================================
AV 90.3 75.0                               6.0 FASTST   M    M   6    MAX(MPH)
                                 MISC ---->  # 26 190               # 82  330
================================================================================
NOTES:
# LAST OF SEVERAL OCCURRENCES

COLUMN 17 PEAK WIND IN M.P.H.

PRELIMINARY LOCAL CLIMATOLOGICAL DATA (WS FORM: F-6) , PAGE 2

                                          STATION:  HOUSTON/HOBBY AIRPORT
                                          MONTH:    JUNE
                                          YEAR:     2015
                                          LATITUDE:   29 38 N
                                          LONGITUDE:  95 17 W

[TEMPERATURE DATA]      [PRECIPITATION DATA]       SYMBOLS USED IN COLUMN 16

AVERAGE MONTHLY: 82.7   TOTAL FOR MONTH:   4.87    1 = FOG OR MIST
DPTR FM NORMAL:   0.7   DPTR FM NORMAL:   -2.23    2 = FOG REDUCING VISIBILITY
HIGHEST:    93 ON 27,26 GRTST 24HR  1.11 ON 13-14      TO 1/4 MILE OR LESS
LOWEST:     70 ON  4, 2                            3 = THUNDER
                        SNOW, ICE PELLETS, HAIL    4 = ICE PELLETS
                        TOTAL MONTH:   0.0 INCH    5 = HAIL
                        GRTST 24HR     0.0         6 = FREEZING RAIN OR DRIZZLE
                        GRTST DEPTH:   0           7 = DUSTSTORM OR SANDSTORM:
                                                       VSBY 1/2 MILE OR LESS
                                                   8 = SMOKE OR HAZE
[NO. OF DAYS WITH]      [WEATHER - DAYS WITH]      9 = BLOWING SNOW
                                                   X = TORNADO
MAX 32 OR BELOW:   0    0.01 INCH OR MORE:   9
MAX 90 OR ABOVE:  23    0.10 INCH OR MORE:   8
MIN 32 OR BELOW:   0    0.50 INCH OR MORE:   5
MIN  0 OR BELOW:   0    1.00 INCH OR MORE:   2

[HDD (BASE 65) ]
TOTAL THIS MO.     0    CLEAR  (SCALE 0-3)   3
DPTR FM NORMAL     0    PTCLDY (SCALE 4-7)  21
TOTAL FM JUL 1  1300    CLOUDY (SCALE 8-10)  6
DPTR FM NORMAL    80

[CDD (BASE 65) ]
TOTAL THIS MO.   539
DPTR FM NORMAL    29    [PRESSURE DATA]
TOTAL FM JAN 1  1278    HIGHEST SLP 30.17 ON 24
DPTR FM NORMAL   114    LOWEST  SLP 29.79 ON 10

[REMARKS]
#FINAL-06-15#
