000
CXUS54 KLZK 311130
CF6HRO
PRELIMINARY LOCAL CLIMATOLOGICAL DATA (WS FORM: F-6)

                                          STATION:   Harrison
                                          MONTH:     AUGUST
                                          YEAR:      2015
                                          LATITUDE:   36 15 N
                                          LONGITUDE:  93  9 W

  TEMPERATURE IN F:       :PCPN:    SNOW:  WIND      :SUNSHINE: SKY     :PK WND
================================================================================
1   2   3   4   5  6A  6B    7    8   9   10  11  12  13   14  15   16   17  18
                                     12Z  AVG MX 2MIN
DY MAX MIN AVG DEP HDD CDD  WTR  SNW DPTH SPD SPD DIR MIN PSBL S-S WX    SPD DR
================================================================================

 1  91  63  77  -2   0  12 0.00  0.0    0  2.3  8 240   M    M   0        11 240
 2  92  66  79   0   0  14 0.00  0.0    0  2.8 10 260   M    M   0        12 250
 3  92  65  79   0   0  14 0.00  0.0    0  2.9  9 300   M    M   0 8      12 300
 4  89  67  78  -1   0  13 0.01  0.0    0  3.7 12 280   M    M   2 13     16 160
 5  81  70  76  -3   0  11 0.62  0.0    0  5.7 13 290   M    M   5 13     19 270
 6  88  69  79   0   0  14 0.00  0.0    0  4.6 10 110   M    M   4 12     16 120
 7  95  73  84   5   0  19 0.00  0.0    0  7.4 15  40   M    M   5 13     22  40
 8  88  77  83   4   0  18    T  0.0    0  8.8 15 150   M    M   6 1238   21 120
 9  97  73  85   6   0  20 0.00  0.0    0  5.7 13 180   M    M   0 1      17 260
10  87  73  80   1   0  15    T  0.0    0  4.7 16 360   M    M   2        21 360
11  88  62  75  -4   0  10 0.00  0.0    0  6.0 14  20   M    M   3 1      19  30
12  85  60  73  -5   0   8 0.00  0.0    0  4.0 10  70   M    M   1 1      14  30
13  86  59  73  -5   0   8 0.00  0.0    0  2.5 10 100   M    M   1        13 150
14  85  59  72  -6   0   7 0.00  0.0    0  3.6 13 150   M    M   1 1      18  90
15  86  60  73  -5   0   8 0.00  0.0    0  3.9 13 100   M    M   2 12     17 110
16  89  64  77  -1   0  12 0.00  0.0    0  5.2 13 100   M    M   1 12     16 110
17  90  68  79   1   0  14 0.00  0.0    0  4.0 17 320   M    M   1 3      21 310
18  91  68  80   2   0  15 0.00  0.0    0  5.9 18 360   M    M   2 3      24 360
19  72  56  64 -14   1   0 1.52  0.0    0  6.3 16 310   M    M   6 13     25 300
20  79  52  66 -12   0   1 0.00  0.0    0  4.1 12 150   M    M   0        18 130
21  76  56  66 -11   0   1    T  0.0    0  7.4 14 130   M    M   4        19 110
22  84  66  75  -2   0  10 0.06  0.0    0  7.5 17 150   M    M   3 1      23 170
23  80  63  72  -5   0   7 0.33  0.0    0  7.0 20 290   M    M   2 13     29 340
24  79  55  67 -10   0   2 0.00  0.0    0  4.9 10 330   M    M   0        15 290
25  83  53  68  -8   0   3 0.00  0.0    0  3.5  9 330   M    M   0        14 340
26  85  56  71  -5   0   6 0.00  0.0    0  1.9 10  20   M    M   0        16  20
27  80  59  70  -6   0   5 0.00  0.0    0  6.1 13 150   M    M   1 12     16 140
28  82  58  70  -6   0   5 0.00  0.0    0  7.7 15 170   M    M   M        20 180
29  83  65  74  -2   0   9 0.08  0.0    0  7.9 18 150   M    M   M 3      22 150
30  85  67  76   1   0  11 2.51  0.0    0   M   M   M   M    M   M         M  M
================================================================================
SM 2568 1902         1 292  5.13     0.0 148.0          M       52
================================================================================
AV 85.6 63.4                               5.1 FASTST   M    M   2    MAX(MPH)
                                 MISC ---->  # 20 290               # 29  340
================================================================================
NOTES:
# LAST OF SEVERAL OCCURRENCES

COLUMN 17 PEAK WIND IN M.P.H.

PRELIMINARY LOCAL CLIMATOLOGICAL DATA (WS FORM: F-6) , PAGE 2

                                          STATION:  Harrison
                                          MONTH:    AUGUST
                                          YEAR:     2015
                                          LATITUDE:   36 15 N
                                          LONGITUDE:  93  9 W

[TEMPERATURE DATA]      [PRECIPITATION DATA]       SYMBOLS USED IN COLUMN 16

AVERAGE MONTHLY: 74.5   TOTAL FOR MONTH:   5.13    1 = FOG OR MIST
DPTR FM NORMAL:  -3.3   DPTR FM NORMAL:    1.67    2 = FOG REDUCING VISIBILITY
HIGHEST:    97 ON  9    GRTST 24HR  2.51 ON 30-30      TO 1/4 MILE OR LESS
LOWEST:     52 ON 20                               3 = THUNDER
                        SNOW, ICE PELLETS, HAIL    4 = ICE PELLETS
                        TOTAL MONTH:   0.0 INCH    5 = HAIL
                        GRTST 24HR     0.0         6 = FREEZING RAIN OR DRIZZLE
                        GRTST DEPTH:   0           7 = DUSTSTORM OR SANDSTORM:
                                                       VSBY 1/2 MILE OR LESS
                                                   8 = SMOKE OR HAZE
[NO. OF DAYS WITH]      [WEATHER - DAYS WITH]      9 = BLOWING SNOW
                                                   X = TORNADO
MAX 32 OR BELOW:   0    0.01 INCH OR MORE:   7
MAX 90 OR ABOVE:   7    0.10 INCH OR MORE:   4
MIN 32 OR BELOW:   0    0.50 INCH OR MORE:   3
MIN  0 OR BELOW:   0    1.00 INCH OR MORE:   2

[HDD (BASE 65) ]
TOTAL THIS MO.     1    CLEAR  (SCALE 0-3)  21
DPTR FM NORMAL     1    PTCLDY (SCALE 4-7)   6
TOTAL FM JUL 1     1    CLOUDY (SCALE 8-10)  0
DPTR FM NORMAL     1

[CDD (BASE 65) ]
TOTAL THIS MO.   292
DPTR FM NORMAL   -94    [PRESSURE DATA]
TOTAL FM JAN 1  1210    HIGHEST SLP M ON M
DPTR FM NORMAL     6    LOWEST  SLP 29.71 ON 18

[REMARKS]
ALL SNOWFALL DATA IS FROM THE HARRISON COOPERATIVE OBSERVER SITE
ALL SNOWFALL DATA IS FROM THE HARRISON COOPERATIVE OBSERVER SITE
