000
CXUS54 KHUN 271015
CF6HSV
PRELIMINARY LOCAL CLIMATOLOGICAL DATA (WS FORM: F-6)

                                          STATION:   HUNTSVILLE
                                          MONTH:     MAY
                                          YEAR:      2015
                                          LATITUDE:   34 39 N
                                          LONGITUDE:  86 46 W

  TEMPERATURE IN F:       :PCPN:    SNOW:  WIND      :SUNSHINE: SKY     :PK WND
================================================================================
1   2   3   4   5  6A  6B    7    8   9   10  11  12  13   14  15   16   17  18
                                     12Z  AVG MX 2MIN
DY MAX MIN AVG DEP HDD CDD  WTR  SNW DPTH SPD SPD DIR MIN PSBL S-S WX    SPD DR
================================================================================

 1  74  46  60  -6   5   0 0.00  0.0    0  7.2 17 360   M    M   0        25  20
 2  79  45  62  -4   3   0 0.00  0.0    0  2.5 12 110   M    M   2 1      17 120
 3  82  52  67   0   0   2 0.00  0.0    0  4.7 14 230   M    M   2        17 200
 4  84  56  70   3   0   5 0.00  0.0    0  4.9 10 190   M    M   2        13 160
 5  86  58  72   5   0   7 0.00  0.0    0  5.8 15 110   M    M   1        21 130
 6  85  58  72   4   0   7 0.00  0.0    0  5.8 17 120   M    M   1        21 110
 7  89  58  74   6   0   9 0.00  0.0    0  5.5 13 200   M    M   1        17 160
 8  91  58  75   7   0  10 0.00  0.0    0  4.5 14 160   M    M   2        18 150
 9  91  64  78  10   0  13 0.00  0.0    0  4.3 13 170   M    M   5        17 190
10  92  66  79  10   0  14 0.00  0.0    0  4.9 16 190   M    M   3        23 160
11  88  67  78   9   0  13 0.00  0.0    0  8.3 17 190   M    M   6        23 220
12  83  65  74   5   0   9 0.00  0.0    0  6.7 14 320   M    M   8        18 330
13  86  55  71   1   0   6 0.00  0.0    0  7.9 15  50   M    M   3 8      19  40
14  85  53  69  -1   0   4 0.00  0.0    0  3.7 13  40   M    M   7 8      16  40
15  85  68  77   7   0  12 0.06  0.0    0  9.7 18 170   M    M   6 8      22 130
16  83  69  76   6   0  11 0.72  0.0    0  8.4 26 190   M    M   8 18     33 200
17  87  68  78   7   0  13 0.29  0.0    0  7.4 18 180   M    M   7 138    26 170
18  82  70  76   5   0  11 0.46  0.0    0  3.7 21 260   M    M   6 123    28 260
19  88  66  77   6   0  12 0.00  0.0    0  4.8 12  40   M    M   5 12     16  30
20  87  65  76   5   0  11 0.20  0.0    0  5.7 28 240   M    M   4 13     38 250
21  69  51  60 -12   5   0 0.00  0.0    0  9.6 18  10   M    M   8        25  10
22  79  48  64  -8   1   0 0.00  0.0    0  6.5 16  60   M    M   2 18     21  60
23  85  52  69  -3   0   4 0.00  0.0    0  7.3 16 150   M    M   2        20 120
24  88  65  77   5   0  12 0.11  0.0    0 12.1 23 220   M    M   5        33 220
25  79  68  74   1   0   9 0.23  0.0    0  9.6 22 260   M    M   8 1      30 260
26  81  68  75   2   0  10    T  0.0    0 10.1 22 160   M    M   7        28 160
================================================================================
SM 2188 1559        14 204  2.07     0.0 171.6          M      111
================================================================================
AV 84.2 60.0                               6.6 FASTST   M    M   4    MAX(MPH)
                                 MISC ---->  # 28 240               # 38  250
================================================================================
NOTES:
# LAST OF SEVERAL OCCURRENCES

COLUMN 17 PEAK WIND IN M.P.H.

PRELIMINARY LOCAL CLIMATOLOGICAL DATA (WS FORM: F-6) , PAGE 2

                                          STATION:  HUNTSVILLE
                                          MONTH:    MAY
                                          YEAR:     2015
                                          LATITUDE:   34 39 N
                                          LONGITUDE:  86 46 W

[TEMPERATURE DATA]      [PRECIPITATION DATA]       SYMBOLS USED IN COLUMN 16

AVERAGE MONTHLY: 72.1   TOTAL FOR MONTH:   2.07    1 = FOG OR MIST
DPTR FM NORMAL:   2.4   DPTR FM NORMAL:   -2.28    2 = FOG REDUCING VISIBILITY
HIGHEST:    92 ON 10    GRTST 24HR  0.75 ON 17-18      TO 1/4 MILE OR LESS
LOWEST:     45 ON  2                               3 = THUNDER
                        SNOW, ICE PELLETS, HAIL    4 = ICE PELLETS
                        TOTAL MONTH:   0.0 INCH    5 = HAIL
                        GRTST 24HR     0.0         6 = FREEZING RAIN OR DRIZZLE
                        GRTST DEPTH:   0           7 = DUSTSTORM OR SANDSTORM:
                                                       VSBY 1/2 MILE OR LESS
                                                   8 = SMOKE OR HAZE
[NO. OF DAYS WITH]      [WEATHER - DAYS WITH]      9 = BLOWING SNOW
                                                   X = TORNADO
MAX 32 OR BELOW:   0    0.01 INCH OR MORE:   7
MAX 90 OR ABOVE:   3    0.10 INCH OR MORE:   6
MIN 32 OR BELOW:   0    0.50 INCH OR MORE:   1
MIN  0 OR BELOW:   0    1.00 INCH OR MORE:   0

[HDD (BASE 65) ]
TOTAL THIS MO.    14    CLEAR  (SCALE 0-3)  11
DPTR FM NORMAL   -11    PTCLDY (SCALE 4-7)  15
TOTAL FM JUL 1  3030    CLOUDY (SCALE 8-10)  0
DPTR FM NORMAL    31

[CDD (BASE 65) ]
TOTAL THIS MO.   204
DPTR FM NORMAL    58    [PRESSURE DATA]
TOTAL FM JAN 1   267    HIGHEST SLP M ON M
DPTR FM NORMAL    49    LOWEST  SLP 29.86 ON 20

[REMARKS]
