000
CXUS53 KAPX 170631
CF6HTL
PRELIMINARY LOCAL CLIMATOLOGICAL DATA (WS FORM: F-6)

                                          STATION:   HOUGHTON LAKE MI
                                          MONTH:     APRIL
                                          YEAR:      2014
                                          LATITUDE:   44 22 N
                                          LONGITUDE:  84 41 W

  TEMPERATURE IN F:       :PCPN:    SNOW:  WIND      :SUNSHINE: SKY     :PK WND
================================================================================
1   2   3   4   5  6A  6B    7    8   9   10  11  12  13   14  15   16   17  18
                                     12Z  AVG MX 2MIN
DY MAX MIN AVG DEP HDD CDD  WTR  SNW DPTH SPD SPD DIR MIN PSBL S-S WX    SPD DR
================================================================================

 1  45  28  37   1  28   0 0.04    T    7 15.1 26 290   M    M  10 18     35 280
 2  44  23  34  -2  31   0 0.00  0.0    6  7.6 17 300   M    M   2        24 300
 3  35  24  30  -7  35   0    T    T    6 12.7 21  80   M    M   7 6      28  70
 4  36  27  32  -5  33   0 0.59  0.5    5 11.8 24 300   M    M  10 168    37 290
 5  41  23  32  -6  33   0    T    T    5 11.4 26 320   M    M   5 1      34 310
 6  55  28  42   4  23   0 0.00  0.0    5  6.1 14 200   M    M   0        17 200
 7  56  26  41   2  24   0 0.00  0.0    T  5.2 13 120   M    M   1        16 100
 8  55  33  44   5  21   0 0.00  0.0    T 10.0 20 340   M    M   3        27 350
 9  52  24  38  -2  27   0 0.00  0.0    T  6.9 15 220   M    M   1        20 210
10  58  40  49   9  16   0 0.07  0.0    0 11.7 22 220   M    M   3 1      32 230
11  59  27  43   2  22   0 0.00  0.0    0  5.5 22 300   M    M   3        28 280
12  53  27  40  -1  25   0 1.06  0.0    T  7.1 23 120   M    M   7 13     27 120
13  62  40  51   9  14   0 1.06  0.0    T  6.2 24  80   M    M   9 123    29  90
14  56  22  39  -3  26   0 1.46  3.0    0 13.3 26 330   M    M  10 1      34 330
15  28  19  24 -18  41   0    T    T    3 11.7 24 340   M    M   6 1      33 330
16  42  15  29 -14  36   0    T    T    T  6.9 15 200   M    M   3        19 190
================================================================================
SM  777  426       435   0  4.28     3.5 149.2          M       80
================================================================================
AV 48.6 26.6                               9.3 FASTST   M    M   5    MAX(MPH)
                                 MISC ---->  # 26 290               # 37  290
================================================================================
NOTES:
# LAST OF SEVERAL OCCURRENCES

COLUMN 17 PEAK WIND IN M.P.H.

PRELIMINARY LOCAL CLIMATOLOGICAL DATA (WS FORM: F-6) , PAGE 2

                                          STATION:  HOUGHTON LAKE MI
                                          MONTH:    APRIL
                                          YEAR:     2014
                                          LATITUDE:   44 22 N
                                          LONGITUDE:  84 41 W

[TEMPERATURE DATA]      [PRECIPITATION DATA]       SYMBOLS USED IN COLUMN 16

AVERAGE MONTHLY: 37.6   TOTAL FOR MONTH:   4.28    1 = FOG OR MIST
DPTR FM NORMAL:  -1.8   DPTR FM NORMAL:    2.91    2 = FOG REDUCING VISIBILITY
HIGHEST:    62 ON 13    GRTST 24HR  1.88 ON 13-14      TO 1/4 MILE OR LESS
LOWEST:     15 ON 16                               3 = THUNDER
                        SNOW, ICE PELLETS, HAIL    4 = ICE PELLETS
                        TOTAL MONTH:   3.5 INCHES  5 = HAIL
                        GRTST 24HR   3.0 ON 14-14  6 = FREEZING RAIN OR DRIZZLE
                        GRTST DEPTH:   7 ON  1     7 = DUSTSTORM OR SANDSTORM:
                                                       VSBY 1/2 MILE OR LESS
                                                   8 = SMOKE OR HAZE
[NO. OF DAYS WITH]      [WEATHER - DAYS WITH]      9 = BLOWING SNOW
                                                   X = TORNADO
MAX 32 OR BELOW:   1    0.01 INCH OR MORE:   6
MAX 90 OR ABOVE:   0    0.10 INCH OR MORE:   4
MIN 32 OR BELOW:  13    0.50 INCH OR MORE:   4
MIN  0 OR BELOW:   0    1.00 INCH OR MORE:   3

[HDD (BASE 65) ]
TOTAL THIS MO.   435    CLEAR  (SCALE 0-3)   8
DPTR FM NORMAL    26    PTCLDY (SCALE 4-7)   4
TOTAL FM JUL 1  8289    CLOUDY (SCALE 8-10)  4
DPTR FM NORMAL   895

[CDD (BASE 65) ]
TOTAL THIS MO.     0
DPTR FM NORMAL     0    [PRESSURE DATA]
TOTAL FM JAN 1     0    HIGHEST SLP M ON M
DPTR FM NORMAL     0    LOWEST  SLP 29.31 ON M

[REMARKS]
