243
CXUS51 KRLX 271146
CF6HTS
PRELIMINARY LOCAL CLIMATOLOGICAL DATA (WS FORM: F-6)

                                          STATION:   HUNTINGTON WV
                                          MONTH:     JUNE
                                          YEAR:      2017
                                          LATITUDE:   38 22 N
                                          LONGITUDE:  82 33 W

  TEMPERATURE IN F:       :PCPN:    SNOW:  WIND      :SUNSHINE: SKY     :PK WND
================================================================================
1   2   3   4   5  6A  6B    7    8   9   10  11  12  13   14  15   16   17  18
                                     12Z  AVG MX 2MIN
DY MAX MIN AVG DEP HDD CDD  WTR  SNW DPTH SPD SPD DIR MIN PSBL S-S WX    SPD DR
================================================================================

 1  81  57  69   1   0   4 0.00  0.0    0  3.2 14 320   M    M   2 12     17 320
 2  82  52  67  -1   0   2 0.00  0.0    0  2.8 12 330   M    M   0        16 330
 3  87  54  71   2   0   6 0.00  0.0    0  2.4 12 340   M    M   0        17 350
 4  86  55  71   2   0   6 0.00  0.0    0  2.4 14 230   M    M   0        16 230
 5  74  61  68  -1   0   3 0.47  0.0    0  4.0 13 190   M    M   7 12     15 190
 6  76  58  67  -3   0   2 0.00  0.0    0  4.9 10 360   M    M   5 12     16  60
 7  67  54  61  -9   4   0 0.00  0.0    0  4.6  9  60   M    M   5        14  30
 8  76  55  66  -4   0   1 0.00  0.0    0  4.0 10  30   M    M   7        13 330
 9  80  52  66  -5   0   1 0.00  0.0    0  3.1 14 210   M    M   2 1      19 210
10  84  56  70  -1   0   5 0.00  0.0    0  4.5 14 210   M    M   1        21 210
11  89  62  76   5   0  11 0.00  0.0    0  3.9 13 210   M    M   1        18 230
12  91  64  78   7   0  13 0.00  0.0    0  4.3 10 250   M    M   2        14 260
13  86  70  78   6   0  13 0.00  0.0    0  4.3 10 320   M    M   4 38     10 320
14  85  66  76   4   0  11    T  0.0    0  3.5 14 230   M    M   4 12     19 230
15  88  66  77   5   0  12 0.07  0.0    0  5.5 15 200   M    M   2 1      20 210
16  84  69  77   5   0  12 0.08  0.0    0  3.1  8 140   M    M   6 1      13 120
17  90  67  79   6   0  14 0.00  0.0    0  3.0 12 200   M    M   3 12     14 190
18  91  70  81   8   0  16 0.28  0.0    0  8.9 18 280   M    M   2 13     28 310
19  83  68  76   3   0  11 0.66  0.0    0  6.4 14 240   M    M   5 1      24 320
20  84  61  73   0   0   8 0.00  0.0    0  4.6 13 230   M    M   1        18 250
21  88  64  76   2   0  11 0.00  0.0    0  5.4 14 210   M    M   3        20 200
22  82  70  76   2   0  11 0.55  0.0    0  6.1 17 220   M    M   3 1      25 210
23  86  66  76   2   0  11 2.66  0.0    0  9.0 20 210   M    M   7 12     32 220
24  82  65  74   0   0   9 0.06  0.0    0  5.6 15 250   M    M   4 1      21 260
25  80  58  69  -5   0   4 0.00  0.0    0  5.8 14 260   M    M   2        19 260
26  77  54  66  -9   0   1 0.00  0.0    0  5.3 16 240   M    M   2        24 230
================================================================================
SM 2159 1594         4 198  4.83     0.0 120.6          M       80
================================================================================
AV 83.0 61.3                               4.6 FASTST   M    M   3    MAX(MPH)
                                 MISC ---->  # 20 210               # 32  220
================================================================================
NOTES:
# LAST OF SEVERAL OCCURRENCES

COLUMN 17 PEAK WIND IN M.P.H.

PRELIMINARY LOCAL CLIMATOLOGICAL DATA (WS FORM: F-6) , PAGE 2

                                          STATION:  HUNTINGTON WV
                                          MONTH:    JUNE
                                          YEAR:     2017
                                          LATITUDE:   38 22 N
                                          LONGITUDE:  82 33 W

[TEMPERATURE DATA]      [PRECIPITATION DATA]       SYMBOLS USED IN COLUMN 16

AVERAGE MONTHLY: 72.2   TOTAL FOR MONTH:   4.83    1 = FOG OR MIST
DPTR FM NORMAL:   0.6   DPTR FM NORMAL:    1.41    2 = FOG REDUCING VISIBILITY
HIGHEST:    91 ON 18,12 GRTST 24HR  2.66 ON 23-23      TO 1/4 MILE OR LESS
LOWEST:     52 ON  9, 2                            3 = THUNDER
                        SNOW, ICE PELLETS, HAIL    4 = ICE PELLETS
                        TOTAL MONTH:   0.0 INCH    5 = HAIL
                        GRTST 24HR     0.0         6 = FREEZING RAIN OR DRIZZLE
                        GRTST DEPTH:   0           7 = DUSTSTORM OR SANDSTORM:
                                                       VSBY 1/2 MILE OR LESS
                                                   8 = SMOKE OR HAZE
[NO. OF DAYS WITH]      [WEATHER - DAYS WITH]      9 = BLOWING SNOW
                                                   X = TORNADO
MAX 32 OR BELOW:   0    0.01 INCH OR MORE:   8
MAX 90 OR ABOVE:   3    0.10 INCH OR MORE:   5
MIN 32 OR BELOW:   0    0.50 INCH OR MORE:   3
MIN  0 OR BELOW:   0    1.00 INCH OR MORE:   1

[HDD (BASE 65) ]
TOTAL THIS MO.     4    CLEAR  (SCALE 0-3)  15
DPTR FM NORMAL    -5    PTCLDY (SCALE 4-7)  11
TOTAL FM JUL 1  3446    CLOUDY (SCALE 8-10)  0
DPTR FM NORMAL -1063

[CDD (BASE 65) ]
TOTAL THIS MO.   198
DPTR FM NORMAL    11    [PRESSURE DATA]
TOTAL FM JAN 1   370    HIGHEST SLP M ON M
DPTR FM NORMAL    70    LOWEST  SLP 29.67 ON 23

[REMARKS]
