000
CXUS51 KRLX 211400
CF6HTS
PRELIMINARY LOCAL CLIMATOLOGICAL DATA (WS FORM: F-6)

                                          STATION:   HUNTINGTON WV
                                          MONTH:     NOVEMBER
                                          YEAR:      2014
                                          LATITUDE:   38 22 N
                                          LONGITUDE:  82 33 W

  TEMPERATURE IN F:       :PCPN:    SNOW:  WIND      :SUNSHINE: SKY     :PK WND
================================================================================
1   2   3   4   5  6A  6B    7    8   9   10  11  12  13   14  15   16   17  18
                                     12Z  AVG MX 2MIN
DY MAX MIN AVG DEP HDD CDD  WTR  SNW DPTH SPD SPD DIR MIN PSBL S-S WX    SPD DR
================================================================================

 1  43  37  40 -12  25   0 0.04  0.0    0 10.4 17 330   M    M  10 1      27 330
 2  49  28  39 -13  26   0 0.00  0.0    0  4.6 12 320   M    M   3        16 310
 3  62  26  44  -7  21   0 0.00  0.0    0  4.6 14 160   M    M   1 8      17 210
 4  66  46  56   5   9   0 0.00  0.0    0  7.7 17 230   M    M   1        23 210
 5  58  49  54   3  11   0 0.52  0.0    0  3.6 12 190   M    M  10 1      15 200
 6  60  43  52   2  13   0 0.26  0.0    0  9.3 21 270   M    M   9 1      33 290
 7  48  29  39 -11  26   0 0.02  0.0    0  7.0 16 270   M    M   7 1      24 250
 8  53  29  41  -9  24   0 0.00  0.0    0  5.7 13 320   M    M   3        19 330
 9  55  38  47  -2  18   0 0.00  0.0    0  3.7 10 270   M    M   4        15 270
10  67  32  50   1  15   0 0.00  0.0    0  3.3 12 180   M    M   0 8      16 190
11  71  37  54   6  11   0 0.01  0.0    0  6.3 15 210   M    M   2 18     23 250
12  51  37  44  -4  21   0 0.07  0.0    0  4.7 17 330   M    M  10 1      24 330
13  37  27  32 -16  33   0 0.00  0.0    0  6.4 13 300   M    M  10 8      17 280
14  32  23  28 -20  37   0 0.00  0.0    0  4.0  9 330   M    M   9        13 300
15  38  17  28 -19  37   0 0.00  0.0    0  1.4  8 160   M    M   1 1      14 130
16  44  32  38  -9  27   0 0.31    T    0  3.6 13 210   M    M  10 1      19 190
17  40  21  31 -15  34   0 0.66    T    0  9.3 18 260   M    M  10 1      28 270
18  25  16  21 -25  44   0    M    T    0  8.7 17 230   M    M   5 8      27 220
19  47  12  30 -16  35   0 0.00  0.0    0  9.0 24 220   M    M   3        37 210
20  42  25  34 -11  31   0 0.00  0.0    0  8.8 21 260   M    M   4        27 250
================================================================================
SM  988  604       498   0  1.89    T    122.1          M      112
================================================================================
AV 49.4 30.2                               6.1 FASTST   M    M   6    MAX(MPH)
                                 MISC ---->  # 24 220               # 37  210
================================================================================
NOTES:
# LAST OF SEVERAL OCCURRENCES

COLUMN 17 PEAK WIND IN M.P.H.

PRELIMINARY LOCAL CLIMATOLOGICAL DATA (WS FORM: F-6) , PAGE 2

                                          STATION:  HUNTINGTON WV
                                          MONTH:    NOVEMBER
                                          YEAR:     2014
                                          LATITUDE:   38 22 N
                                          LONGITUDE:  82 33 W

[TEMPERATURE DATA]      [PRECIPITATION DATA]       SYMBOLS USED IN COLUMN 16

AVERAGE MONTHLY: 39.8   TOTAL FOR MONTH:   1.89    1 = FOG OR MIST
DPTR FM NORMAL:  -8.9   DPTR FM NORMAL:   -0.37    2 = FOG REDUCING VISIBILITY
HIGHEST:    71 ON 11    GRTST 24HR  0.94 ON 16-17      TO 1/4 MILE OR LESS
LOWEST:     12 ON 19                               3 = THUNDER
                        SNOW, ICE PELLETS, HAIL    4 = ICE PELLETS
                        TOTAL MONTH:    T          5 = HAIL
                        GRTST 24HR    T  ON 18-18  6 = FREEZING RAIN OR DRIZZLE
                        GRTST DEPTH:   0           7 = DUSTSTORM OR SANDSTORM:
                                                       VSBY 1/2 MILE OR LESS
                                                   8 = SMOKE OR HAZE
[NO. OF DAYS WITH]      [WEATHER - DAYS WITH]      9 = BLOWING SNOW
                                                   X = TORNADO
MAX 32 OR BELOW:   2    0.01 INCH OR MORE:   8
MAX 90 OR ABOVE:   0    0.10 INCH OR MORE:   4
MIN 32 OR BELOW:  13    0.50 INCH OR MORE:   2
MIN  0 OR BELOW:   0    1.00 INCH OR MORE:   0

[HDD (BASE 65) ]
TOTAL THIS MO.   498    CLEAR  (SCALE 0-3)   8
DPTR FM NORMAL   168    PTCLDY (SCALE 4-7)   4
TOTAL FM JUL 1   858    CLOUDY (SCALE 8-10)  8
DPTR FM NORMAL   189

[CDD (BASE 65) ]
TOTAL THIS MO.     0
DPTR FM NORMAL     0    [PRESSURE DATA]
TOTAL FM JAN 1   971    HIGHEST SLP M ON M
DPTR FM NORMAL  -161    LOWEST  SLP 29.65 ON 17

[REMARKS]
