000
CXUS51 KCAR 280700
CF6HUL
PRELIMINARY LOCAL CLIMATOLOGICAL DATA (WS FORM: F-6)
STATION: HOULTON ME
MONTH: MARCH
YEAR: 2024
LATITUDE: 46 7 N
LONGITUDE: 67 48 W
TEMPERATURE IN F: :PCPN: SNOW: WIND :SUNSHINE: SKY :PK WND
================================================================================
1 2 3 4 5 6A 6B 7 8 9 10 11 12 13 14 15 16 17 18
12Z AVG MX 2MIN
DY MAX MIN AVG DEP HDD CDD WTR SNW DPTH SPD SPD DIR MIN PSBL S-S WX SPD DR
================================================================================
1 23 1 12 -8 53 0 0.00 M M 10.2 23 240 M M 1 34 230
2 48 13 31 11 34 0 0.07 M M 7.4 21 220 M M 4 29 200
3 48 30 39 19 26 0 0.06 M M 5.4 13 360 M M 9 12 16 360
4 44 27 36 15 29 0 0.00 M M 5.3 16 60 M M 2 1 23 60
5 42 27 35 14 30 0 0.16 M M 6.9 14 200 M M 7 1 24 200
6 47 37 42 20 23 0 0.58 M M 6.1 15 100 M M 10 1 23 100
7 39 22 31 9 34 0 0.45 M M 10.8 21 20 M M 8 1 27 30
8 36 17 27 5 38 0 0.00 M M 5.7 16 100 M M 0 23 90
9 36 13 25 2 40 0 0.00 M M 6.0 16 140 M M 2 24 140
10 36 30 33 10 32 0 0.45 M M 10.5 22 110 M M 10 1 43 130
11 36 31 34 10 31 0 0.02 M M 12.6 24 330 M M 10 1 39 320
12 36 28 32 8 33 0 T M M 14.3 23 330 M M 9 18 36 320
13 46 30 38 14 27 0 0.00 M M 8.1 16 10 M M 7 22 350
14 45 26 36 11 29 0 0.00 M M 2.9 12 160 M M 8 18 180
15 46 25 36 11 29 0 0.01 M M 1.7 9 10 M M 5 18 12 360
16 42 23 33 7 32 0 T M M 1.9 9 360 M M 7 1 13 20
17 39 29 34 8 31 0 0.37 M M 6.6 18 140 M M 9 1 31 160
18 40 30 35 9 30 0 T M M 8.8 22 260 M M 8 1 32 260
19 39 26 33 6 32 0 T M M 7.6 15 280 M M 9 24 320
20 40 20 30 3 35 0 T M M 5.9 18 150 M M 7 1 29 160
21 34 17 26 -1 39 0 0.26 M M 13.1 28 260 M M 10 128 46 280
22 28 13 21 -7 44 0 T M M 13.2 25 270 M M 3 40 270
23 21 13 17 -11 48 0 0.18 M M 6.3 18 360 M M 8 12 27 360
24 35 8 22 -7 43 0 M M M 9.7 22 340 M M 3 12 33 340
25 38 1 20 -9 45 0 0.00 M M 2.8 12 50 M M 0 17 140
26 44 15 30 1 35 0 T M M 7.6 16 70 M M 7 1 22 80
27 45 31 38 8 27 0 0.60 M M 1.7 12 300 M M 10 126 14 300
================================================================================
SM 1053 583 929 0 3.21 M 199.1 M 173
================================================================================
AV 39.0 21.6 7.4 FASTST M M 6 MAX(MPH)
MISC ----> 28 260 46 280
================================================================================
NOTES:
# LAST OF SEVERAL OCCURRENCES
COLUMN 17 PEAK WIND IN M.P.H.
PRELIMINARY LOCAL CLIMATOLOGICAL DATA (WS FORM: F-6) , PAGE 2
STATION: HOULTON ME
MONTH: MARCH
YEAR: 2024
LATITUDE: 46 7 N
LONGITUDE: 67 48 W
[TEMPERATURE DATA] [PRECIPITATION DATA] SYMBOLS USED IN COLUMN 16
AVERAGE MONTHLY: 30.3 TOTAL FOR MONTH: 3.21 1 = FOG OR MIST
DPTR FM NORMAL: 5.6 DPTR FM NORMAL: 0.89 2 = FOG REDUCING VISIBILITY
HIGHEST: 48 ON 3, 2 GRTST 24HR 0.95 ON 6- 7 TO 1/4 MILE OR LESS
LOWEST: 1 ON 25, 1 3 = THUNDER
SNOW, ICE PELLETS, HAIL 4 = ICE PELLETS
TOTAL MONTH: M 5 = HAIL
GRTST 24HR M ON M 6 = FREEZING RAIN OR DRIZZLE
GRTST DEPTH: M ON M 7 = DUSTSTORM OR SANDSTORM:
VSBY 1/2 MILE OR LESS
8 = SMOKE OR HAZE
[NO. OF DAYS WITH] [WEATHER - DAYS WITH] 9 = BLOWING SNOW
X = TORNADO
MAX 32 OR BELOW: 3 0.01 INCH OR MORE: 12
MAX 90 OR ABOVE: 0 0.10 INCH OR MORE: 8
MIN 32 OR BELOW: 26 0.50 INCH OR MORE: 2
MIN 0 OR BELOW: 0 1.00 INCH OR MORE: 0
[HDD (BASE 65) ]
TOTAL THIS MO. 929 CLEAR (SCALE 0-3) 7
DPTR FM NORMAL -160 PTCLDY (SCALE 4-7) 11
TOTAL FM JUL 1 6529 CLOUDY (SCALE 8-10) 9
DPTR FM NORMAL -970
[CDD (BASE 65) ]
TOTAL THIS MO. 0
DPTR FM NORMAL 0 [PRESSURE DATA]
TOTAL FM JAN 1 0 HIGHEST SLP M ON M
DPTR FM NORMAL 0 LOWEST SLP 28.97 ON 11
[REMARKS]