000
CXUS56 KTFX 281205
CF6HVR
PRELIMINARY LOCAL CLIMATOLOGICAL DATA (WS FORM: F-6)

                                          STATION:   HAVRE MT
                                          MONTH:     APRIL
                                          YEAR:      2016
                                          LATITUDE:   48 32 N
                                          LONGITUDE: 109 46 W

  TEMPERATURE IN F:       :PCPN:    SNOW:  WIND      :SUNSHINE: SKY     :PK WND
================================================================================
1   2   3   4   5  6A  6B    7    8   9   10  11  12  13   14  15   16   17  18
                                     12Z  AVG MX 2MIN
DY MAX MIN AVG DEP HDD CDD  WTR  SNW DPTH SPD SPD DIR MIN PSBL S-S WX    SPD DR
================================================================================

 1  66  33  50  10  15   0 0.00  0.0    0 12.2 28 320   M    M   4        37 310
 2  76  30  53  13  12   0 0.00  0.0    0 20.0 36 260   M    M   0        52 270
 3  65  42  54  14  11   0 0.00  0.0    0  9.4 26 260   M    M   5        33 270
 4  74  35  55  14  10   0 0.28  0.0    0 10.3 41 220   M    M   3 13     51 210
 5  54  35  45   4  20   0 0.10    M    M 21.2 37 310   M    M   8 1      44 310
 6  66  38  52  10  13   0    T  0.0    0 18.3 33 290   M    M   4        42 290
 7  63  28  46   4  19   0 0.00  0.0    0  3.2 15 320   M    M   1        20 340
 8  73  29  51   9  14   0 0.00  0.0    0  8.5 21 210   M    M   0        24 210
 9  61  45  53  11  12   0 0.00  0.0    0 13.7 30 320   M    M   5        36 310
10  52  30  41  -2  24   0 0.00  0.0    0 11.5 23  10   M    M   3        30  10
11  66  22  44   1  21   0 0.00  0.0    0  6.5 15  80   M    M   1        17  80
12  74  38  56  13   9   0 0.00  0.0    0 10.8 23 280   M    M   3        27 280
13  61  38  50   6  15   0 0.19  0.0    0 11.8 26 210   M    M   7 1      32 220
14  53  31  42  -2  23   0 0.71  0.0    0  9.8 22  50   M    M   7 1      26  50
15  43  32  38  -6  27   0 1.34  0.0    0 12.3 28  20   M    M   9 1      34  10
16  57  26  42  -3  23   0 0.00  0.0    0  5.5 14 160   M    M   0        17 150
17  63  28  46   1  19   0 0.00  0.0    0  4.5 12 140   M    M   0        20  80
18  63  27  45   0  20   0 0.00  0.0    0  5.4 14 120   M    M   0        19  90
19  72  29  51   5  14   0 0.00  0.0    0  5.8 17  90   M    M   0        21  90
20  76  36  56  10   9   0 0.00  0.0    0  5.9 18  50   M    M   3 12     22  50
21  79  41  60  14   5   0 0.00  0.0    0 13.9 25  70   M    M   0        35 100
22  73  42  58  12   7   0 0.01  0.0    0 11.2 23  50   M    M   0 3      27  60
23  60  45  53   6  12   0    T  0.0    0 10.4 23  70   M    M   3 3      30 360
24  47  32  40  -7  25   0 0.15    M    2 12.7 18  90   M    M  10 1      22  90
25  36  32  34 -13  31   0 0.36    T    1  7.3 30 210   M    M  10 1      32 210
26  43  32  38 -10  27   0 0.20    T    1  4.8 12  80   M    M  10 1      21 130
27  42  35  39  -9  26   0 0.21  0.0    0  9.8 16  90   M    M  10 1      20  60
================================================================================
SM 1658  911       463   0  3.55    T    276.7          M      106
================================================================================
AV 61.4 33.7                              10.2 FASTST   M    M   4    MAX(MPH)
                                 MISC ---->  # 41 220               # 52  270
================================================================================
NOTES:
# LAST OF SEVERAL OCCURRENCES

COLUMN 17 PEAK WIND IN M.P.H.

PRELIMINARY LOCAL CLIMATOLOGICAL DATA (WS FORM: F-6) , PAGE 2

                                          STATION:  HAVRE MT
                                          MONTH:    APRIL
                                          YEAR:     2016
                                          LATITUDE:   48 32 N
                                          LONGITUDE: 109 46 W

[TEMPERATURE DATA]      [PRECIPITATION DATA]       SYMBOLS USED IN COLUMN 16

AVERAGE MONTHLY: 47.6   TOTAL FOR MONTH:   3.55    1 = FOG OR MIST
DPTR FM NORMAL:   3.6   DPTR FM NORMAL:    2.83    2 = FOG REDUCING VISIBILITY
HIGHEST:    79 ON 21    GRTST 24HR  2.04 ON 14-15      TO 1/4 MILE OR LESS
LOWEST:     22 ON 11                               3 = THUNDER
                        SNOW, ICE PELLETS, HAIL    4 = ICE PELLETS
                        TOTAL MONTH:    T          5 = HAIL
                        GRTST 24HR    T  ON 26-26  6 = FREEZING RAIN OR DRIZZLE
                        GRTST DEPTH:   2 ON 24     7 = DUSTSTORM OR SANDSTORM:
                                                       VSBY 1/2 MILE OR LESS
                                                   8 = SMOKE OR HAZE
[NO. OF DAYS WITH]      [WEATHER - DAYS WITH]      9 = BLOWING SNOW
                                                   X = TORNADO
MAX 32 OR BELOW:   0    0.01 INCH OR MORE:  10
MAX 90 OR ABOVE:   0    0.10 INCH OR MORE:   9
MIN 32 OR BELOW:  14    0.50 INCH OR MORE:   2
MIN  0 OR BELOW:   0    1.00 INCH OR MORE:   1

[HDD (BASE 65) ]
TOTAL THIS MO.   463    CLEAR  (SCALE 0-3)  11
DPTR FM NORMAL  -106    PTCLDY (SCALE 4-7)  11
TOTAL FM JUL 1  6667    CLOUDY (SCALE 8-10)  5
DPTR FM NORMAL -1020

[CDD (BASE 65) ]
TOTAL THIS MO.     0
DPTR FM NORMAL     0    [PRESSURE DATA]
TOTAL FM JAN 1     0    HIGHEST SLP M ON M
DPTR FM NORMAL     0    LOWEST  SLP 29.54 ON  9

[REMARKS]
