000
CXUS54 KHGX 221415
CF6IAH
PRELIMINARY LOCAL CLIMATOLOGICAL DATA (WS FORM: F-6)

                                          STATION:   HOUSTON INTERCONTINENTAL
                                          MONTH:     JULY
                                          YEAR:      2014
                                          LATITUDE:   29 58 N
                                          LONGITUDE:  95 21 W

  TEMPERATURE IN F:       :PCPN:    SNOW:  WIND      :SUNSHINE: SKY     :PK WND
================================================================================
1   2   3   4   5  6A  6B    7    8   9   10  11  12  13   14  15   16   17  18
                                     12Z  AVG MX 2MIN
DY MAX MIN AVG DEP HDD CDD  WTR  SNW DPTH SPD SPD DIR MIN PSBL S-S WX    SPD DR
================================================================================

 1  94  74  84   0   0  19 0.00  0.0    0  5.9 17 150   M    M   4        22 140
 2  94  74  84   0   0  19 0.00  0.0    0  3.9 15 160   M    M   4 1      18 170
 3  94  73  84   0   0  19    T  0.0    0  4.1 24  60   M    M   6 3      30  20
 4  91  72  82  -2   0  17 0.48  0.0    0  6.5 25  80   M    M   7 13     32  80
 5  90  73  82  -2   0  17 0.31  0.0    0  4.3 21 220   M    M   5 13     30 220
 6  89  72  81  -3   0  16 0.01  0.0    0  5.2 15 130   M    M   5 13     20 110
 7  93  74  84   0   0  19 0.08  0.0    0  4.4 28 140   M    M   5 13     30 140
 8  92  74  83  -1   0  18 0.00  0.0    0  4.6 15 170   M    M   5 1      20 170
 9  95  74  85   1   0  20 0.00  0.0    0  5.3 15 130   M    M   5 8      18 120
10  93  73  83  -1   0  18    T  0.0    0  5.2 16 160   M    M   4 3      22 180
11  94  72  83  -1   0  18    T  0.0    0  4.8 18 150   M    M   5        22 160
12  94  74  84   0   0  19 0.00  0.0    0  3.6 14 150   M    M   4        16 150
13  96  77  87   3   0  22 0.00  0.0    0  4.3 20 120   M    M   5        23 160
14  96  76  86   2   0  21 0.00  0.0    0  4.6 13 250   M    M   6        16 260
15  89  75  82  -2   0  17 0.06  0.0    0  4.8 17 340   M    M   6 1      22 350
16  90  73  82  -2   0  17 0.00  0.0    0  3.0 16 140   M    M   8        22 170
17  89  76  83  -1   0  18 0.39  0.0    0  6.0 24 180   M    M   8 13     35 170
18  87  75  81  -3   0  16 0.04  0.0    0  5.3 14  30   M    M   9 1      17 350
19  85  72  79  -5   0  14 0.00  0.0    0  6.5 12  40   M    M   8        14  50
20  93  73  83  -2   0  18 0.01  0.0    0  5.8 14  90   M    M   7 18     17 120
21  96  77  87   2   0  22 0.00  0.0    0  3.2 14 150   M    M   6        17 150
================================================================================
SM 1934 1553         0 384  1.38     0.0 101.3          M      122
================================================================================
AV 92.1 74.0                               4.8 FASTST   M    M   6    MAX(MPH)
                                 MISC ---->  # 28 140               # 35  170
================================================================================
NOTES:
# LAST OF SEVERAL OCCURRENCES

COLUMN 17 PEAK WIND IN M.P.H.

PRELIMINARY LOCAL CLIMATOLOGICAL DATA (WS FORM: F-6) , PAGE 2

                                          STATION:  HOUSTON INTERCONTINENTAL
                                          MONTH:    JULY
                                          YEAR:     2014
                                          LATITUDE:   29 58 N
                                          LONGITUDE:  95 21 W

[TEMPERATURE DATA]      [PRECIPITATION DATA]       SYMBOLS USED IN COLUMN 16

AVERAGE MONTHLY: 83.0   TOTAL FOR MONTH:   1.38    1 = FOG OR MIST
DPTR FM NORMAL:  -1.1   DPTR FM NORMAL:   -1.41    2 = FOG REDUCING VISIBILITY
HIGHEST:    96 ON 21,14 GRTST 24HR  0.79 ON  4- 5      TO 1/4 MILE OR LESS
LOWEST:     72 ON 19,11                            3 = THUNDER
                        SNOW, ICE PELLETS, HAIL    4 = ICE PELLETS
                        TOTAL MONTH:   0.0 INCH    5 = HAIL
                        GRTST 24HR     0.0         6 = FREEZING RAIN OR DRIZZLE
                        GRTST DEPTH:   0           7 = DUSTSTORM OR SANDSTORM:
                                                       VSBY 1/2 MILE OR LESS
                                                   8 = SMOKE OR HAZE
[NO. OF DAYS WITH]      [WEATHER - DAYS WITH]      9 = BLOWING SNOW
                                                   X = TORNADO
MAX 32 OR BELOW:   0    0.01 INCH OR MORE:   8
MAX 90 OR ABOVE:  16    0.10 INCH OR MORE:   3
MIN 32 OR BELOW:   0    0.50 INCH OR MORE:   0
MIN  0 OR BELOW:   0    1.00 INCH OR MORE:   0

[HDD (BASE 65) ]
TOTAL THIS MO.     0    CLEAR  (SCALE 0-3)   0
DPTR FM NORMAL     0    PTCLDY (SCALE 4-7)  19
TOTAL FM JUL 1     0    CLOUDY (SCALE 8-10)  2
DPTR FM NORMAL     0

[CDD (BASE 65) ]
TOTAL THIS MO.   384
DPTR FM NORMAL   -18    [PRESSURE DATA]
TOTAL FM JAN 1  1458    HIGHEST SLP M ON M
DPTR FM NORMAL  -116    LOWEST  SLP 29.83 ON M

[REMARKS]
