000
CXUS53 KICT 280800
CF6ICT
PRELIMINARY LOCAL CLIMATOLOGICAL DATA (WS FORM: F-6)

                                          STATION:   WICHITA EISENHOWER NATIONAL
                                          MONTH:     MAY
                                          YEAR:      2017
                                          LATITUDE:   37 39 N
                                          LONGITUDE:  97 25 W

  TEMPERATURE IN F:       :PCPN:    SNOW:  WIND      :SUNSHINE: SKY     :PK WND
================================================================================
1   2   3   4   5  6A  6B    7    8   9   10  11  12  13   14  15   16   17  18
                                     12Z  AVG MX 2MIN
DY MAX MIN AVG DEP HDD CDD  WTR  SNW DPTH SPD SPD DIR MIN PSBL S-S WX    SPD DR
================================================================================

 1  69  40  55  -6  10   0 0.00  0.0    0 16.7 31 300   M    M   4        42 300
 2  72  44  58  -4   7   0 0.00  0.0    0  9.6 18  50   M    M   7        30  50
 3  62  45  54  -8  11   0 0.95  0.0    0 12.7 28  40   M    M   9 13     33  40
 4  70  45  58  -4   7   0 0.00  0.0    0 11.9 25 350   M    M   3 1      32 340
 5  75  46  61  -1   4   0 0.00  0.0    0  6.2 14 290   M    M   0        18 280
 6  84  49  67   4   0   2 0.00  0.0    0  5.1 10 230   M    M   0        14 260
 7  85  54  70   7   0   5 0.00  0.0    0 12.1 26 180   M    M   2        32 180
 8  83  56  70   7   0   5 0.00  0.0    0 12.3 22 190   M    M   2        28 180
 9  83  60  72   8   0   7 0.00  0.0    0 10.8 18 200   M    M   6        24 200
10  70  62  66   2   0   1 1.46  0.0    0 11.0 39 180   M    M   9 13     48 170
11  73  58  66   2   0   1 0.90  0.0    0 11.5 26  30   M    M   9 13     32  30
12  73  51  62  -3   3   0 0.00  0.0    0  9.9 21  10   M    M   2        30  10
13  77  47  62  -3   3   0 0.00  0.0    0  9.7 21 180   M    M   1        29 190
14  85  57  71   6   0   6 0.00  0.0    0 15.8 26 180   M    M   2        33 190
15  88  66  77  11   0  12 0.00  0.0    0 16.7 25 170   M    M   6        32 180
16  83  66  75   9   0  10 0.01  0.0    0 21.6 35 170   M    M   7 3      44 170
17  79  62  71   5   0   6 0.16  0.0    0 18.6 39 190   M    M   4 13     49 190
18  84  58  71   5   0   6 0.26  0.0    0 11.1 33 200   M    M   8 13     45 200
19  76  56  66  -1   0   1 0.49  0.0    0  9.1 22 160   M    M   9 13     27 140
20  63  48  56 -11   9   0    T    M    0 15.5 25 280   M    M   7 1      33 280
21  73  44  59  -9   6   0    T    M    0  5.8 16 320   M    M   3        19 320
22  69  52  61  -7   4   0 0.07  0.0    0  5.9 16 170   M    M   8 12     20 180
23  70  52  61  -7   4   0    T  0.0    0 13.2 29 350   M    M   7 1      38 330
24  68  47  58 -10   7   0 0.00  0.0    0  8.7 18 310   M    M   4        25 350
25  83  48  66  -3   0   1    T    M    0 15.0 30 160   M    M   3        39 160
26  87  62  75   6   0  10 0.00  0.0    0 10.2 18 330   M    M   2        27 320
27  85  67  76   7   0  11    T  0.0    0 13.8 28  60   M    M   4        34  60
================================================================================
SM 2069 1442        75  84  4.30     0.0 320.5          M      128
================================================================================
AV 76.6 53.4                              11.9 FASTST   M    M   5    MAX(MPH)
                                 MISC ---->  # 39 180               # 49  190
================================================================================
NOTES:
# LAST OF SEVERAL OCCURRENCES

COLUMN 17 PEAK WIND IN M.P.H.

PRELIMINARY LOCAL CLIMATOLOGICAL DATA (WS FORM: F-6) , PAGE 2

                                          STATION:  WICHITA EISENHOWER NATIONAL
                                          MONTH:    MAY
                                          YEAR:     2017
                                          LATITUDE:   37 39 N
                                          LONGITUDE:  97 25 W

[TEMPERATURE DATA]      [PRECIPITATION DATA]       SYMBOLS USED IN COLUMN 16

AVERAGE MONTHLY: 65.0   TOTAL FOR MONTH:   4.30    1 = FOG OR MIST
DPTR FM NORMAL:  -0.2   DPTR FM NORMAL:    0.41    2 = FOG REDUCING VISIBILITY
HIGHEST:    88 ON 15    GRTST 24HR  1.46 ON 10-10      TO 1/4 MILE OR LESS
LOWEST:     40 ON  1                               3 = THUNDER
                        SNOW, ICE PELLETS, HAIL    4 = ICE PELLETS
                        TOTAL MONTH:   0.0 INCH    5 = HAIL
                        GRTST 24HR     0.0         6 = FREEZING RAIN OR DRIZZLE
                        GRTST DEPTH:   0           7 = DUSTSTORM OR SANDSTORM:
                                                       VSBY 1/2 MILE OR LESS
                                                   8 = SMOKE OR HAZE
[NO. OF DAYS WITH]      [WEATHER - DAYS WITH]      9 = BLOWING SNOW
                                                   X = TORNADO
MAX 32 OR BELOW:   0    0.01 INCH OR MORE:   8
MAX 90 OR ABOVE:   0    0.10 INCH OR MORE:   6
MIN 32 OR BELOW:   0    0.50 INCH OR MORE:   3
MIN  0 OR BELOW:   0    1.00 INCH OR MORE:   1

[HDD (BASE 65) ]
TOTAL THIS MO.    75    CLEAR  (SCALE 0-3)  11
DPTR FM NORMAL    -1    PTCLDY (SCALE 4-7)  11
TOTAL FM JUL 1  3584    CLOUDY (SCALE 8-10)  5
DPTR FM NORMAL -1000

[CDD (BASE 65) ]
TOTAL THIS MO.    84
DPTR FM NORMAL    -2    [PRESSURE DATA]
TOTAL FM JAN 1   129    HIGHEST SLP M ON M
DPTR FM NORMAL    17    LOWEST  SLP 29.32 ON 17

[REMARKS]
