000
CXUS53 KICT 300800
CF6ICT
PRELIMINARY LOCAL CLIMATOLOGICAL DATA (WS FORM: F-6)

                                          STATION:   WICHITA EISENHOWER NATIONAL
                                          MONTH:     MARCH
                                          YEAR:      2015
                                          LATITUDE:   37 39 N
                                          LONGITUDE:  97 25 W

  TEMPERATURE IN F:       :PCPN:    SNOW:  WIND      :SUNSHINE: SKY     :PK WND
================================================================================
1   2   3   4   5  6A  6B    7    8   9   10  11  12  13   14  15   16   17  18
                                     12Z  AVG MX 2MIN
DY MAX MIN AVG DEP HDD CDD  WTR  SNW DPTH SPD SPD DIR MIN PSBL S-S WX    SPD DR
================================================================================

 1  32  17  25 -17  40   0 0.06  0.1    4  4.4 15 330   M    M   8 12468  17 330
 2  35  14  25 -17  40   0 0.00  0.0    2  9.8 25 170   M    M   9 18     31 180
 3  52  32  42   0  23   0 0.00  0.0    1 15.6 26 190   M    M  10 1      35 190
 4  32  16  24 -19  41   0 0.08  1.0    1 13.8 28  20   M    M   9 14     35  20
 5  45  10  28 -15  37   0 0.00  0.0    0  7.3 15 190   M    M   1        23 260
 6  61  22  42  -1  23   0 0.00  0.0    0 12.8 22 230   M    M   1        28 230
 7  70  28  49   5  16   0 0.00  0.0    0  7.6 13 210   M    M   2        16 200
 8  69  38  54  10  11   0 0.00  0.0    0  7.0 15 190   M    M   6        18 200
 9  59  38  49   5  16   0 0.00  0.0    0  5.8 10 180   M    M   7 1      12 180
10  73  40  57  12   8   0 0.00  0.0    0  5.1 13 280   M    M   5 12     17 280
11  77  37  57  12   8   0 0.00  0.0    0  3.8 14 160   M    M   0        18 160
12  73  42  58  13   7   0 0.00  0.0    0  7.0 17 150   M    M   2        23 140
13  74  40  57  11   8   0 0.00  0.0    0 11.7 25  40   M    M   6        31  40
14  69  39  54   8  11   0 0.00  0.0    0 11.7 20  40   M    M   5        25  20
15  74  29  52   6  13   0 0.00  0.0    0  8.8 18 220   M    M   4        24 190
16  83  41  62  16   3   0 0.00  0.0    0 13.9 29 200   M    M   4 1      34 210
17  60  42  51   4  14   0 0.00  0.0    0 18.1 33  20   M    M   7        45  20
18  50  42  46  -1  19   0 0.02  0.0    0  8.5 15  80   M    M  10 18     18  50
19  48  40  44  -3  21   0 0.06  0.0    0  6.9 14  20   M    M   8 1      17 360
20  67  31  49   1  16   0 0.00  0.0    0  5.8 16 200   M    M   6 12     19 200
21  71  33  52   4  13   0 0.00  0.0    0  5.8 16 170   M    M   4 1      23 190
22  74  43  59  11   6   0 0.00  0.0    0  7.9 16 210   M    M   5 8      21 150
23  72  46  59  10   6   0    T  0.0    0 10.4 20  90   M    M   7 3      25 110
24  71  52  62  13   3   0 0.00  0.0    0 12.9 25 320   M    M   7        29 330
25  70  41  56   7   9   0 0.06  0.0    0 15.5 45  50   M    M  10 135    50  40
26  58  35  47  -3  18   0    T  0.0    0  9.4 22 350   M    M   4        26 350
27  51  37  44  -6  21   0 0.00  0.0    0 10.1 23  40   M    M   8        30  40
28  73  38  56   6   9   0    T  0.0    0 10.2 18 150   M    M   2 8      24  60
29  76  47  62  12   3   0 0.00  0.0    0 12.9 26 360   M    M   3 8      40 340
================================================================================
SM 1819 1010       463   0  0.28     1.1 280.5          M      160
================================================================================
AV 62.7 34.8                               9.7 FASTST   M    M   6    MAX(MPH)
                                 MISC ---->  # 45  50               # 50   40
================================================================================
NOTES:
# LAST OF SEVERAL OCCURRENCES

COLUMN 17 PEAK WIND IN M.P.H.

PRELIMINARY LOCAL CLIMATOLOGICAL DATA (WS FORM: F-6) , PAGE 2

                                          STATION:  WICHITA EISENHOWER NATIONAL
                                          MONTH:    MARCH
                                          YEAR:     2015
                                          LATITUDE:   37 39 N
                                          LONGITUDE:  97 25 W

[TEMPERATURE DATA]      [PRECIPITATION DATA]       SYMBOLS USED IN COLUMN 16

AVERAGE MONTHLY: 48.8   TOTAL FOR MONTH:   0.28    1 = FOG OR MIST
DPTR FM NORMAL:   2.6   DPTR FM NORMAL:   -2.21    2 = FOG REDUCING VISIBILITY
HIGHEST:    83 ON 16    GRTST 24HR  0.08 ON  4- 4      TO 1/4 MILE OR LESS
LOWEST:     10 ON  5                               3 = THUNDER
                        SNOW, ICE PELLETS, HAIL    4 = ICE PELLETS
                        TOTAL MONTH:   1.1 INCHES  5 = HAIL
                        GRTST 24HR   1.0 ON  4- 4  6 = FREEZING RAIN OR DRIZZLE
                        GRTST DEPTH:   4 ON  1     7 = DUSTSTORM OR SANDSTORM:
                                                       VSBY 1/2 MILE OR LESS
                                                   8 = SMOKE OR HAZE
[NO. OF DAYS WITH]      [WEATHER - DAYS WITH]      9 = BLOWING SNOW
                                                   X = TORNADO
MAX 32 OR BELOW:   2    0.01 INCH OR MORE:   5
MAX 90 OR ABOVE:   0    0.10 INCH OR MORE:   0
MIN 32 OR BELOW:   9    0.50 INCH OR MORE:   0
MIN  0 OR BELOW:   0    1.00 INCH OR MORE:   0

[HDD (BASE 65) ]
TOTAL THIS MO.   463    CLEAR  (SCALE 0-3)   7
DPTR FM NORMAL   -85    PTCLDY (SCALE 4-7)  15
TOTAL FM JUL 1  4028    CLOUDY (SCALE 8-10)  7
DPTR FM NORMAL  -160

[CDD (BASE 65) ]
TOTAL THIS MO.     0
DPTR FM NORMAL     0    [PRESSURE DATA]
TOTAL FM JAN 1     0    HIGHEST SLP M ON M
DPTR FM NORMAL     0    LOWEST  SLP 29.73 ON 24

[REMARKS]
