000
CXUS54 KFWD 300730
CF6ILE
PRELIMINARY LOCAL CLIMATOLOGICAL DATA (WS FORM: F-6)

                                          STATION:   KILLEEN SKYLARK
                                          MONTH:     AUGUST
                                          YEAR:      2015
                                          LATITUDE:   31  4 N
                                          LONGITUDE:  97 41 W

  TEMPERATURE IN F:       :PCPN:    SNOW:  WIND      :SUNSHINE: SKY     :PK WND
================================================================================
1   2   3   4   5  6A  6B    7    8   9   10  11  12  13   14  15   16   17  18
                                     12Z  AVG MX 2MIN
DY MAX MIN AVG DEP HDD CDD  WTR  SNW DPTH SPD SPD DIR MIN PSBL S-S WX    SPD DR
================================================================================

 1  95  72  84   0   0  19 0.00  0.0    0  5.7 12  70   M    M   0         M  M
 2  97  73  85   1   0  20 0.00  0.0    0  3.7  9 100   M    M   1         M  M
 3  99  75  87   3   0  22 0.00  0.0    0  6.4 13 140   M    M   0        17 110
 4  99  75  87   3   0  22 0.00  0.0    0  9.7 13 150   M    M   1        20 150
 5 100  79  90   6   0  25 0.00  0.0    0 10.7 15 190   M    M   0        21 170
 6 102  75  89   5   0  24 0.00  0.0    0 11.1 17 190   M    M   0        21 190
 7 100  75  88   4   0  23 0.00  0.0    0 10.2 15 160   M    M   0        20 160
 8 100  75  88   4   0  23 0.00  0.0    0  9.3 14 170   M    M   1        21 180
 9 104  73  89   5   0  24 0.00  0.0    0  9.0 15 180   M    M   0        18 180
10 104  73  89   5   0  24 0.00  0.0    0  5.3  8 240   M    M   0         M  M
11 102  88  95  11   0  30 0.00  0.0    0  4.7 10  50   M    M   0         M  M
12 102  79  91   7   0  26 0.00  0.0    0  6.6 14  50   M    M   0        17  20
13 100  79  90   6   0  25 0.00  0.0    0  6.6 12  70   M    M   0        16  30
14  99  79  89   5   0  24 0.00  0.0    0  6.3 12 120   M    M   0        17  60
15  97  79  88   4   0  23 0.00  0.0    0  5.3 12  80   M    M   1         M  M
16  97  70  84   0   0  19 0.00  0.0    0  4.9 15 140   M    M   0        20 140
17  97  73  85   1   0  20 0.00  0.0    0  6.9 12 130   M    M   1        18 130
18  99  75  87   3   0  22 0.00  0.0    0 11.1 16 160   M    M   1        24 160
19  97  75  86   2   0  21 0.00  0.0    0 10.9 18 180   M    M   1 3      25 180
20  79  70  75  -9   0  10 0.05  0.0    0  8.7 13  10   M    M   5         M  M
21  90  70  80  -4   0  15 0.01  0.0    0  8.4 14 160   M    M   2        18 150
22  99  75  87   3   0  22 0.00  0.0    0 11.5 16 170   M    M   2        30 170
23 100  75  88   4   0  23 0.00  0.0    0  9.0 14 190   M    M   0        18 190
24 100  75  88   5   0  23 0.00  0.0    0  5.7 13 140   M    M   0         M  M
25  97  70  84   1   0  19 2.20  0.0    0  4.5  8 230   M    M   0 3      31 150
26  93  72  83   0   0  18 0.00  0.0    0  3.6  7 100   M    M   1         M  M
27  95  70  83   0   0  18 0.00  0.0    0  4.2  8 150   M    M   0         M  M
28  97  68  83   0   0  18 0.00  0.0    0  6.5 13 140   M    M   0        16 120
29  95  72  84   2   0  19 0.00  0.0    0  6.0  9 140   M    M   0         M  M
================================================================================
SM 2835 2159         0 621  2.26     0.0 212.5          M       17
================================================================================
AV 97.8 74.4                               7.3 FASTST   M    M   1    MAX(MPH)
                                 MISC ---->    18   M                 31    M
================================================================================
NOTES:
# LAST OF SEVERAL OCCURRENCES

COLUMN 17 PEAK WIND IN M.P.H.

PRELIMINARY LOCAL CLIMATOLOGICAL DATA (WS FORM: F-6) , PAGE 2

                                          STATION:  KILLEEN SKYLARK
                                          MONTH:    AUGUST
                                          YEAR:     2015
                                          LATITUDE:   31  4 N
                                          LONGITUDE:  97 41 W

[TEMPERATURE DATA]      [PRECIPITATION DATA]       SYMBOLS USED IN COLUMN 16

AVERAGE MONTHLY: 86.1   TOTAL FOR MONTH:   2.26    1 = FOG OR MIST
DPTR FM NORMAL:   2.3   DPTR FM NORMAL:    0.56    2 = FOG REDUCING VISIBILITY
HIGHEST:   104 ON 10, 9 GRTST 24HR  2.20 ON 25-25      TO 1/4 MILE OR LESS
LOWEST:     68 ON 28                               3 = THUNDER
                        SNOW, ICE PELLETS, HAIL    4 = ICE PELLETS
                        TOTAL MONTH:   0.0 INCH    5 = HAIL
                        GRTST 24HR     0.0         6 = FREEZING RAIN OR DRIZZLE
                        GRTST DEPTH:   0           7 = DUSTSTORM OR SANDSTORM:
                                                       VSBY 1/2 MILE OR LESS
                                                   8 = SMOKE OR HAZE
[NO. OF DAYS WITH]      [WEATHER - DAYS WITH]      9 = BLOWING SNOW
                                                   X = TORNADO
MAX 32 OR BELOW:   0    0.01 INCH OR MORE:   3
MAX 90 OR ABOVE:  28    0.10 INCH OR MORE:   1
MIN 32 OR BELOW:   0    0.50 INCH OR MORE:   1
MIN  0 OR BELOW:   0    1.00 INCH OR MORE:   1

[HDD (BASE 65) ]
TOTAL THIS MO.     0    CLEAR  (SCALE 0-3)  28
DPTR FM NORMAL     0    PTCLDY (SCALE 4-7)   1
TOTAL FM JUL 1     0    CLOUDY (SCALE 8-10)  0
DPTR FM NORMAL     0

[CDD (BASE 65) ]
TOTAL THIS MO.   621
DPTR FM NORMAL    77    [PRESSURE DATA]
TOTAL FM JAN 1  2102    HIGHEST SLP M ON M
DPTR FM NORMAL   158    LOWEST  SLP M ON M

[REMARKS]
