000
CXUS52 KILM 291000
CF6ILM
PRELIMINARY LOCAL CLIMATOLOGICAL DATA (WS FORM: F-6)

                                          STATION:   WILMINGTON NC
                                          MONTH:     JULY
                                          YEAR:      2015
                                          LATITUDE:   34 16 N
                                          LONGITUDE:  77 55 W

  TEMPERATURE IN F:       :PCPN:    SNOW:  WIND      :SUNSHINE: SKY     :PK WND
================================================================================
1   2   3   4   5  6A  6B    7    8   9   10  11  12  13   14  15   16   17  18
                                     12Z  AVG MX 2MIN
DY MAX MIN AVG DEP HDD CDD  WTR  SNW DPTH SPD SPD DIR MIN PSBL S-S WX    SPD DR
================================================================================

 1  88  73  81   0   0  16 0.00  0.0    0  8.7 15 240   M    M   1        20 260
 2  91  72  82   1   0  17 0.01  0.0    0 12.6 28 240   M    M   1        33 230
 3  86  72  79  -2   0  14 0.19  0.0    0  8.4 18 180   M    M   5 138    23 230
 4  93  74  84   3   0  19 0.00  0.0    0 13.2 26 240   M    M   0        33 240
 5  91  75  83   2   0  18 0.00  0.0    0  9.2 18 230   M    M   1        23 180
 6  90  76  83   2   0  18    T  0.0    0  7.7 17 180   M    M   0 3      21 190
 7  91  74  83   2   0  18 0.00  0.0    0  8.7 20 180   M    M   1        27 190
 8  91  77  84   3   0  19 0.00  0.0    0  9.6 16 240   M    M   0        21 250
 9  97  77  87   6   0  22 0.00  0.0    0 10.0 16 220   M    M   0        22 240
10  99  77  88   7   0  23 0.00  0.0    0  8.5 14 290   M    M   0        20 250
11  98  77  88   7   0  23 0.00  0.0    0  9.0 21  40   M    M   1        24  40
12  90  71  81   0   0  16 0.00  0.0    0  6.0 13 330   M    M   3        17 320
13  88  71  80  -1   0  15 1.11  0.0    0  5.7 26  30   M    M   4 13     36  40
14  92  73  83   2   0  18 0.09  0.0    0  8.9 21 330   M    M   1 13     26 340
15  92  78  85   4   0  20 0.00  0.0    0  9.2 21 260   M    M   1        25 260
16  88  74  81   0   0  16    T  0.0    0  6.3 14  90   M    M   2 1      17 100
17  89  73  81   0   0  16 0.00  0.0    0  6.1 13 110   M    M   1        16 120
18  92  71  82   1   0  17    T  0.0    0  3.7 14 170   M    M   2 12     17 130
19  95  77  86   5   0  21 0.00  0.0    0  7.0 17 210   M    M   1        22 230
20  96  77  87   6   0  22 0.00  0.0    0  9.0 17 200   M    M   0        22 200
21  99  81  90   9   0  25 0.01  0.0    0 11.2 18 210   M    M   1 3      30 230
22  94  78  86   5   0  21 0.02  0.0    0  5.5 14 300   M    M   3 3      19 300
23  91  73  82   1   0  17 1.57  0.0    0  6.8 33 320   M    M   5 138    42 320
24  88  72  80  -1   0  15    T  0.0    0  6.5 15  50   M    M   7 1      22  60
25  86  65  76  -5   0  11 0.00  0.0    0  7.0 16  30   M    M   0        22  30
26  87  67  77  -4   0  12 0.00  0.0    0  8.1 17  90   M    M   4        23 110
27  88  73  81   0   0  16    T  0.0    0  7.2 15 120   M    M   4        21 110
28  88  71  80  -1   0  15 0.00  0.0    0  6.2 15  70   M    M   1        19  90
================================================================================
SM 2558 2069         0 500  3.00     0.0 226.0          M       50
================================================================================
AV 91.4 73.9                               8.1 FASTST   M    M   2    MAX(MPH)
                                 MISC ---->  # 33 320               # 42  320
================================================================================
NOTES:
# LAST OF SEVERAL OCCURRENCES

COLUMN 17 PEAK WIND IN M.P.H.

PRELIMINARY LOCAL CLIMATOLOGICAL DATA (WS FORM: F-6) , PAGE 2

                                          STATION:  WILMINGTON NC
                                          MONTH:    JULY
                                          YEAR:     2015
                                          LATITUDE:   34 16 N
                                          LONGITUDE:  77 55 W

[TEMPERATURE DATA]      [PRECIPITATION DATA]       SYMBOLS USED IN COLUMN 16

AVERAGE MONTHLY: 82.6   TOTAL FOR MONTH:   3.00    1 = FOG OR MIST
DPTR FM NORMAL:   1.6   DPTR FM NORMAL:   -3.73    2 = FOG REDUCING VISIBILITY
HIGHEST:    99 ON 21,10 GRTST 24HR  1.58 ON 22-23      TO 1/4 MILE OR LESS
LOWEST:     65 ON 25                               3 = THUNDER
                        SNOW, ICE PELLETS, HAIL    4 = ICE PELLETS
                        TOTAL MONTH:   0.0 INCH    5 = HAIL
                        GRTST 24HR     0.0         6 = FREEZING RAIN OR DRIZZLE
                        GRTST DEPTH:   0           7 = DUSTSTORM OR SANDSTORM:
                                                       VSBY 1/2 MILE OR LESS
                                                   8 = SMOKE OR HAZE
[NO. OF DAYS WITH]      [WEATHER - DAYS WITH]      9 = BLOWING SNOW
                                                   X = TORNADO
MAX 32 OR BELOW:   0    0.01 INCH OR MORE:   7
MAX 90 OR ABOVE:  18    0.10 INCH OR MORE:   3
MIN 32 OR BELOW:   0    0.50 INCH OR MORE:   2
MIN  0 OR BELOW:   0    1.00 INCH OR MORE:   2

[HDD (BASE 65) ]
TOTAL THIS MO.     0    CLEAR  (SCALE 0-3)  22
DPTR FM NORMAL     0    PTCLDY (SCALE 4-7)   6
TOTAL FM JUL 1     0    CLOUDY (SCALE 8-10)  0
DPTR FM NORMAL     0

[CDD (BASE 65) ]
TOTAL THIS MO.   500
DPTR FM NORMAL    52    [PRESSURE DATA]
TOTAL FM JAN 1  1287    HIGHEST SLP M ON M
DPTR FM NORMAL   173    LOWEST  SLP 29.68 ON 14

[REMARKS]
