000
CXUS55 KLBF 251200
CF6IML
PRELIMINARY LOCAL CLIMATOLOGICAL DATA (WS FORM: F-6)

                                          STATION:   IMPERIAL
                                          MONTH:     FEBRUARY
                                          YEAR:      2017
                                          LATITUDE:   40 31 N
                                          LONGITUDE: 101 37 W

  TEMPERATURE IN F:       :PCPN:    SNOW:  WIND      :SUNSHINE: SKY     :PK WND
================================================================================
1   2   3   4   5  6A  6B    7    8   9   10  11  12  13   14  15   16   17  18
                                     12Z  AVG MX 2MIN
DY MAX MIN AVG DEP HDD CDD  WTR  SNW DPTH SPD SPD DIR MIN PSBL S-S WX    SPD DR
================================================================================

 1  30  22  26  -3  39   0 0.00    M    M 10.3 18  40   M    M  10        22  40
 2  22  16  19 -10  46   0    T    M    M  9.9 17 160   M    M  10 18     21 150
 3  33  19  26  -3  39   0    T    M    M 12.4 22 180   M    M   5 1      28 190
 4  63  17  40  10  25   0 0.00    M    M 12.6 33 310   M    M   0 18     43 300
 5  60  24  42  12  23   0 0.00    M    M  8.5 20 200   M    M   0        25 190
 6  54  29  42  12  23   0 0.00    M    M  5.8 15 280   M    M   0        20 320
 7  45  18  32   2  33   0 0.00    M    M 11.2 24  30   M    M   3        29  30
 8  32  16  24  -6  41   0 0.00    M    M  6.9 15  40   M    M   4        19  30
 9  55  19  37   7  28   0 0.00    M    M  9.8 18 160   M    M   0        23 160
10  77  32  55  25  10   0 0.00    M    M  6.5 15 110   M    M   0        19 120
11  55  31  43  13  22   0 0.00    M    M  9.4 31  20   M    M   2        39  20
12  47  23  35   4  30   0 0.00    M    M  7.8 15 340   M    M   0        18 340
13  53  24  39   8  26   0 0.00    M    M  7.3 16 350   M    M   0        18 350
14  53  24  39   8  26   0 0.00    M    M 13.1 29 360   M    M   0        35 360
15  63  21  42  11  23   0 0.00    M    M  9.2 17 240   M    M   0        23 240
16  74  34  54  22  11   0 0.00    M    M  9.8 18 300   M    M   0 8      26 290
17  68  30  49  17  16   0 0.00    M    M 11.2 32 350   M    M   0        38 350
18  63  26  45  13  20   0 0.00    M    M  7.9 20 150   M    M   0        23 150
19  68  44  56  24   9   0 0.00    M    M 14.3 31 160   M    M   1        39 160
20  63  36  50  17  15   0    T    M    M 14.0 35 320   M    M   1        42 330
21  78  33  56  23   9   0 0.00    M    M  9.2 25 280   M    M   0 8      32 280
22  64  34  49  16  16   0 0.00    M    M 10.4 31 310   M    M   0        44 300
23  37  23  30  -4  35   0 0.06    M    0 18.4 24  50   M    M   9 16     30 360
24  27  12  20 -14  45   0    T    M    M 14.6 28 360   M    M   7 18     33 360
================================================================================
SM 1284  607       610   0  0.06    M    250.5          M       52
================================================================================
AV 53.5 25.3                              10.4 FASTST   M    M   2    MAX(MPH)
                                 MISC ---->  # 35 320               # 44  300
================================================================================
NOTES:
# LAST OF SEVERAL OCCURRENCES

COLUMN 17 PEAK WIND IN M.P.H.

PRELIMINARY LOCAL CLIMATOLOGICAL DATA (WS FORM: F-6) , PAGE 2

                                          STATION:  IMPERIAL
                                          MONTH:    FEBRUARY
                                          YEAR:     2017
                                          LATITUDE:   40 31 N
                                          LONGITUDE: 101 37 W

[TEMPERATURE DATA]      [PRECIPITATION DATA]       SYMBOLS USED IN COLUMN 16

AVERAGE MONTHLY: 39.4   TOTAL FOR MONTH:   0.06    1 = FOG OR MIST
DPTR FM NORMAL:   8.3   DPTR FM NORMAL:   -0.25    2 = FOG REDUCING VISIBILITY
HIGHEST:    78 ON 21    GRTST 24HR  0.06 ON 23-23      TO 1/4 MILE OR LESS
LOWEST:     12 ON 24                               3 = THUNDER
                        SNOW, ICE PELLETS, HAIL    4 = ICE PELLETS
                        TOTAL MONTH:    M          5 = HAIL
                        GRTST 24HR    M  ON   M    6 = FREEZING RAIN OR DRIZZLE
                        GRTST DEPTH:   0           7 = DUSTSTORM OR SANDSTORM:
                                                       VSBY 1/2 MILE OR LESS
                                                   8 = SMOKE OR HAZE
[NO. OF DAYS WITH]      [WEATHER - DAYS WITH]      9 = BLOWING SNOW
                                                   X = TORNADO
MAX 32 OR BELOW:   4    0.01 INCH OR MORE:   1
MAX 90 OR ABOVE:   0    0.10 INCH OR MORE:   0
MIN 32 OR BELOW:  19    0.50 INCH OR MORE:   0
MIN  0 OR BELOW:   0    1.00 INCH OR MORE:   0

[HDD (BASE 65) ]
TOTAL THIS MO.   610    CLEAR  (SCALE 0-3)  18
DPTR FM NORMAL  -205    PTCLDY (SCALE 4-7)   3
TOTAL FM JUL 1  3939    CLOUDY (SCALE 8-10)  3
DPTR FM NORMAL  -529

[CDD (BASE 65) ]
TOTAL THIS MO.     0
DPTR FM NORMAL     0    [PRESSURE DATA]
TOTAL FM JAN 1     0    HIGHEST SLP M ON M
DPTR FM NORMAL     0    LOWEST  SLP 29.51 ON  6

[REMARKS]
