088
CXUS53 KIND 310730
CF6IND
PRELIMINARY LOCAL CLIMATOLOGICAL DATA (WS FORM: F-6)

                                          STATION:   INDIANAPOLIS IN
                                          MONTH:     MAY
                                          YEAR:      2016
                                          LATITUDE:   39 43 N
                                          LONGITUDE:  86 17 W

  TEMPERATURE IN F:       :PCPN:    SNOW:  WIND      :SUNSHINE: SKY     :PK WND
================================================================================
1   2   3   4   5  6A  6B    7    8   9   10  11  12  13   14  15   16   17  18
                                     12Z  AVG MX 2MIN
DY MAX MIN AVG DEP HDD CDD  WTR  SNW DPTH SPD SPD DIR MIN PSBL S-S WX    SPD DR
================================================================================

 1  77  55  66   8   0   1 1.21    T    0  5.3 45 230   M    M   7 135    74 260
 2  59  51  55  -3  10   0 0.08  0.0    0  8.2  M   M   M    M  10 18      M  M
 3  63  50  57  -2   8   0 0.28  0.0    0  7.3 14 340   M    M   9 1      18 330
 4  57  43  50  -9  15   0 0.08  0.0    0 14.3 28 330   M    M   9 1      33 330
 5  63  41  52  -7  13   0 0.02  0.0    0 12.8 23 310   M    M   M 1      30 310
 6  72  43  58  -2   7   0 0.00  0.0    0  7.9 16 310   M    M   3        20 300
 7  74  50  62   2   3   0 0.02  0.0    0 11.5 26 280   M    M   7        35 280
 8  61  43  52  -8  13   0 0.17  0.0    0  5.1 12  70   M    M   7 1      17 170
 9  62  52  57  -3   8   0 0.37  0.0    0 11.1 16  90   M    M  10 1      20  90
10  72  59  66   5   0   1 0.11  0.0    0 11.5 20 170   M    M   8 1      26 110
11  82  61  72  11   0   7 0.11  0.0    0  3.8 25 280   M    M   9 138    32 290
12  75  56  66   5   0   1 0.32  0.0    0 10.2 22 230   M    M   9 1      25 250
13  68  49  59  -3   6   0 0.07  0.0    0 10.7 20 310   M    M   4        25 270
14  56  41  49 -13  16   0 0.25  0.0    0 15.1 29 320   M    M   9 1      37 320
15  58  39  49 -13  16   0 0.00  0.0    0 10.4 24 310   M    M   5        30 320
16  62  36  49 -14  16   0 0.00  0.0    0  7.3 16 200   M    M   M        25 170
17  57  50  54  -9  11   0 0.12  0.0    0  5.9 14  60   M    M  10 1      18  60
18  69  52  61  -2   4   0    T  0.0    0  9.2 16  50   M    M   6 1      22  50
19  71  45  58  -6   7   0 0.00  0.0    0  6.2 18  50   M    M   3        22  50
20  68  56  62  -2   3   0 0.09  0.0    0  9.8 18  80   M    M  10 1      24  70
21  73  55  64   0   1   0 0.21  0.0    0 10.4 21  10   M    M   7 1      24 320
22  81  47  64   0   1   0 0.00  0.0    0 10.3 23 340   M    M   2        30 350
23  78  50  64  -1   1   0 0.00  0.0    0  5.8 13 170   M    M   1        17  80
24  82  54  68   3   0   3 0.00  0.0    0  6.9 17 220   M    M   5 8      21 220
25  84  65  75   9   0  10 0.00  0.0    0 11.2 22 210   M    M   8        26 210
26  77  65  71   5   0   6 0.23  0.0    0  9.1 21 250   M    M   9 13     25 250
27  85  65  75   9   0  10 0.00  0.0    0 10.7 23 180   M    M   7        29 180
28  83  71  77  11   0  12    T  0.0    0 12.7 24 180   M    M   8        29 180
29  85  68  77  10   0  12    T  0.0    0  8.5 17 230   M    M   6 3      22 230
30  86  61  74   7   0   9 0.00  0.0    0  4.6 12 210   M    M   7        14 200
================================================================================
SM 2140 1573       159  72  3.74    T    273.8          M      195
================================================================================
AV 71.3 52.4                               9.1 FASTST   M    M   7    MAX(MPH)
                                 MISC ---->  # 45 230               # 74  260
================================================================================
NOTES:
# LAST OF SEVERAL OCCURRENCES

COLUMN 17 PEAK WIND IN M.P.H.

PRELIMINARY LOCAL CLIMATOLOGICAL DATA (WS FORM: F-6) , PAGE 2

                                          STATION:  INDIANAPOLIS IN
                                          MONTH:    MAY
                                          YEAR:     2016
                                          LATITUDE:   39 43 N
                                          LONGITUDE:  86 17 W

[TEMPERATURE DATA]      [PRECIPITATION DATA]       SYMBOLS USED IN COLUMN 16

AVERAGE MONTHLY: 61.9   TOTAL FOR MONTH:   3.74    1 = FOG OR MIST
DPTR FM NORMAL:  -0.6   DPTR FM NORMAL:   -1.15    2 = FOG REDUCING VISIBILITY
HIGHEST:    86 ON 30    GRTST 24HR  1.23 ON 30- 1      TO 1/4 MILE OR LESS
LOWEST:     36 ON 16                               3 = THUNDER
                        SNOW, ICE PELLETS, HAIL    4 = ICE PELLETS
                        TOTAL MONTH:    T          5 = HAIL
                        GRTST 24HR    T  ON  1- 1  6 = FREEZING RAIN OR DRIZZLE
                        GRTST DEPTH:   0           7 = DUSTSTORM OR SANDSTORM:
                                                       VSBY 1/2 MILE OR LESS
                                                   8 = SMOKE OR HAZE
[NO. OF DAYS WITH]      [WEATHER - DAYS WITH]      9 = BLOWING SNOW
                                                   X = TORNADO
MAX 32 OR BELOW:   0    0.01 INCH OR MORE:  17
MAX 90 OR ABOVE:   0    0.10 INCH OR MORE:  11
MIN 32 OR BELOW:   0    0.50 INCH OR MORE:   1
MIN  0 OR BELOW:   0    1.00 INCH OR MORE:   1

[HDD (BASE 65) ]
TOTAL THIS MO.   159    CLEAR  (SCALE 0-3)   4
DPTR FM NORMAL    20    PTCLDY (SCALE 4-7)  13
TOTAL FM JUL 1  4444    CLOUDY (SCALE 8-10) 11
DPTR FM NORMAL  -917

[CDD (BASE 65) ]
TOTAL THIS MO.    72
DPTR FM NORMAL     7    [PRESSURE DATA]
TOTAL FM JAN 1    90    HIGHEST SLP  0.00 ON M
DPTR FM NORMAL    10    LOWEST  SLP 29.64 ON  4

[REMARKS]
