000
CXUS55 KDVN 291100
CF6IOW
PRELIMINARY LOCAL CLIMATOLOGICAL DATA (WS FORM: F-6)

                                          STATION:   IOWA CITY IA
                                          MONTH:     MARCH
                                          YEAR:      2015
                                          LATITUDE:   41 37 N
                                          LONGITUDE:  91 33 W

  TEMPERATURE IN F:       :PCPN:    SNOW:  WIND      :SUNSHINE: SKY     :PK WND
================================================================================
1   2   3   4   5  6A  6B    7    8   9   10  11  12  13   14  15   16   17  18
                                     12Z  AVG MX 2MIN
DY MAX MIN AVG DEP HDD CDD  WTR  SNW DPTH SPD SPD DIR MIN PSBL S-S WX    SPD DR
================================================================================

 1  28   4  16 -15  49   0 0.00    M    M  5.5 16 260   M    M   6 18     20 260
 2  28   5  17 -15  48   0 0.00    M    M  6.4 13 130   M    M   4 8      16 140
 3  35  15  25  -7  40   0 0.18    M    M 13.9 25 310   M    M   9 16     33 310
 4  19  10  15 -18  50   0 0.00    M    M 11.7 22 320   M    M   3        27 310
 5  13  -2   6 -27  59   0 0.00    M    M  7.2 15 310   M    M   0        19 340
 6  41   2  22 -12  43   0 0.00    M    M  6.5 15 210   M    M   2        20 170
 7  45  25  35   1  30   0 0.00    M    M  6.3 23 300   M    M   2        29 320
 8  50  26  38   3  27   0 0.00    M    M  2.3  9 300   M    M   4 1      12 130
 9  53  23  38   3  27   0 0.00    M    M  2.9 12 130   M    M   0 1      14 140
10  61  31  46  10  19   0 0.00    M    M  2.6 10 190   M    M   4 128    13 200
11  58  31  45   9  20   0 0.00    M    M  5.8 13  30   M    M   0 1      17  20
12  61  29  45   8  20   0 0.00    M    M  6.5 20 150   M    M   0 18     23 140
13  69  29  49  12  16   0 0.00    M    M  5.7 18 350   M    M   2 128    25 340
14  63  31  47   9  18   0 0.00    M    M 10.3 20 300   M    M   0 8      24 290
15  66  27  47   9  18   0 0.00    M    M  7.3 23 200   M    M   0        31 210
16  82  35  59  20   6   0 0.00    M    M 11.1 24 360   M    M   0        32 350
17  51  38  45   6  20   0 0.00    M    M 12.4 24 360   M    M   1        33 350
18  49  36  43   3  22   0 0.00    M    M  6.8 13 120   M    M   5        16 130
19  45  31  38  -2  27   0 0.00    M    M  5.3 15 140   M    M   7        17 150
20  60  27  44   3  21   0 0.00    M    M  5.8 17 270   M    M   1 1      20 270
21  58  38  48   7  17   0 0.00    M    M  8.5 18 350   M    M   0        23 340
22  51  32  42   0  23   0    T    M    M 13.3 22 100   M    M   3        28 110
23  36  30  33  -9  32   0 0.23    M    M 11.7 21  90   M    M  10 1368   30 110
24  40  30  35  -8  30   0 0.07    M    M 11.9 20  80   M    M   8 18     26  80
25  50  33  42  -1  23   0 0.00    M    M 11.4 21 310   M    M   8 1      25 300
26  47  29  38  -6  27   0 0.00    M    M 13.8 26 310   M    M   1        37 320
27  39  24  32 -12  33   0 0.00    M    M  7.3 18  40   M    M   2        24  40
28  44  20  32 -12  33   0 0.00    M    M  7.9 17 130   M    M   0        21 130
================================================================================
SM 1342  689       798   0  0.48    M    228.1          M       82
================================================================================
AV 47.9 24.6                               8.1 FASTST   M    M   3    MAX(MPH)
                                 MISC ---->  # 26 310               # 37  320
================================================================================
NOTES:
# LAST OF SEVERAL OCCURRENCES

COLUMN 17 PEAK WIND IN M.P.H.

PRELIMINARY LOCAL CLIMATOLOGICAL DATA (WS FORM: F-6) , PAGE 2

                                          STATION:  IOWA CITY IA
                                          MONTH:    MARCH
                                          YEAR:     2015
                                          LATITUDE:   41 37 N
                                          LONGITUDE:  91 33 W

[TEMPERATURE DATA]      [PRECIPITATION DATA]       SYMBOLS USED IN COLUMN 16

AVERAGE MONTHLY: 36.3   TOTAL FOR MONTH:   0.48    1 = FOG OR MIST
DPTR FM NORMAL:  -1.7   DPTR FM NORMAL:   -1.52    2 = FOG REDUCING VISIBILITY
HIGHEST:    82 ON 16    GRTST 24HR  0.23 ON 23-23      TO 1/4 MILE OR LESS
LOWEST:     -2 ON  5                               3 = THUNDER
                        SNOW, ICE PELLETS, HAIL    4 = ICE PELLETS
                        TOTAL MONTH:    M          5 = HAIL
                        GRTST 24HR    M  ON   M    6 = FREEZING RAIN OR DRIZZLE
                        GRTST DEPTH:  M  ON   M    7 = DUSTSTORM OR SANDSTORM:
                                                       VSBY 1/2 MILE OR LESS
                                                   8 = SMOKE OR HAZE
[NO. OF DAYS WITH]      [WEATHER - DAYS WITH]      9 = BLOWING SNOW
                                                   X = TORNADO
MAX 32 OR BELOW:   4    0.01 INCH OR MORE:   3
MAX 90 OR ABOVE:   0    0.10 INCH OR MORE:   2
MIN 32 OR BELOW:  23    0.50 INCH OR MORE:   0
MIN  0 OR BELOW:   1    1.00 INCH OR MORE:   0

[HDD (BASE 65) ]
TOTAL THIS MO.   798    CLEAR  (SCALE 0-3)  17
DPTR FM NORMAL    40    PTCLDY (SCALE 4-7)   8
TOTAL FM JUL 1  6163    CLOUDY (SCALE 8-10)  3
DPTR FM NORMAL   455

[CDD (BASE 65) ]
TOTAL THIS MO.     0
DPTR FM NORMAL     0    [PRESSURE DATA]
TOTAL FM JAN 1     0    HIGHEST SLP M ON M
DPTR FM NORMAL     0    LOWEST  SLP 29.69 ON  3

[REMARKS]
