000
CXUS55 KCTP 221131
CF6IPT
PRELIMINARY LOCAL CLIMATOLOGICAL DATA (WS FORM: F-6)

                                          STATION:   WILLIAMSPORT PA
                                          MONTH:     MAY
                                          YEAR:      2015
                                          LATITUDE:   41 15 N
                                          LONGITUDE:  76 55 W

  TEMPERATURE IN F:       :PCPN:    SNOW:  WIND      :SUNSHINE: SKY     :PK WND
================================================================================
1   2   3   4   5  6A  6B    7    8   9   10  11  12  13   14  15   16   17  18
                                     12Z  AVG MX 2MIN
DY MAX MIN AVG DEP HDD CDD  WTR  SNW DPTH SPD SPD DIR MIN PSBL S-S WX    SPD DR
================================================================================

 1  63  49  56   1   9   0    T  0.0    0  4.2 13  70   M    M   9        18 170
 2  78  45  62   6   3   0 0.00  0.0    0  4.1 13 330   M    M   3        17 330
 3  80  43  62   6   3   0 0.00  0.0    0  3.4 14 250   M    M   1        16 260
 4  86  47  67  11   0   2 0.00  0.0    0  4.8 23 260   M    M   3        31 270
 5  77  60  69  13   0   4    T  0.0    0  3.7  8  10   M    M   6 8      12 350
 6  63  55  59   2   6   0 0.20  0.0    0  3.0 12  80   M    M   9 1      14  90
 7  79  52  66   9   0   1 0.00  0.0    0  3.5 12 160   M    M   4 1      17 130
 8  88  55  72  15   0   7 0.00  0.0    0  5.1 20 170   M    M   0 1      27 160
 9  82  62  72  14   0   7 0.00  0.0    0  8.7 20 150   M    M   0        26 160
10  86  59  73  15   0   8 0.00  0.0    0  5.8 17 160   M    M   1        27 160
11  86  65  76  18   0  11    T  0.0    0  8.1 25 180   M    M   3        32 180
12  83  57  70  12   0   5 0.04  0.0    0 13.3 30 260   M    M   6 1      41 220
13  61  43  52  -7  13   0 0.00  0.0    0 10.0 21 300   M    M   8        29 290
14  71  38  55  -4  10   0 0.00  0.0    0  3.7 12 240   M    M   0        14 280
15  73  46  60   1   5   0 0.03  0.0    0  5.3 16 110   M    M   3        22 130
16  82  58  70  10   0   5 0.26  0.0    0  3.2 12 150   M    M   7 138    14 240
17  83  63  73  13   0   8 0.00  0.0    0  2.1 10 170   M    M   7 128    12 200
18  86  64  75  15   0  10 1.07  0.0    0  4.9 18  50   M    M   6 138    23  40
19  87  57  72  11   0   7 0.02  0.0    0  9.6 23 250   M    M   5 18     29 250
20  62  46  54  -7  11   0 0.00  0.0    0  9.0 18 320   M    M   5 8      26 300
21  57  47  52  -9  13   0 0.03  0.0    0  4.0 12 270   M    M   9        17 260
================================================================================
SM 1613 1111        73  75  1.65     0.0 119.5          M       95
================================================================================
AV 76.8 52.9                               5.7 FASTST   M    M   5    MAX(MPH)
                                 MISC ---->  # 30 260               # 41  220
================================================================================
NOTES:
# LAST OF SEVERAL OCCURRENCES

COLUMN 17 PEAK WIND IN M.P.H.

PRELIMINARY LOCAL CLIMATOLOGICAL DATA (WS FORM: F-6) , PAGE 2

                                          STATION:  WILLIAMSPORT PA
                                          MONTH:    MAY
                                          YEAR:     2015
                                          LATITUDE:   41 15 N
                                          LONGITUDE:  76 55 W

[TEMPERATURE DATA]      [PRECIPITATION DATA]       SYMBOLS USED IN COLUMN 16

AVERAGE MONTHLY: 64.9   TOTAL FOR MONTH:   1.65    1 = FOG OR MIST
DPTR FM NORMAL:   6.7   DPTR FM NORMAL:   -0.79    2 = FOG REDUCING VISIBILITY
HIGHEST:    88 ON  8    GRTST 24HR  1.09 ON 18-19      TO 1/4 MILE OR LESS
LOWEST:     38 ON 14                               3 = THUNDER
                        SNOW, ICE PELLETS, HAIL    4 = ICE PELLETS
                        TOTAL MONTH:   0.0 INCH    5 = HAIL
                        GRTST 24HR     0.0         6 = FREEZING RAIN OR DRIZZLE
                        GRTST DEPTH:   0           7 = DUSTSTORM OR SANDSTORM:
                                                       VSBY 1/2 MILE OR LESS
                                                   8 = SMOKE OR HAZE
[NO. OF DAYS WITH]      [WEATHER - DAYS WITH]      9 = BLOWING SNOW
                                                   X = TORNADO
MAX 32 OR BELOW:   0    0.01 INCH OR MORE:   7
MAX 90 OR ABOVE:   0    0.10 INCH OR MORE:   3
MIN 32 OR BELOW:   0    0.50 INCH OR MORE:   1
MIN  0 OR BELOW:   0    1.00 INCH OR MORE:   1

[HDD (BASE 65) ]
TOTAL THIS MO.    73    CLEAR  (SCALE 0-3)   8
DPTR FM NORMAL   -88    PTCLDY (SCALE 4-7)   9
TOTAL FM JUL 1  6134    CLOUDY (SCALE 8-10)  4
DPTR FM NORMAL   218

[CDD (BASE 65) ]
TOTAL THIS MO.    75
DPTR FM NORMAL    59    [PRESSURE DATA]
TOTAL FM JAN 1    75    HIGHEST SLP M ON M
DPTR FM NORMAL    54    LOWEST  SLP 29.77 ON M

[REMARKS]
